D/IPCThreadState( 1476): [DN #5] BR_CLEAR_DEATH_NOTIFICATION_DONE cookie 0x5916cac0
D/IPCThreadState( 1476): [DN #5] BR_CLEAR_DEATH_NOTIFICATION_DONE cookie 0x5cb67170
D/IPCThreadState( 1476): [DN #5] BR_CLEAR_DEATH_NOTIFICATION_DONE cookie 0x579fe970
D/IPCThreadState( 1476): [DN #5] BR_CLEAR_DEATH_NOTIFICATION_DONE cookie 0x59b864b0
D/IPCThreadState( 1476): [DN #5] BR_CLEAR_DEATH_NOTIFICATION_DONE cookie 0x59163290
D/IPCThreadState( 1476): [DN #5] BR_CLEAR_DEATH_NOTIFICATION_DONE cookie 0x52f6a318
D/IPCThreadState( 1476): [DN #5] BR_CLEAR_DEATH_NOTIFICATION_DONE cookie 0x5c707748
D/IPCThreadState( 1476): [DN #5] BR_CLEAR_DEATH_NOTIFICATION_DONE cookie 0x59b8a2f0
D/IPCThreadState( 1476): [DN #5] BR_CLEAR_DEATH_NOTIFICATION_DONE cookie 0x5bd43f00
D/IPCThreadState( 1476): [DN #5] BR_CLEAR_DEATH_NOTIFICATION_DONE cookie 0x5c74cf38
D/IPCThreadState( 1476): [DN #5] BR_CLEAR_DEATH_NOTIFICATION_DONE cookie 0x54a25ba8
D/IPCThreadState( 1476): [DN #5] BR_CLEAR_DEATH_NOTIFICATION_DONE cookie 0x59e6fb78
D/IPCThreadState( 1476): [DN #5] BR_CLEAR_DEATH_NOTIFICATION_DONE cookie 0x54a1ac70
D/IPCThreadState( 1476): [DN #5] BR_CLEAR_DEATH_NOTIFICATION_DONE cookie 0x5ca8f238
D/IPCThreadState( 1476): [DN #5] BR_CLEAR_DEATH_NOTIFICATION_DONE cookie 0x59165478
D/IPCThreadState( 1476): [DN #5] BR_CLEAR_DEATH_NOTIFICATION_DONE cookie 0x5a610ec0
D/IPCThreadState( 1476): [DN #5] BR_CLEAR_DEATH_NOTIFICATION_DONE cookie 0x5c7221d0
D/IPCThreadState( 1476): [DN #5] BR_CLEAR_DEATH_NOTIFICATION_DONE cookie 0x5c636a00
D/IPCThreadState( 1476): [DN #5] BR_CLEAR_DEATH_NOTIFICATION_DONE cookie 0x5c516a00
D/IPCThreadState( 1476): [DN #5] BR_CLEAR_DEATH_NOTIFICATION_DONE cookie 0x5c517d58
D/IPCThreadState( 1476): [DN #5] BR_CLEAR_DEATH_NOTIFICATION_DONE cookie 0x54a0c8c8
D/IPCThreadState( 1476): [DN #5] BR_CLEAR_DEATH_NOTIFICATION_DONE cookie 0x5c703d50
D/IPCThreadState( 1476): [DN #5] BR_CLEAR_DEATH_NOTIFICATION_DONE cookie 0x561e26b8
D/IPCThreadState( 1476): [DN #5] BR_CLEAR_DEATH_NOTIFICATION_DONE cookie 0x40ece768
D/IPCThreadState( 1476): [DN #5] BR_CLEAR_DEATH_NOTIFICATION_DONE cookie 0x5d02ced0
D/IPCThreadState( 1476): [DN #5] BR_CLEAR_DEATH_NOTIFICATION_DONE cookie 0x54a774d0
D/IPCThreadState( 1476): [DN #5] BR_CLEAR_DEATH_NOTIFICATION_DONE cookie 0x5c643820
D/IPCThreadState( 1476): [DN #5] BR_CLEAR_DEATH_NOTIFICATION_DONE cookie 0x5c700f00
D/IPCThreadState( 1476): [DN #5] BR_CLEAR_DEATH_NOTIFICATION_DONE cookie 0x5a5df590
D/IPCThreadState( 1476): [DN #5] BR_CLEAR_DEATH_NOTIFICATION_DONE cookie 0x59c0e3a0
D/IPCThreadState( 1476): [DN #5] BR_CLEAR_DEATH_NOTIFICATION_DONE cookie 0x5c2513c0
D/IPCThreadState( 1476): [DN #5] BR_CLEAR_DEATH_NOTIFICATION_DONE cookie 0x59e83aa0
D/IPCThreadState( 1476): [DN #5] BR_CLEAR_DEATH_NOTIFICATION_DONE cookie 0x59af7970
D/IPCThreadState( 1476): [DN #5] BR_CLEAR_DEATH_NOTIFICATION_DONE cookie 0x5c70d5c0
D/IPCThreadState( 1476): [DN #5] BR_CLEAR_DEATH_NOTIFICATION_DONE cookie 0x5c94fbc8
D/IPCThreadState( 1476): [DN #5] BR_CLEAR_DEATH_NOTIFICATION_DONE cookie 0x59e83768
D/IPCThreadState( 1476): [DN #5] BR_CLEAR_DEATH_NOTIFICATION_DONE cookie 0x55d51f70
D/IPCThreadState( 1476): [DN #5] BR_CLEAR_DEATH_NOTIFICATION_DONE cookie 0x5915a6a8
D/IPCThreadState( 1476): [DN #5] BR_CLEAR_DEATH_NOTIFICATION_DONE cookie 0x5c63cb60
D/IPCThreadState( 1476): [DN #5] BR_CLEAR_DEATH_NOTIFICATION_DONE cookie 0x5c59ad98
D/IPCThreadState( 1476): [DN #5] BR_CLEAR_DEATH_NOTIFICATION_DONE cookie 0x5c516e60
D/IPCThreadState( 1476): [DN #5] BR_CLEAR_DEATH_NOTIFICATION_DONE cookie 0x5c251200
D/IPCThreadState( 1476): [DN #5] BR_CLEAR_DEATH_NOTIFICATION_DONE cookie 0x5921c3d8
D/IPCThreadState( 1476): [DN #5] BR_CLEAR_DEATH_NOTIFICATION_DONE cookie 0x5921c418
D/IPCThreadState( 1476): [DN #5] BR_CLEAR_DEATH_NOTIFICATION_DONE cookie 0x59c13c78
D/IPCThreadState( 1476): [DN #5] BR_CLEAR_DEATH_NOTIFICATION_DONE cookie 0x59c13cb8
D/IPCThreadState( 1476): [DN #5] BR_CLEAR_DEATH_NOTIFICATION_DONE cookie 0x5c703e28
I/SurfaceTextureClient( 1730): [STC::queueBuffer] (this:0x55df9fe8) fps:1.33, dur:1500.00, max:999.11, min:500.89
I/BufferQueue( 106): [StatusBar](this:0x419c99c8,api:1) [queue] fps:1.33, dur:1500.00, max:999.39, min:500.61
D/IPCThreadState( 1476): [DN #5] BR_CLEAR_DEATH_NOTIFICATION_DONE cookie 0x5a69d778
D/IPCThreadState( 1476): [DN #5] BR_CLEAR_DEATH_NOTIFICATION_DONE cookie 0x5a69d7d0
D/IPCThreadState( 1476): [DN #5] BR_CLEAR_DEATH_NOTIFICATION_DONE cookie 0x59b85f38
D/IPCThreadState( 1476): [DN #5] BR_CLEAR_DEATH_NOTIFICATION_DONE cookie 0x59b85f90
D/IPCThreadState( 1476): [DN #5] BR_CLEAR_DEATH_NOTIFICATION_DONE cookie 0x5ca8e1c0
D/IPCThreadState( 1476): [DN #5] BR_CLEAR_DEATH_NOTIFICATION_DONE cookie 0x5cfd0ee8
D/IPCThreadState( 1476): [DN #5] BR_CLEAR_DEATH_NOTIFICATION_DONE cookie 0x5cfd0f40
D/IPCThreadState( 1476): [DN #5] BR_CLEAR_DEATH_NOTIFICATION_DONE cookie 0x5c705068
D/dalvikvm( 1805): GC_EXPLICIT freed 491K (10857), 23% free 6082K/7848K, paused 2ms+5ms, total 28ms
D/IPCThreadState( 1476): [DN #5] BR_CLEAR_DEATH_NOTIFICATION_DONE cookie 0x5d022248
D/IPCThreadState( 1476): [DN #5] BR_CLEAR_DEATH_NOTIFICATION_DONE cookie 0x5d137d98
D/IPCThreadState( 1476): [DN #5] BR_CLEAR_DEATH_NOTIFICATION_DONE cookie 0x5cb67970
D/IPCThreadState( 1476): [DN #5] BR_CLEAR_DEATH_NOTIFICATION_DONE cookie 0x57a06f00
D/IPCThreadState( 1476): [DN #5] BR_CLEAR_DEATH_NOTIFICATION_DONE cookie 0x5c700288
D/IPCThreadState( 1476): [DN #5] BR_CLEAR_DEATH_NOTIFICATION_DONE cookie 0x5be5b768
D/IPCThreadState( 1476): [DN #5] BR_CLEAR_DEATH_NOTIFICATION_DONE cookie 0x561d7dc8
D/IPCThreadState( 1476): [DN #5] BR_CLEAR_DEATH_NOTIFICATION_DONE cookie 0x56158488
D/IPCThreadState( 1476): [DN #5] BR_CLEAR_DEATH_NOTIFICATION_DONE cookie 0x55faa8b8
D/IPCThreadState( 1476): [DN #5] BR_CLEAR_DEATH_NOTIFICATION_DONE cookie 0x5c705140
D/IPCThreadState( 1476): [DN #5] BR_CLEAR_DEATH_NOTIFICATION_DONE cookie 0x5916cec8
D/IPCThreadState( 1476): [DN #5] BR_CLEAR_DEATH_NOTIFICATION_DONE cookie 0x561dc540
D/IPCThreadState( 1476): [DN #5] BR_CLEAR_DEATH_NOTIFICATION_DONE cookie 0x5a680e80
D/dalvikvm( 1476): GC_EXPLICIT freed 111K (3167), 26% free 13130K/17516K, paused 4ms+7ms, total 77ms
D/IPCThreadState( 1476): [DN #5] BR_CLEAR_DEATH_NOTIFICATION_DONE cookie 0x5c59bde8
D/IPCThreadState( 1476): [DN #5] BR_CLEAR_DEATH_NOTIFICATION_DONE cookie 0x59a992f0
D/IPCThreadState( 1476): [DN #5] BR_CLEAR_DEATH_NOTIFICATION_DONE cookie 0x59e63bb8
D/IPCThreadState( 1476): [DN #5] BR_CLEAR_DEATH_NOTIFICATION_DONE cookie 0x5c70aa80
D/IPCThreadState( 1476): [DN #5] BR_CLEAR_DEATH_NOTIFICATION_DONE cookie 0x59222c58
D/IPCThreadState( 1476): [DN #5] BR_CLEAR_DEATH_NOTIFICATION_DONE cookie 0x5c63ab28
D/IPCThreadState( 1476): [DN #5] BR_CLEAR_DEATH_NOTIFICATION_DONE cookie 0x54a23a68
D/IPCThreadState( 1476): [DN #5] BR_CLEAR_DEATH_NOTIFICATION_DONE cookie 0x5c705d78
D/IPCThreadState( 1476): [DN #5] BR_CLEAR_DEATH_NOTIFICATION_DONE cookie 0x5ca8fb48
D/IPCThreadState( 1476): [DN #5] BR_CLEAR_DEATH_NOTIFICATION_DONE cookie 0x5a67fb68
D/IPCThreadState( 1476): [DN #5] BR_CLEAR_DEATH_NOTIFICATION_DONE cookie 0x5c27de10
D/IPCThreadState( 1476): [DN #5] BR_CLEAR_DEATH_NOTIFICATION_DONE cookie 0x5c706768
D/IPCThreadState( 1476): [DN #5] BR_CLEAR_DEATH_NOTIFICATION_DONE cookie 0x5d029088
D/IPCThreadState( 1476): [DN #5] BR_CLEAR_DEATH_NOTIFICATION_DONE cookie 0x592253f8
D/IPCThreadState( 1476): [DN #5] BR_CLEAR_DEATH_NOTIFICATION_DONE cookie 0x5a8cdb90
D/IPCThreadState( 1476): [DN #5] BR_CLEAR_DEATH_NOTIFICATION_DONE cookie 0x561e8be8
D/IPCThreadState( 1476): [DN #5] BR_CLEAR_DEATH_NOTIFICATION_DONE cookie 0x5d135f98
D/IPCThreadState( 1476): [DN #5] BR_CLEAR_DEATH_NOTIFICATION_DONE cookie 0x5c6f9028
D/IPCThreadState( 1476): [DN #5] BR_CLEAR_DEATH_NOTIFICATION_DONE cookie 0x5a8cd920
D/IPCThreadState( 1476): [DN #5] BR_CLEAR_DEATH_NOTIFICATION_DONE cookie 0x59165f60
D/IPCThreadState( 1476): [DN #5] BR_CLEAR_DEATH_NOTIFICATION_DONE cookie 0x59c16e90
D/IPCThreadState( 1476): [DN #5] BR_CLEAR_DEATH_NOTIFICATION_DONE cookie 0x53426b00
D/IPCThreadState( 1476): [DN #5] BR_CLEAR_DEATH_NOTIFICATION_DONE cookie 0x5ca24748
D/IPCThreadState( 1476): [DN #5] BR_CLEAR_DEATH_NOTIFICATION_DONE cookie 0x59b898a0
D/IPCThreadState( 1476): [DN #5] BR_CLEAR_DEATH_NOTIFICATION_DONE cookie 0x5bd447d0
D/IPCThreadState( 1476): [DN #5] BR_CLEAR_DEATH_NOTIFICATION_DONE cookie 0x5c6f6b20
D/IPCThreadState( 1476): [DN #5] BR_CLEAR_DEATH_NOTIFICATION_DONE cookie 0x5a5dac08
D/IPCThreadState( 1476): [DN #5] BR_CLEAR_DEATH_NOTIFICATION_DONE cookie 0x579e7f98
D/IPCThreadState( 1476): [DN #5] BR_CLEAR_DEATH_NOTIFICATION_DONE cookie 0x5c74cd90
D/IPCThreadState( 1476): [DN #5] BR_CLEAR_DEATH_NOTIFICATION_DONE cookie 0x5c700f00
D/IPCThreadState( 1476): [DN #5] BR_CLEAR_DEATH_NOTIFICATION_DONE cookie 0x5c643820
D/IPCThreadState( 1476): [DN #5] BR_CLEAR_DEATH_NOTIFICATION_DONE cookie 0x54a774d0
D/IPCThreadState( 1476): [DN #5] BR_CLEAR_DEATH_NOTIFICATION_DONE cookie 0x5d02ced0
D/IPCThreadState( 1476): [DN #5] BR_CLEAR_DEATH_NOTIFICATION_DONE cookie 0x40ece768
D/IPCThreadState( 1476): [DN #5] BR_CLEAR_DEATH_NOTIFICATION_DONE cookie 0x561e26b8
D/IPCThreadState( 1476): [DN #5] BR_CLEAR_DEATH_NOTIFICATION_DONE cookie 0x5c703d50
D/IPCThreadState( 1476): [DN #5] BR_CLEAR_DEATH_NOTIFICATION_DONE cookie 0x54a0c8c8
D/IPCThreadState( 1476): [DN #5] BR_CLEAR_DEATH_NOTIFICATION_DONE cookie 0x5c517d58
D/IPCThreadState( 1476): [DN #5] BR_CLEAR_DEATH_NOTIFICATION_DONE cookie 0x5c516a00
D/IPCThreadState( 1476): [DN #5] BR_CLEAR_DEATH_NOTIFICATION_DONE cookie 0x5c636a00
D/IPCThreadState( 1476): [DN #5] BR_CLEAR_DEATH_NOTIFICATION_DONE cookie 0x5c7221d0
D/IPCThreadState( 1476): [DN #5] BR_CLEAR_DEATH_NOTIFICATION_DONE cookie 0x5a610ec0
D/IPCThreadState( 1476): [DN #5] BR_CLEAR_DEATH_NOTIFICATION_DONE cookie 0x59165478
D/IPCThreadState( 1476): [DN #5] BR_CLEAR_DEATH_NOTIFICATION_DONE cookie 0x5ca8f238
D/IPCThreadState( 1476): [DN #5] BR_CLEAR_DEATH_NOTIFICATION_DONE cookie 0x54a1ac70
D/IPCThreadState( 1476): [DN #5] BR_CLEAR_DEATH_NOTIFICATION_DONE cookie 0x59e6fb78
D/IPCThreadState( 1476): [DN #5] BR_CLEAR_DEATH_NOTIFICATION_DONE cookie 0x54a25ba8
D/IPCThreadState( 1476): [DN #5] BR_CLEAR_DEATH_NOTIFICATION_DONE cookie 0x5c74cf38
D/IPCThreadState( 1476): [DN #5] BR_CLEAR_DEATH_NOTIFICATION_DONE cookie 0x5bd43f00
D/IPCThreadState( 1476): [DN #5] BR_CLEAR_DEATH_NOTIFICATION_DONE cookie 0x59b8a2f0
D/IPCThreadState( 1476): [DN #5] BR_CLEAR_DEATH_NOTIFICATION_DONE cookie 0x5c707748
D/IPCThreadState( 1476): [DN #5] BR_CLEAR_DEATH_NOTIFICATION_DONE cookie 0x52f6a318
D/IPCThreadState( 1476): [DN #5] BR_CLEAR_DEATH_NOTIFICATION_DONE cookie 0x59163290
D/IPCThreadState( 1476): [DN #5] BR_CLEAR_DEATH_NOTIFICATION_DONE cookie 0x59b864b0
D/IPCThreadState( 1476): [DN #5] BR_CLEAR_DEATH_NOTIFICATION_DONE cookie 0x579fe970
D/IPCThreadState( 1476): [DN #5] BR_CLEAR_DEATH_NOTIFICATION_DONE cookie 0x5cb67170
D/IPCThreadState( 1476): [DN #5] BR_CLEAR_DEATH_NOTIFICATION_DONE cookie 0x5916cac0
D/IPCThreadState( 1476): [DN #5] BR_CLEAR_DEATH_NOTIFICATION_DONE cookie 0x5600b0e8
D/IPCThreadState( 1476): [DN #5] BR_CLEAR_DEATH_NOTIFICATION_DONE cookie 0x5a610f20
D/IPCThreadState( 1476): [DN #5] BR_CLEAR_DEATH_NOTIFICATION_DONE cookie 0x55faa000
D/IPCThreadState( 1476): [DN #5] BR_CLEAR_DEATH_NOTIFICATION_DONE cookie 0x5c27a820
D/IPCThreadState( 1476): [DN #5] BR_CLEAR_DEATH_NOTIFICATION_DONE cookie 0x5915a6a8
D/IPCThreadState( 1476): [DN #5] BR_CLEAR_DEATH_NOTIFICATION_DONE cookie 0x5916a608
D/IPCThreadState( 1476): [DN #5] BR_CLEAR_DEATH_NOTIFICATION_DONE cookie 0x5d029710
D/IPCThreadState( 1476): [DN #5] BR_CLEAR_DEATH_NOTIFICATION_DONE cookie 0x5d0294b0
D/IPCThreadState( 1476): [DN #5] BR_CLEAR_DEATH_NOTIFICATION_DONE cookie 0x54a193e0
D/IPCThreadState( 1476): [DN #5] BR_CLEAR_DEATH_NOTIFICATION_DONE cookie 0x53425080
D/IPCThreadState( 1476): [DN #5] BR_CLEAR_DEATH_NOTIFICATION_DONE cookie 0x5a8cd5f8
D/IPCThreadState( 1476): [DN #5] BR_CLEAR_DEATH_NOTIFICATION_DONE cookie 0x5c27dc18
D/IPCThreadState( 1476): [DN #5] BR_CLEAR_DEATH_NOTIFICATION_DONE cookie 0x5c74cba8
D/IPCThreadState( 1476): [DN #5] BR_CLEAR_DEATH_NOTIFICATION_DONE cookie 0x5c251200
D/IPCThreadState( 1476): [DN #5] BR_CLEAR_DEATH_NOTIFICATION_DONE cookie 0x5c516e60
D/IPCThreadState( 1476): [DN #5] BR_CLEAR_DEATH_NOTIFICATION_DONE cookie 0x5c59ad98
D/IPCThreadState( 1476): [DN #5] BR_CLEAR_DEATH_NOTIFICATION_DONE cookie 0x5c63cb60
D/IPCThreadState( 1476): [DN #5] BR_CLEAR_DEATH_NOTIFICATION_DONE cookie 0x59c13c78
D/IPCThreadState( 1476): [DN #5] BR_CLEAR_DEATH_NOTIFICATION_DONE cookie 0x59c13cb8
D/IPCThreadState( 1476): [DN #5] BR_CLEAR_DEATH_NOTIFICATION_DONE cookie 0x53426d38
D/IPCThreadState( 1476): [DN #5] BR_CLEAR_DEATH_NOTIFICATION_DONE cookie 0x53426d78
D/IPCThreadState( 1476): [DN #5] BR_CLEAR_DEATH_NOTIFICATION_DONE cookie 0x54ab5658
D/IPCThreadState( 1476): [DN #5] BR_CLEAR_DEATH_NOTIFICATION_DONE cookie 0x54ab56b0
D/IPCThreadState( 1476): [DN #5] BR_CLEAR_DEATH_NOTIFICATION_DONE cookie 0x5c70d880
D/IPCThreadState( 1476): [DN #5] BR_CLEAR_DEATH_NOTIFICATION_DONE cookie 0x5ca8e1c0
D/IPCThreadState( 1476): [DN #5] BR_CLEAR_DEATH_NOTIFICATION_DONE cookie 0x5ca8e218
D/IPCThreadState( 1476): [DN #5] BR_CLEAR_DEATH_NOTIFICATION_DONE cookie 0x591cf998
D/IPCThreadState( 1476): [DN #5] BR_CLEAR_DEATH_NOTIFICATION_DONE cookie 0x59b85f38
D/IPCThreadState( 1476): [DN #5] BR_CLEAR_DEATH_NOTIFICATION_DONE cookie 0x59b85f90
D/IPCThreadState( 1476): [DN #5] BR_CLEAR_DEATH_NOTIFICATION_DONE cookie 0x59229c70
D/NetworkControllerGemini( 1730): PhoneStateListener:onSignalStrengthsChanged, sim1 before.
D/NetworkControllerGemini( 1730): PhoneStateListener:onSignalStrengthsChanged, signalStrength=3
D/NetworkControllerGemini( 1730): updateDataNetType(0), DataNetType=10.
D/NetworkControllerGemini( 1730): updateDataNetType(0), simColorId=0
D/TelephonyManagerEx( 1730): isNetworkRoaming
D/NetworkControllerGemini( 1730): updateDataNetType(0) RoamingresId= 2130837933 simColorId = 0
D/NetworkControllerGemini( 1730): updateDataNetType(0), DataNetType3G=Type_3G tempDataTypeIconId= 2130837914.
V/ActivityManager( 1476): Broadcast sticky: Intent { act=android.intent.action.SIG_STR flg=0x10 (has extras) } ordered=false userid=-1
D/NetworkControllerGemini( 1730): isSimInserted(0), SimInserted=true
D/NetworkControllerGemini( 1730): updateTelephonySignalStrength(0), regState=5
D/NetworkControllerGemini( 1730): updateTelephonySignalStrength(0), hasService=true
D/TelephonyManagerEx( 1730): isNetworkRoaming
D/NetworkControllerGemini( 1730): updateTelephonySignalStrength(0), isRoaming=true, mInetCondition=0
D/NetworkControllerGemini( 1730): updateTelephonySignalStrength(0), simColorId=0
D/NetworkControllerGemini( 1730): updateTelephonySignalStrength(0), tempDataNetType = Type_3G , simColorId=0 tempPhoneSignalIconId[0] = 2130837950 tempPhoneSignalIconId[1] = 0
D/NetworkControllerGemini( 1730): updateTelephonySignalStrength(0) tempSIMCUSignVisible= true
D/NetworkControllerGemini( 1730): updateTelephonySignalStrength(0) mSIMCUSignVisible = true
D/NetworkControllerGemini( 1730): refreshViews(0), DataConnected=false simColorId = 0
D/TelephonyManagerEx( 1730): isNetworkRoaming
D/NetworkControllerGemini( 1730): refreshViews(0) RoamingresId= 2130837933 simColorId = 0
D/NetworkControllerGemini( 1730): refreshViews(0), dataTypeIconId=0
D/SignalClusterViewGemini( 1730): setShowSimIndicator(0), showSimIndicator=false simIndicatorResource = 0
D/SignalClusterViewGemini( 1730): setDataConnected(0), dataConnected=false
D/SignalClusterViewGemini( 1730): setDataNetType3G(0), dataNetType=Type_3G
D/SignalClusterViewGemini( 1730): apply : mShowSimIndicator = false mSimIndicatorResource = 0 mShowSimIndicatorGemini = false mSimIndicatorResourceGemini = 0
D/SignalClusterViewGemini( 1730): apply, mMobileVisible=true mMobileActivityId=0 mMobileTypeId=0 mMobileStrengthId[0] = 2130837950 mMobileStrengthId[1] = 0
D/Bluetooth HS/HF( 1818): [BT][HFG] [API] mStateReceiver.onReceive(android.intent.action.SIG_STR)
D/Bluetooth HS/HF( 1818): [BT][HFG] [API] mHandler.handleMessage(10)
D/TelephonyManager( 1980): getDefaultSim is sim1
D/TelephonyManager( 1980): getDefaultSim is sim1
D/SignalClusterViewGemini( 1730): isSimInserted(0), SimInserted=true
D/SignalClusterViewGemini( 1730): mDataNetType =Type_3G resId= 0 simColorId = 0
D/SignalClusterViewGemini( 1730): apply, mMobileVisibleGemini=true mMobileActivityIdGemini=0 mMobileTypeIdGemini=0 mMobileStrengthIdGemini[0] = 2130837960 mMobileStrengthIdGemini[1] = 0
D/SignalClusterViewGemini( 1730): isSimInserted(1), SimInserted=false
D/SignalClusterViewGemini( 1730): apply, mMobileVisible=true, mWifiVisible=false, mIsAirplaneMode=false
D/NetworkControllerGemini( 1730): PhoneStateListener:onSignalStrengthsChanged, sim1 after.
D/IPCThreadState( 1476): [DN #5] BR_CLEAR_DEATH_NOTIFICATION_DONE cookie 0x5c53be10
D/IPCThreadState( 1476): [DN #5] BR_CLEAR_DEATH_NOTIFICATION_DONE cookie 0x5c705068
D/IPCThreadState( 1476): [DN #5] BR_CLEAR_DEATH_NOTIFICATION_DONE cookie 0x5d137d98
D/IPCThreadState( 1476): [DN #5] BR_CLEAR_DEATH_NOTIFICATION_DONE cookie 0x5cb67970
D/IPCThreadState( 1476): [DN #5] BR_CLEAR_DEATH_NOTIFICATION_DONE cookie 0x55faa8b8
D/IPCThreadState( 1476): [DN #5] BR_CLEAR_DEATH_NOTIFICATION_DONE cookie 0x5d022248
D/IPCThreadState( 1476): [DN #5] BR_CLEAR_DEATH_NOTIFICATION_DONE cookie 0x5be5b768
D/IPCThreadState( 1476): [DN #5] BR_CLEAR_DEATH_NOTIFICATION_DONE cookie 0x5c700288
I/BufferQueue( 106): [StatusBar](this:0x419c99c8,api:1) [release] fps:1.36, dur:1466.64, max:999.80, min:466.84
I/SurfaceTextureClient( 106): [STC::queueBuffer] (this:0x41574710) fps:1.36, dur:1466.61, max:999.75, min:466.86
I/BufferQueue( 106): [FramebufferSurface](this:0x41573c08,api:1) [release] fps:1.36, dur:1466.60, max:999.70, min:466.90
I/BufferQueue( 106): [FramebufferSurface](this:0x41573c08,api:1) [queue] fps:1.36, dur:1466.60, max:999.68, min:466.92
I/SurfaceFlinger( 106): [SurfaceFlinger] fps:1.363708,dur:1466.59,max:999.65,min:466.94
D/IPCThreadState( 1476): [DN #5] BR_CLEAR_DEATH_NOTIFICATION_DONE cookie 0x57a06f00
D/IPCThreadState( 1476): [DN #5] BR_CLEAR_DEATH_NOTIFICATION_DONE cookie 0x56158488
D/IPCThreadState( 1476): [DN #5] BR_CLEAR_DEATH_NOTIFICATION_DONE cookie 0x5c705140
D/IPCThreadState( 1476): [DN #5] BR_CLEAR_DEATH_NOTIFICATION_DONE cookie 0x561dc540
D/IPCThreadState( 1476): [DN #5] BR_CLEAR_DEATH_NOTIFICATION_DONE cookie 0x5916cec8
D/IPCThreadState( 1476): [DN #5] BR_CLEAR_DEATH_NOTIFICATION_DONE cookie 0x5a680e80
D/dalvikvm( 1476): GC_EXPLICIT freed 117K (3316), 26% free 13130K/17516K, paused 4ms+8ms, total 80ms
D/IPCThreadState( 1476): [DN #5] BR_CLEAR_DEATH_NOTIFICATION_DONE cookie 0x591622e0
D/IPCThreadState( 1476): [DN #5] BR_CLEAR_DEATH_NOTIFICATION_DONE cookie 0x5c6f6b20
D/IPCThreadState( 1476): [DN #5] BR_CLEAR_DEATH_NOTIFICATION_DONE cookie 0x5bd447d0
D/IPCThreadState( 1476): [DN #5] BR_CLEAR_DEATH_NOTIFICATION_DONE cookie 0x59b898a0
D/IPCThreadState( 1476): [DN #5] BR_CLEAR_DEATH_NOTIFICATION_DONE cookie 0x5ca24748
D/IPCThreadState( 1476): [DN #5] BR_CLEAR_DEATH_NOTIFICATION_DONE cookie 0x53426b00
D/IPCThreadState( 1476): [DN #5] BR_CLEAR_DEATH_NOTIFICATION_DONE cookie 0x59c16e90
D/IPCThreadState( 1476): [DN #5] BR_CLEAR_DEATH_NOTIFICATION_DONE cookie 0x59165f60
D/IPCThreadState( 1476): [DN #5] BR_CLEAR_DEATH_NOTIFICATION_DONE cookie 0x5a8cd920
D/IPCThreadState( 1476): [DN #5] BR_CLEAR_DEATH_NOTIFICATION_DONE cookie 0x5c6f9028
D/IPCThreadState( 1476): [DN #5] BR_CLEAR_DEATH_NOTIFICATION_DONE cookie 0x5d135f98
D/IPCThreadState( 1476): [DN #5] BR_CLEAR_DEATH_NOTIFICATION_DONE cookie 0x561e8be8
D/IPCThreadState( 1476): [DN #5] BR_CLEAR_DEATH_NOTIFICATION_DONE cookie 0x5a8cdb90
D/IPCThreadState( 1476): [DN #5] BR_CLEAR_DEATH_NOTIFICATION_DONE cookie 0x592253f8
D/IPCThreadState( 1476): [DN #5] BR_CLEAR_DEATH_NOTIFICATION_DONE cookie 0x5d029088
D/IPCThreadState( 1476): [DN #5] BR_CLEAR_DEATH_NOTIFICATION_DONE cookie 0x5c706768
D/IPCThreadState( 1476): [DN #5] BR_CLEAR_DEATH_NOTIFICATION_DONE cookie 0x5c27de10
D/IPCThreadState( 1476): [DN #5] BR_CLEAR_DEATH_NOTIFICATION_DONE cookie 0x5ca8fb48
D/IPCThreadState( 1476): [DN #5] BR_CLEAR_DEATH_NOTIFICATION_DONE cookie 0x5c705d78
D/IPCThreadState( 1476): [DN #5] BR_CLEAR_DEATH_NOTIFICATION_DONE cookie 0x54a23a68
D/IPCThreadState( 1476): [DN #5] BR_CLEAR_DEATH_NOTIFICATION_DONE cookie 0x5c63ab28
D/IPCThreadState( 1476): [DN #5] BR_CLEAR_DEATH_NOTIFICATION_DONE cookie 0x59e63bb8
D/IPCThreadState( 1476): [DN #5] BR_CLEAR_DEATH_NOTIFICATION_DONE cookie 0x59a992f0
D/IPCThreadState( 1476): [DN #5] BR_CLEAR_DEATH_NOTIFICATION_DONE cookie 0x5c70aa80
D/IPCThreadState( 1476): [DN #5] BR_CLEAR_DEATH_NOTIFICATION_DONE cookie 0x59222c58
D/IPCThreadState( 1476): [DN #5] BR_CLEAR_DEATH_NOTIFICATION_DONE cookie 0x5a67fb68
D/IPCThreadState( 1476): [DN #5] BR_CLEAR_DEATH_NOTIFICATION_DONE cookie 0x591623a8
D/IPCThreadState( 1476): [DN #5] BR_CLEAR_DEATH_NOTIFICATION_DONE cookie 0x5d02ced0
D/IPCThreadState( 1476): [DN #5] BR_CLEAR_DEATH_NOTIFICATION_DONE cookie 0x54a774d0
D/IPCThreadState( 1476): [DN #5] BR_CLEAR_DEATH_NOTIFICATION_DONE cookie 0x5c643820
D/IPCThreadState( 1476): [DN #5] BR_CLEAR_DEATH_NOTIFICATION_DONE cookie 0x5c700f00
D/IPCThreadState( 1476): [DN #5] BR_CLEAR_DEATH_NOTIFICATION_DONE cookie 0x5c74cd90
D/IPCThreadState( 1476): [DN #5] BR_CLEAR_DEATH_NOTIFICATION_DONE cookie 0x579e7f98
D/IPCThreadState( 1476): [DN #5] BR_CLEAR_DEATH_NOTIFICATION_DONE cookie 0x5a5dac08
D/IPCThreadState( 1476): [DN #5] BR_CLEAR_DEATH_NOTIFICATION_DONE cookie 0x55faa000
D/IPCThreadState( 1476): [DN #5] BR_CLEAR_DEATH_NOTIFICATION_DONE cookie 0x5a610f20
D/IPCThreadState( 1476): [DN #5] BR_CLEAR_DEATH_NOTIFICATION_DONE cookie 0x5600b0e8
D/IPCThreadState( 1476): [DN #5] BR_CLEAR_DEATH_NOTIFICATION_DONE cookie 0x5916cac0
D/IPCThreadState( 1476): [DN #5] BR_CLEAR_DEATH_NOTIFICATION_DONE cookie 0x5cb67170
D/IPCThreadState( 1476): [DN #5] BR_CLEAR_DEATH_NOTIFICATION_DONE cookie 0x579fe970
D/IPCThreadState( 1476): [DN #5] BR_CLEAR_DEATH_NOTIFICATION_DONE cookie 0x59163290
D/IPCThreadState( 1476): [DN #5] BR_CLEAR_DEATH_NOTIFICATION_DONE cookie 0x52f6a318
D/IPCThreadState( 1476): [DN #5] BR_CLEAR_DEATH_NOTIFICATION_DONE cookie 0x5c707748
D/IPCThreadState( 1476): [DN #5] BR_CLEAR_DEATH_NOTIFICATION_DONE cookie 0x59b8a2f0
D/IPCThreadState( 1476): [DN #5] BR_CLEAR_DEATH_NOTIFICATION_DONE cookie 0x5bd43f00
D/IPCThreadState( 1476): [DN #5] BR_CLEAR_DEATH_NOTIFICATION_DONE cookie 0x5c74cf38
D/IPCThreadState( 1476): [DN #5] BR_CLEAR_DEATH_NOTIFICATION_DONE cookie 0x54a25ba8
D/IPCThreadState( 1476): [DN #5] BR_CLEAR_DEATH_NOTIFICATION_DONE cookie 0x59e6fb78
D/IPCThreadState( 1476): [DN #5] BR_CLEAR_DEATH_NOTIFICATION_DONE cookie 0x54a1ac70
D/IPCThreadState( 1476): [DN #5] BR_CLEAR_DEATH_NOTIFICATION_DONE cookie 0x5ca8f238
D/IPCThreadState( 1476): [DN #5] BR_CLEAR_DEATH_NOTIFICATION_DONE cookie 0x59165478
D/IPCThreadState( 1476): [DN #5] BR_CLEAR_DEATH_NOTIFICATION_DONE cookie 0x5a610ec0
D/IPCThreadState( 1476): [DN #5] BR_CLEAR_DEATH_NOTIFICATION_DONE cookie 0x5c7221d0
D/IPCThreadState( 1476): [DN #5] BR_CLEAR_DEATH_NOTIFICATION_DONE cookie 0x5c636a00
D/IPCThreadState( 1476): [DN #5] BR_CLEAR_DEATH_NOTIFICATION_DONE cookie 0x5c516a00
D/IPCThreadState( 1476): [DN #5] BR_CLEAR_DEATH_NOTIFICATION_DONE cookie 0x5c517d58
D/IPCThreadState( 1476): [DN #5] BR_CLEAR_DEATH_NOTIFICATION_DONE cookie 0x54a0c8c8
D/IPCThreadState( 1476): [DN #5] BR_CLEAR_DEATH_NOTIFICATION_DONE cookie 0x5c703d50
D/IPCThreadState( 1476): [DN #5] BR_CLEAR_DEATH_NOTIFICATION_DONE cookie 0x561e26b8
D/IPCThreadState( 1476): [DN #5] BR_CLEAR_DEATH_NOTIFICATION_DONE cookie 0x40ece768
D/IPCThreadState( 1476): [DN #5] BR_CLEAR_DEATH_NOTIFICATION_DONE cookie 0x5c74cba8
D/IPCThreadState( 1476): [DN #5] BR_CLEAR_DEATH_NOTIFICATION_DONE cookie 0x59229c58
D/IPCThreadState( 1476): [DN #5] BR_CLEAR_DEATH_NOTIFICATION_DONE cookie 0x5cfd0718
D/IPCThreadState( 1476): [DN #5] BR_CLEAR_DEATH_NOTIFICATION_DONE cookie 0x55d50ce8
D/IPCThreadState( 1476): [DN #5] BR_CLEAR_DEATH_NOTIFICATION_DONE cookie 0x59c0e3a0
D/IPCThreadState( 1476): [DN #5] BR_CLEAR_DEATH_NOTIFICATION_DONE cookie 0x5c2513c0
D/IPCThreadState( 1476): [DN #5] BR_CLEAR_DEATH_NOTIFICATION_DONE cookie 0x59e83aa0
D/IPCThreadState( 1476): [DN #5] BR_CLEAR_DEATH_NOTIFICATION_DONE cookie 0x59af7970
D/IPCThreadState( 1476): [DN #5] BR_CLEAR_DEATH_NOTIFICATION_DONE cookie 0x5c70d5c0
D/IPCThreadState( 1476): [DN #5] BR_CLEAR_DEATH_NOTIFICATION_DONE cookie 0x5c94fbc8
D/IPCThreadState( 1476): [DN #5] BR_CLEAR_DEATH_NOTIFICATION_DONE cookie 0x5c63cb60
D/IPCThreadState( 1476): [DN #5] BR_CLEAR_DEATH_NOTIFICATION_DONE cookie 0x5c59ad98
D/IPCThreadState( 1476): [DN #5] BR_CLEAR_DEATH_NOTIFICATION_DONE cookie 0x5c516e60
D/IPCThreadState( 1476): [DN #5] BR_CLEAR_DEATH_NOTIFICATION_DONE cookie 0x5c251200
D/IPCThreadState( 1476): [DN #5] BR_CLEAR_DEATH_NOTIFICATION_DONE cookie 0x53426d38
D/IPCThreadState( 1476): [DN #5] BR_CLEAR_DEATH_NOTIFICATION_DONE cookie 0x53426d78
D/IPCThreadState( 1476): [DN #5] BR_CLEAR_DEATH_NOTIFICATION_DONE cookie 0x5921c3d8
D/IPCThreadState( 1476): [DN #5] BR_CLEAR_DEATH_NOTIFICATION_DONE cookie 0x5921c418
D/IPCThreadState( 1476): [DN #5] BR_CLEAR_DEATH_NOTIFICATION_DONE cookie 0x591cf8d0
D/IPCThreadState( 1476): [DN #5] BR_CLEAR_DEATH_NOTIFICATION_DONE cookie 0x5d022248
D/IPCThreadState( 1476): [DN #5] BR_CLEAR_DEATH_NOTIFICATION_DONE cookie 0x5d0222a0
D/IPCThreadState( 1476): [DN #5] BR_CLEAR_DEATH_NOTIFICATION_DONE cookie 0x59b86460
D/IPCThreadState( 1476): [DN #5] BR_CLEAR_DEATH_NOTIFICATION_DONE cookie 0x591700b8
D/IPCThreadState( 1476): [DN #5] BR_CLEAR_DEATH_NOTIFICATION_DONE cookie 0x591cf998
D/IPCThreadState( 1476): [DN #5] BR_CLEAR_DEATH_NOTIFICATION_DONE cookie 0x591cf9f0
D/IPCThreadState( 1476): [DN #5] BR_CLEAR_DEATH_NOTIFICATION_DONE cookie 0x5ca24590
D/IPCThreadState( 1476): [DN #5] BR_CLEAR_DEATH_NOTIFICATION_DONE cookie 0x591cf910
D/dalvikvm( 1805): GC_EXPLICIT freed 491K (10857), 23% free 6082K/7848K, paused 2ms+4ms, total 28ms
D/IPCThreadState( 1476): [DN #5] BR_CLEAR_DEATH_NOTIFICATION_DONE cookie 0x54a0cba0
D/IPCThreadState( 1476): [DN #5] BR_CLEAR_DEATH_NOTIFICATION_DONE cookie 0x5c705068
D/IPCThreadState( 1476): [DN #5] BR_CLEAR_DEATH_NOTIFICATION_DONE cookie 0x591dac88
D/IPCThreadState( 1476): [DN #5] BR_CLEAR_DEATH_NOTIFICATION_DONE cookie 0x59b85f38
D/IPCThreadState( 1476): [DN #5] BR_CLEAR_DEATH_NOTIFICATION_DONE cookie 0x5cb67970
D/IPCThreadState( 1476): [DN #5] BR_CLEAR_DEATH_NOTIFICATION_DONE cookie 0x5a680e80
D/IPCThreadState( 1476): [DN #5] BR_CLEAR_DEATH_NOTIFICATION_DONE cookie 0x56158488
D/IPCThreadState( 1476): [DN #5] BR_CLEAR_DEATH_NOTIFICATION_DONE cookie 0x57a06f00
D/IPCThreadState( 1476): [DN #5] BR_CLEAR_DEATH_NOTIFICATION_DONE cookie 0x5c700288
D/IPCThreadState( 1476): [DN #5] BR_CLEAR_DEATH_NOTIFICATION_DONE cookie 0x5be5b768
D/IPCThreadState( 1476): [DN #5] BR_CLEAR_DEATH_NOTIFICATION_DONE cookie 0x55faa8b8
D/IPCThreadState( 1476): [DN #5] BR_CLEAR_DEATH_NOTIFICATION_DONE cookie 0x5c705140
D/IPCThreadState( 1476): [DN #5] BR_CLEAR_DEATH_NOTIFICATION_DONE cookie 0x561dc540
D/dalvikvm( 1476): GC_EXPLICIT freed 111K (3173), 26% free 13130K/17516K, paused 3ms+8ms, total 78ms
D/IPCThreadState( 1476): [DN #5] BR_CLEAR_DEATH_NOTIFICATION_DONE cookie 0x5916cec8
D/IPCThreadState( 1476): [DN #5] BR_CLEAR_DEATH_NOTIFICATION_DONE cookie 0x5a67fb68
D/IPCThreadState( 1476): [DN #5] BR_CLEAR_DEATH_NOTIFICATION_DONE cookie 0x59222c58
D/IPCThreadState( 1476): [DN #5] BR_CLEAR_DEATH_NOTIFICATION_DONE cookie 0x5c70aa80
D/IPCThreadState( 1476): [DN #5] BR_CLEAR_DEATH_NOTIFICATION_DONE cookie 0x59a992f0
D/IPCThreadState( 1476): [DN #5] BR_CLEAR_DEATH_NOTIFICATION_DONE cookie 0x59e63bb8
D/IPCThreadState( 1476): [DN #5] BR_CLEAR_DEATH_NOTIFICATION_DONE cookie 0x5c63ab28
D/IPCThreadState( 1476): [DN #5] BR_CLEAR_DEATH_NOTIFICATION_DONE cookie 0x54a23a68
D/IPCThreadState( 1476): [DN #5] BR_CLEAR_DEATH_NOTIFICATION_DONE cookie 0x5c705d78
D/IPCThreadState( 1476): [DN #5] BR_CLEAR_DEATH_NOTIFICATION_DONE cookie 0x5ca8fb48
D/IPCThreadState( 1476): [DN #5] BR_CLEAR_DEATH_NOTIFICATION_DONE cookie 0x5c27de10
D/IPCThreadState( 1476): [DN #5] BR_CLEAR_DEATH_NOTIFICATION_DONE cookie 0x5c706768
D/IPCThreadState( 1476): [DN #5] BR_CLEAR_DEATH_NOTIFICATION_DONE cookie 0x5d029088
D/IPCThreadState( 1476): [DN #5] BR_CLEAR_DEATH_NOTIFICATION_DONE cookie 0x592253f8
D/IPCThreadState( 1476): [DN #5] BR_CLEAR_DEATH_NOTIFICATION_DONE cookie 0x5a8cdb90
D/IPCThreadState( 1476): [DN #5] BR_CLEAR_DEATH_NOTIFICATION_DONE cookie 0x561e8be8
D/IPCThreadState( 1476): [DN #5] BR_CLEAR_DEATH_NOTIFICATION_DONE cookie 0x5d135f98
D/IPCThreadState( 1476): [DN #5] BR_CLEAR_DEATH_NOTIFICATION_DONE cookie 0x5c6f9028
D/IPCThreadState( 1476): [DN #5] BR_CLEAR_DEATH_NOTIFICATION_DONE cookie 0x5a8cd920
D/IPCThreadState( 1476): [DN #5] BR_CLEAR_DEATH_NOTIFICATION_DONE cookie 0x59165f60
D/IPCThreadState( 1476): [DN #5] BR_CLEAR_DEATH_NOTIFICATION_DONE cookie 0x59c16e90
D/IPCThreadState( 1476): [DN #5] BR_CLEAR_DEATH_NOTIFICATION_DONE cookie 0x53426b00
D/IPCThreadState( 1476): [DN #5] BR_CLEAR_DEATH_NOTIFICATION_DONE cookie 0x5ca24748
D/IPCThreadState( 1476): [DN #5] BR_CLEAR_DEATH_NOTIFICATION_DONE cookie 0x59b898a0
D/IPCThreadState( 1476): [DN #5] BR_CLEAR_DEATH_NOTIFICATION_DONE cookie 0x5bd447d0
D/IPCThreadState( 1476): [DN #5] BR_CLEAR_DEATH_NOTIFICATION_DONE cookie 0x5c6f6b20
D/IPCThreadState( 1476): [DN #5] BR_CLEAR_DEATH_NOTIFICATION_DONE cookie 0x40ece768
D/IPCThreadState( 1476): [DN #5] BR_CLEAR_DEATH_NOTIFICATION_DONE cookie 0x561e26b8
D/IPCThreadState( 1476): [DN #5] BR_CLEAR_DEATH_NOTIFICATION_DONE cookie 0x5c703d50
D/IPCThreadState( 1476): [DN #5] BR_CLEAR_DEATH_NOTIFICATION_DONE cookie 0x54a0c8c8
D/IPCThreadState( 1476): [DN #5] BR_CLEAR_DEATH_NOTIFICATION_DONE cookie 0x5c517d58
D/IPCThreadState( 1476): [DN #5] BR_CLEAR_DEATH_NOTIFICATION_DONE cookie 0x5c516a00
D/IPCThreadState( 1476): [DN #5] BR_CLEAR_DEATH_NOTIFICATION_DONE cookie 0x5c636a00
D/IPCThreadState( 1476): [DN #5] BR_CLEAR_DEATH_NOTIFICATION_DONE cookie 0x5c7221d0
D/IPCThreadState( 1476): [DN #5] BR_CLEAR_DEATH_NOTIFICATION_DONE cookie 0x5a610ec0
D/IPCThreadState( 1476): [DN #5] BR_CLEAR_DEATH_NOTIFICATION_DONE cookie 0x59165478
D/IPCThreadState( 1476): [DN #5] BR_CLEAR_DEATH_NOTIFICATION_DONE cookie 0x5ca8f238
D/IPCThreadState( 1476): [DN #5] BR_CLEAR_DEATH_NOTIFICATION_DONE cookie 0x54a1ac70
D/IPCThreadState( 1476): [DN #5] BR_CLEAR_DEATH_NOTIFICATION_DONE cookie 0x59e6fb78
D/IPCThreadState( 1476): [DN #5] BR_CLEAR_DEATH_NOTIFICATION_DONE cookie 0x54a25ba8
D/IPCThreadState( 1476): [DN #5] BR_CLEAR_DEATH_NOTIFICATION_DONE cookie 0x5c74cf38
D/IPCThreadState( 1476): [DN #5] BR_CLEAR_DEATH_NOTIFICATION_DONE cookie 0x5bd43f00
D/IPCThreadState( 1476): [DN #5] BR_CLEAR_DEATH_NOTIFICATION_DONE cookie 0x59b8a2f0
D/IPCThreadState( 1476): [DN #5] BR_CLEAR_DEATH_NOTIFICATION_DONE cookie 0x5c707748
D/IPCThreadState( 1476): [DN #5] BR_CLEAR_DEATH_NOTIFICATION_DONE cookie 0x52f6a318
D/IPCThreadState( 1476): [DN #5] BR_CLEAR_DEATH_NOTIFICATION_DONE cookie 0x59163290
D/IPCThreadState( 1476): [DN #5] BR_CLEAR_DEATH_NOTIFICATION_DONE cookie 0x579fe970
D/IPCThreadState( 1476): [DN #5] BR_CLEAR_DEATH_NOTIFICATION_DONE cookie 0x5cb67170
D/IPCThreadState( 1476): [DN #5] BR_CLEAR_DEATH_NOTIFICATION_DONE cookie 0x5916cac0
D/IPCThreadState( 1476): [DN #5] BR_CLEAR_DEATH_NOTIFICATION_DONE cookie 0x5600b0e8
D/IPCThreadState( 1476): [DN #5] BR_CLEAR_DEATH_NOTIFICATION_DONE cookie 0x5a610f20
D/IPCThreadState( 1476): [DN #5] BR_CLEAR_DEATH_NOTIFICATION_DONE cookie 0x55faa000
D/IPCThreadState( 1476): [DN #5] BR_CLEAR_DEATH_NOTIFICATION_DONE cookie 0x5a5dac08
D/IPCThreadState( 1476): [DN #5] BR_CLEAR_DEATH_NOTIFICATION_DONE cookie 0x579e7f98
D/IPCThreadState( 1476): [DN #5] BR_CLEAR_DEATH_NOTIFICATION_DONE cookie 0x5c74cd90
D/IPCThreadState( 1476): [DN #5] BR_CLEAR_DEATH_NOTIFICATION_DONE cookie 0x5c700f00
D/IPCThreadState( 1476): [DN #5] BR_CLEAR_DEATH_NOTIFICATION_DONE cookie 0x5c643820
D/IPCThreadState( 1476): [DN #5] BR_CLEAR_DEATH_NOTIFICATION_DONE cookie 0x54a774d0
D/IPCThreadState( 1476): [DN #5] BR_CLEAR_DEATH_NOTIFICATION_DONE cookie 0x5d02ced0
D/IPCThreadState( 1476): [DN #5] BR_CLEAR_DEATH_NOTIFICATION_DONE cookie 0x5c703e28
D/IPCThreadState( 1476): [DN #5] BR_CLEAR_DEATH_NOTIFICATION_DONE cookie 0x591700b8
D/IPCThreadState( 1476): [DN #5] BR_CLEAR_DEATH_NOTIFICATION_DONE cookie 0x5c94fbc8
D/IPCThreadState( 1476): [DN #5] BR_CLEAR_DEATH_NOTIFICATION_DONE cookie 0x55d51f70
D/IPCThreadState( 1476): [DN #5] BR_CLEAR_DEATH_NOTIFICATION_DONE cookie 0x54a0cb88
D/IPCThreadState( 1476): [DN #5] BR_CLEAR_DEATH_NOTIFICATION_DONE cookie 0x59e83768
D/IPCThreadState( 1476): [DN #5] BR_CLEAR_DEATH_NOTIFICATION_DONE cookie 0x5916a608
D/IPCThreadState( 1476): [DN #5] BR_CLEAR_DEATH_NOTIFICATION_DONE cookie 0x5d029710
D/IPCThreadState( 1476): [DN #5] BR_CLEAR_DEATH_NOTIFICATION_DONE cookie 0x5d0294b0
D/IPCThreadState( 1476): [DN #5] BR_CLEAR_DEATH_NOTIFICATION_DONE cookie 0x54a193e0
D/IPCThreadState( 1476): [DN #5] BR_CLEAR_DEATH_NOTIFICATION_DONE cookie 0x5a8cd5f8
D/IPCThreadState( 1476): [DN #5] BR_CLEAR_DEATH_NOTIFICATION_DONE cookie 0x5c251200
D/IPCThreadState( 1476): [DN #5] BR_CLEAR_DEATH_NOTIFICATION_DONE cookie 0x5c516e60
D/IPCThreadState( 1476): [DN #5] BR_CLEAR_DEATH_NOTIFICATION_DONE cookie 0x5c59ad98
D/IPCThreadState( 1476): [DN #5] BR_CLEAR_DEATH_NOTIFICATION_DONE cookie 0x5c63cb60
D/IPCThreadState( 1476): [DN #5] BR_CLEAR_DEATH_NOTIFICATION_DONE cookie 0x5921c3d8
D/IPCThreadState( 1476): [DN #5] BR_CLEAR_DEATH_NOTIFICATION_DONE cookie 0x53426bc8
D/IPCThreadState( 1476): [DN #5] BR_CLEAR_DEATH_NOTIFICATION_DONE cookie 0x59b86460
D/IPCThreadState( 1476): [DN #5] BR_CLEAR_DEATH_NOTIFICATION_DONE cookie 0x59b864b8
D/IPCThreadState( 1476): [DN #5] BR_CLEAR_DEATH_NOTIFICATION_DONE cookie 0x5c63cc30
D/IPCThreadState( 1476): [DN #5] BR_CLEAR_DEATH_NOTIFICATION_DONE cookie 0x5915a6a8
D/IPCThreadState( 1476): [DN #5] BR_CLEAR_DEATH_NOTIFICATION_DONE cookie 0x5d022248
D/IPCThreadState( 1476): [DN #5] BR_CLEAR_DEATH_NOTIFICATION_DONE cookie 0x5cfd0ee8
D/IPCThreadState( 1476): [DN #5] BR_CLEAR_DEATH_NOTIFICATION_DONE cookie 0x5cb67d20
D/IPCThreadState( 1476): [DN #5] BR_CLEAR_DEATH_NOTIFICATION_DONE cookie 0x5cb67d60
D/IPCThreadState( 1476): [DN #5] BR_CLEAR_DEATH_NOTIFICATION_DONE cookie 0x5c2598c0
D/IPCThreadState( 1476): [DN #5] BR_CLEAR_DEATH_NOTIFICATION_DONE cookie 0x5ad4e738
D/IPCThreadState( 1476): [DN #5] BR_CLEAR_DEATH_NOTIFICATION_DONE cookie 0x5cfd0f40
D/IPCThreadState( 1476): [DN #5] BR_CLEAR_DEATH_NOTIFICATION_DONE cookie 0x5cb65288
D/IPCThreadState( 1476): [DN #5] BR_CLEAR_DEATH_NOTIFICATION_DONE cookie 0x5cb67970
D/IPCThreadState( 1476): [DN #5] BR_CLEAR_DEATH_NOTIFICATION_DONE cookie 0x55faa8b8
D/IPCThreadState( 1476): [DN #5] BR_CLEAR_DEATH_NOTIFICATION_DONE cookie 0x55faa940
D/IPCThreadState( 1476): [DN #5] BR_CLEAR_DEATH_NOTIFICATION_DONE cookie 0x5c700288
D/IPCThreadState( 1476): [DN #5] BR_CLEAR_DEATH_NOTIFICATION_DONE cookie 0x57a06f00
D/IPCThreadState( 1476): [DN #5] BR_CLEAR_DEATH_NOTIFICATION_DONE cookie 0x56158488
D/IPCThreadState( 1476): [DN #5] BR_CLEAR_DEATH_NOTIFICATION_DONE cookie 0x59b85f68
D/FrameworkListener( 103): dispatchCommand data = (getaddrinfo play.googleapis.com ^ 1024 0 1 0)
D/libc-netbsd( 103): getaddrinfo: play.googleapis.com NO result from proxy
D/IPCThreadState( 1476): [DN #5] BR_CLEAR_DEATH_NOTIFICATION_DONE cookie 0x5c705140
D/IPCThreadState( 1476): [DN #5] BR_CLEAR_DEATH_NOTIFICATION_DONE cookie 0x561dc540
D/IPCThreadState( 1476): [DN #5] BR_CLEAR_DEATH_NOTIFICATION_DONE cookie 0x5a680e80
D/IPCThreadState( 1476): [DN #5] BR_CLEAR_DEATH_NOTIFICATION_DONE cookie 0x5c59bde8
D/IPCThreadState( 1476): [DN #5] BR_CLEAR_DEATH_NOTIFICATION_DONE cookie 0x5c707200
D/SocketClient( 103): SocketClient sendDatalocked done: 401
D/SocketClient( 103): SocketClient sendDatalocked done: 
D/libc-netbsd( 2667): getaddrinfo: play.googleapis.com NO result from proxy
D/dalvikvm( 1476): GC_EXPLICIT freed 121K (3389), 26% free 13133K/17516K, paused 4ms+8ms, total 83ms
D/IPCThreadState( 1476): [DN #5] BR_CLEAR_DEATH_NOTIFICATION_DONE cookie 0x5c7072c8
D/IPCThreadState( 1476): [DN #5] BR_CLEAR_DEATH_NOTIFICATION_DONE cookie 0x5c6f6b20
D/IPCThreadState( 1476): [DN #5] BR_CLEAR_DEATH_NOTIFICATION_DONE cookie 0x5bd447d0
D/IPCThreadState( 1476): [DN #5] BR_CLEAR_DEATH_NOTIFICATION_DONE cookie 0x59b898a0
D/IPCThreadState( 1476): [DN #5] BR_CLEAR_DEATH_NOTIFICATION_DONE cookie 0x5ca24748
D/IPCThreadState( 1476): [DN #5] BR_CLEAR_DEATH_NOTIFICATION_DONE cookie 0x53426b00
I/System.out( 2667): [CDS][DNS]Unable to resolve host "play.googleapis.com": No address associated with hostname
E/PlayEventLogger( 2667): Upload failed class java.net.UnknownHostException(Unable to resolve host "play.googleapis.com": No address associated with hostname)
D/IPCThreadState( 1476): [DN #5] BR_CLEAR_DEATH_NOTIFICATION_DONE cookie 0x59c16e90
D/IPCThreadState( 1476): [DN #5] BR_CLEAR_DEATH_NOTIFICATION_DONE cookie 0x59165f60
D/IPCThreadState( 1476): [DN #5] BR_CLEAR_DEATH_NOTIFICATION_DONE cookie 0x5a8cd920
D/IPCThreadState( 1476): [DN #5] BR_CLEAR_DEATH_NOTIFICATION_DONE cookie 0x5c6f9028
D/IPCThreadState( 1476): [DN #5] BR_CLEAR_DEATH_NOTIFICATION_DONE cookie 0x5d135f98
V/ActivityManager( 1476): getTasks: max=1, flags=0, receiver=null
V/ActivityManager( 1476): com.android.settings/.SubSettings: task=TaskRecord{41961c40 #3 A com.android.settings U 0}
V/ActivityManager( 1476): com.android.settings/.Settings: task=TaskRecord{41961c40 #3 A com.android.settings U 0}
V/ActivityManager( 1476): We have pending thumbnails: null
D/IPCThreadState( 1476): [DN #5] BR_CLEAR_DEATH_NOTIFICATION_DONE cookie 0x561e8be8
D/IPCThreadState( 1476): [DN #5] BR_CLEAR_DEATH_NOTIFICATION_DONE cookie 0x5a8cdb90
D/IPCThreadState( 1476): [DN #5] BR_CLEAR_DEATH_NOTIFICATION_DONE cookie 0x592253f8
D/IPCThreadState( 1476): [DN #5] BR_CLEAR_DEATH_NOTIFICATION_DONE cookie 0x5d029088
D/IPCThreadState( 1476): [DN #5] BR_CLEAR_DEATH_NOTIFICATION_DONE cookie 0x5c706768
D/IPCThreadState( 1476): [DN #5] BR_CLEAR_DEATH_NOTIFICATION_DONE cookie 0x5c27de10
D/IPCThreadState( 1476): [DN #5] BR_CLEAR_DEATH_NOTIFICATION_DONE cookie 0x5ca8fb48
D/IPCThreadState( 1476): [DN #5] BR_CLEAR_DEATH_NOTIFICATION_DONE cookie 0x5c705d78
D/IPCThreadState( 1476): [DN #5] BR_CLEAR_DEATH_NOTIFICATION_DONE cookie 0x5c63ab28
D/IPCThreadState( 1476): [DN #5] BR_CLEAR_DEATH_NOTIFICATION_DONE cookie 0x59e63bb8
D/IPCThreadState( 1476): [DN #5] BR_CLEAR_DEATH_NOTIFICATION_DONE cookie 0x59a992f0
D/IPCThreadState( 1476): [DN #5] BR_CLEAR_DEATH_NOTIFICATION_DONE cookie 0x5c70aa80
D/IPCThreadState( 1476): [DN #5] BR_CLEAR_DEATH_NOTIFICATION_DONE cookie 0x59222c58
D/IPCThreadState( 1476): [DN #5] BR_CLEAR_DEATH_NOTIFICATION_DONE cookie 0x5a67fb68
D/IPCThreadState( 1476): [DN #5] BR_CLEAR_DEATH_NOTIFICATION_DONE cookie 0x54a23a68
D/IPCThreadState( 1476): [DN #5] BR_CLEAR_DEATH_NOTIFICATION_DONE cookie 0x5d02ced0
D/IPCThreadState( 1476): [DN #5] BR_CLEAR_DEATH_NOTIFICATION_DONE cookie 0x54a774d0
D/IPCThreadState( 1476): [DN #5] BR_CLEAR_DEATH_NOTIFICATION_DONE cookie 0x5c643820
D/IPCThreadState( 1476): [DN #5] BR_CLEAR_DEATH_NOTIFICATION_DONE cookie 0x5c700f00
D/IPCThreadState( 1476): [DN #5] BR_CLEAR_DEATH_NOTIFICATION_DONE cookie 0x5c74cd90
D/IPCThreadState( 1476): [DN #5] BR_CLEAR_DEATH_NOTIFICATION_DONE cookie 0x579e7f98
D/IPCThreadState( 1476): [DN #5] BR_CLEAR_DEATH_NOTIFICATION_DONE cookie 0x5a5dac08
D/IPCThreadState( 1476): [DN #5] BR_CLEAR_DEATH_NOTIFICATION_DONE cookie 0x55faa000
D/IPCThreadState( 1476): [DN #5] BR_CLEAR_DEATH_NOTIFICATION_DONE cookie 0x5a610f20
D/IPCThreadState( 1476): [DN #5] BR_CLEAR_DEATH_NOTIFICATION_DONE cookie 0x5600b0e8
D/IPCThreadState( 1476): [DN #5] BR_CLEAR_DEATH_NOTIFICATION_DONE cookie 0x5916cac0
D/IPCThreadState( 1476): [DN #5] BR_CLEAR_DEATH_NOTIFICATION_DONE cookie 0x5cb67170
D/IPCThreadState( 1476): [DN #5] BR_CLEAR_DEATH_NOTIFICATION_DONE cookie 0x579fe970
D/IPCThreadState( 1476): [DN #5] BR_CLEAR_DEATH_NOTIFICATION_DONE cookie 0x59163290
D/IPCThreadState( 1476): [DN #5] BR_CLEAR_DEATH_NOTIFICATION_DONE cookie 0x52f6a318
D/IPCThreadState( 1476): [DN #5] BR_CLEAR_DEATH_NOTIFICATION_DONE cookie 0x5c707748
D/IPCThreadState( 1476): [DN #5] BR_CLEAR_DEATH_NOTIFICATION_DONE cookie 0x59b8a2f0
D/IPCThreadState( 1476): [DN #5] BR_CLEAR_DEATH_NOTIFICATION_DONE cookie 0x5bd43f00
D/IPCThreadState( 1476): [DN #5] BR_CLEAR_DEATH_NOTIFICATION_DONE cookie 0x5c74cf38
D/IPCThreadState( 1476): [DN #5] BR_CLEAR_DEATH_NOTIFICATION_DONE cookie 0x54a25ba8
D/IPCThreadState( 1476): [DN #5] BR_CLEAR_DEATH_NOTIFICATION_DONE cookie 0x54a1ac70
D/IPCThreadState( 1476): [DN #5] BR_CLEAR_DEATH_NOTIFICATION_DONE cookie 0x5ca8f238
D/IPCThreadState( 1476): [DN #5] BR_CLEAR_DEATH_NOTIFICATION_DONE cookie 0x59165478
D/IPCThreadState( 1476): [DN #5] BR_CLEAR_DEATH_NOTIFICATION_DONE cookie 0x5a610ec0
D/IPCThreadState( 1476): [DN #5] BR_CLEAR_DEATH_NOTIFICATION_DONE cookie 0x5c7221d0
D/IPCThreadState( 1476): [DN #5] BR_CLEAR_DEATH_NOTIFICATION_DONE cookie 0x5c636a00
D/IPCThreadState( 1476): [DN #5] BR_CLEAR_DEATH_NOTIFICATION_DONE cookie 0x5c516a00
D/IPCThreadState( 1476): [DN #5] BR_CLEAR_DEATH_NOTIFICATION_DONE cookie 0x5c517d58
D/IPCThreadState( 1476): [DN #5] BR_CLEAR_DEATH_NOTIFICATION_DONE cookie 0x54a0c8c8
D/IPCThreadState( 1476): [DN #5] BR_CLEAR_DEATH_NOTIFICATION_DONE cookie 0x5c703d50
D/IPCThreadState( 1476): [DN #5] BR_CLEAR_DEATH_NOTIFICATION_DONE cookie 0x561e26b8
D/IPCThreadState( 1476): [DN #5] BR_CLEAR_DEATH_NOTIFICATION_DONE cookie 0x40ece768
D/IPCThreadState( 1476): [DN #5] BR_CLEAR_DEATH_NOTIFICATION_DONE cookie 0x59e6fb78
D/IPCThreadState( 1476): [DN #5] BR_CLEAR_DEATH_NOTIFICATION_DONE cookie 0x5c703e28
D/IPCThreadState( 1476): [DN #5] BR_CLEAR_DEATH_NOTIFICATION_DONE cookie 0x5a5df590
D/IPCThreadState( 1476): [DN #5] BR_CLEAR_DEATH_NOTIFICATION_DONE cookie 0x5c27a820
D/IPCThreadState( 1476): [DN #5] BR_CLEAR_DEATH_NOTIFICATION_DONE cookie 0x5915a6a8
D/IPCThreadState( 1476): [DN #5] BR_CLEAR_DEATH_NOTIFICATION_DONE cookie 0x5a8cd5f8
D/IPCThreadState( 1476): [DN #5] BR_CLEAR_DEATH_NOTIFICATION_DONE cookie 0x54a193e0
D/IPCThreadState( 1476): [DN #5] BR_CLEAR_DEATH_NOTIFICATION_DONE cookie 0x5d0294b0
D/IPCThreadState( 1476): [DN #5] BR_CLEAR_DEATH_NOTIFICATION_DONE cookie 0x5d029710
D/IPCThreadState( 1476): [DN #5] BR_CLEAR_DEATH_NOTIFICATION_DONE cookie 0x54a0cb88
D/IPCThreadState( 1476): [DN #5] BR_CLEAR_DEATH_NOTIFICATION_DONE cookie 0x5916a608
D/PowerManagerService( 1476): handleUserActivityTimeout
D/PowerManagerService( 1476): updateUserActivitySummaryLocked: mWakefulness=Awake, mUserActivitySummary=0x2, nextTimeout=365874 (in 6976 ms)
D/PowerManagerService( 1476): newScreenState = 1
D/PowerManagerDisplayController( 1476): requestPowerState: screenState=1, useProximitySensor=false, screenBrightness=204, screenAutoBrightnessAdjustment=0.0, useAutoBrightness=false, useEcoBrightness=false, blockScreenOn=false, waitForNegativeProximity=false
D/PowerManagerDisplayController( 1476): sendMessage.
I/PowerManagerService( 1476): setBrightness mButtonLight 0.
D/PowerManagerService( 1476): updateScreenStateLocked: mDisplayReady=false, newScreenState=1, mWakefulness=1, mWakeLockSummary=0x1, mUserActivitySummary=0x2, mBootCompleted=true
D/PowerManagerService( 1476): handleSandman: canDream=true, mWakefulness=Awake
D/PowerManagerDisplayController( 1476): mProximity = -1
D/PowerManagerDisplayController( 1476): setScreenOn true
D/PowerManagerDisplayController( 1476): updatePowerState: mustNotify=true, mScreenOnWasBlocked=false, mElectronBeamOnAnimator=false, mElectronBeamOffAnimator=false, waitUntilClean=true
D/PowerManagerDisplayController( 1476): Display ready!
D/PowerManagerService( 1476): newScreenState = 1
D/PowerManagerDisplayController( 1476): requestPowerState: screenState=1, useProximitySensor=false, screenBrightness=204, screenAutoBrightnessAdjustment=0.0, useAutoBrightness=false, useEcoBrightness=false, blockScreenOn=false, waitForNegativeProximity=false
I/PowerManagerService( 1476): setBrightness mButtonLight 0.
D/PowerManagerService( 1476): updateScreenStateLocked: mDisplayReady=true, newScreenState=1, mWakefulness=1, mWakeLockSummary=0x1, mUserActivitySummary=0x2, mBootCompleted=true
D/IPCThreadState( 1476): [DN #5] BR_CLEAR_DEATH_NOTIFICATION_DONE cookie 0x5a680e80
D/IPCThreadState( 1476): [DN #5] BR_CLEAR_DEATH_NOTIFICATION_DONE cookie 0x5d1340c0
D/IPCThreadState( 1476): [DN #5] BR_CLEAR_DEATH_NOTIFICATION_DONE cookie 0x55d51f70
D/IPCThreadState( 1476): [DN #5] BR_CLEAR_DEATH_NOTIFICATION_DONE cookie 0x591700b8
D/IPCThreadState( 1476): [DN #5] BR_CLEAR_DEATH_NOTIFICATION_DONE cookie 0x5c63cb60
D/PowerManagerDisplayState( 1476): setScreenBrightness: brightness=201
D/IPCThreadState( 1476): [DN #5] BR_CLEAR_DEATH_NOTIFICATION_DONE cookie 0x5c59ad98
D/PowerManagerDisplayState( 1476): Requesting new screen state: on=true, backlight=201, mChangeInProgress=false
D/PowerManagerDisplayState( 1476): on mTask
D/PowerManagerDisplayState( 1476): mTask: on = true, mActualOn = true, backlight = 201, mActualBacklight = 204
D/PowerManagerDisplayState( 1476): mTask: on = true, onChanged = false, backlightChanged = true, backlight = 201
D/LightsService( 1476): setLight_native: light=0, colorARGB=0xffc9c9c9, flashMode=0, onMS=0, offMS=0, brightnessMode=0
D/lights ( 1476): write_int open fd=263
D/IPCThreadState( 1476): [DN #5] BR_CLEAR_DEATH_NOTIFICATION_DONE cookie 0x5c516e60
D/IPCThreadState( 1476): [DN #5] BR_CLEAR_DEATH_NOTIFICATION_DONE cookie 0x5c251200
D/PowerManagerDisplayState( 1476): mTask: on = true, mActualOn = true, backlight = 201, mActualBacklight = 201
D/IPCThreadState( 1476): [DN #5] BR_CLEAR_DEATH_NOTIFICATION_DONE cookie 0x53426bc8
D/IPCThreadState( 1476): [DN #5] BR_CLEAR_DEATH_NOTIFICATION_DONE cookie 0x53426c08
D/IPCThreadState( 1476): [DN #5] BR_CLEAR_DEATH_NOTIFICATION_DONE cookie 0x53426d38
D/PowerManagerDisplayState( 1476): setScreenBrightness: brightness=197
D/PowerManagerDisplayState( 1476): Requesting new screen state: on=true, backlight=197, mChangeInProgress=false
D/PowerManagerDisplayState( 1476): on mTask
D/PowerManagerDisplayState( 1476): mTask: on = true, mActualOn = true, backlight = 197, mActualBacklight = 201
D/PowerManagerDisplayState( 1476): mTask: on = true, onChanged = false, backlightChanged = true, backlight = 197
D/LightsService( 1476): setLight_native: light=0, colorARGB=0xffc5c5c5, flashMode=0, onMS=0, offMS=0, brightnessMode=0
D/lights ( 1476): write_int open fd=263
D/IPCThreadState( 1476): [DN #5] BR_CLEAR_DEATH_NOTIFICATION_DONE cookie 0x591cf8d0
D/PowerManagerDisplayState( 1476): mTask: on = true, mActualOn = true, backlight = 197, mActualBacklight = 197
D/IPCThreadState( 1476): [DN #5] BR_CLEAR_DEATH_NOTIFICATION_DONE cookie 0x5d022248
D/IPCThreadState( 1476): [DN #5] BR_CLEAR_DEATH_NOTIFICATION_DONE cookie 0x5d0222a0
D/IPCThreadState( 1476): [DN #5] BR_CLEAR_DEATH_NOTIFICATION_DONE cookie 0x54ab5658
D/PowerManagerDisplayState( 1476): setScreenBrightness: brightness=194
D/PowerManagerDisplayState( 1476): Requesting new screen state: on=true, backlight=194, mChangeInProgress=false
D/PowerManagerDisplayState( 1476): on mTask
D/PowerManagerDisplayState( 1476): mTask: on = true, mActualOn = true, backlight = 194, mActualBacklight = 197
D/PowerManagerDisplayState( 1476): mTask: on = true, onChanged = false, backlightChanged = true, backlight = 194
D/LightsService( 1476): setLight_native: light=0, colorARGB=0xffc2c2c2, flashMode=0, onMS=0, offMS=0, brightnessMode=0
D/lights ( 1476): write_int open fd=263
D/IPCThreadState( 1476): [DN #5] BR_CLEAR_DEATH_NOTIFICATION_DONE cookie 0x59b86460
D/IPCThreadState( 1476): [DN #5] BR_CLEAR_DEATH_NOTIFICATION_DONE cookie 0x59b864b8
D/PowerManagerDisplayState( 1476): mTask: on = true, mActualOn = true, backlight = 194, mActualBacklight = 194
D/IPCThreadState( 1476): [DN #5] BR_CLEAR_DEATH_NOTIFICATION_DONE cookie 0x591cf998
D/IPCThreadState( 1476): [DN #5] BR_CLEAR_DEATH_NOTIFICATION_DONE cookie 0x59e83768
D/PowerManagerDisplayState( 1476): setScreenBrightness: brightness=191
D/PowerManagerDisplayState( 1476): Requesting new screen state: on=true, backlight=191, mChangeInProgress=false
D/PowerManagerDisplayState( 1476): on mTask
D/PowerManagerDisplayState( 1476): mTask: on = true, mActualOn = true, backlight = 191, mActualBacklight = 194
D/PowerManagerDisplayState( 1476): mTask: on = true, onChanged = false, backlightChanged = true, backlight = 191
D/LightsService( 1476): setLight_native: light=0, colorARGB=0xffbfbfbf, flashMode=0, onMS=0, offMS=0, brightnessMode=0
D/lights ( 1476): write_int open fd=263
D/IPCThreadState( 1476): [DN #5] BR_CLEAR_DEATH_NOTIFICATION_DONE cookie 0x591dac88
D/IPCThreadState( 1476): [DN #5] BR_CLEAR_DEATH_NOTIFICATION_DONE cookie 0x5c705068
D/PowerManagerDisplayState( 1476): mTask: on = true, mActualOn = true, backlight = 191, mActualBacklight = 191
D/PowerManagerDisplayState( 1476): setScreenBrightness: brightness=187
D/PowerManagerDisplayState( 1476): Requesting new screen state: on=true, backlight=187, mChangeInProgress=false
D/PowerManagerDisplayState( 1476): on mTask
D/PowerManagerDisplayState( 1476): mTask: on = true, mActualOn = true, backlight = 187, mActualBacklight = 191
D/PowerManagerDisplayState( 1476): mTask: on = true, onChanged = false, backlightChanged = true, backlight = 187
D/LightsService( 1476): setLight_native: light=0, colorARGB=0xffbbbbbb, flashMode=0, onMS=0, offMS=0, brightnessMode=0
D/lights ( 1476): write_int open fd=263
D/PowerManagerDisplayState( 1476): mTask: on = true, mActualOn = true, backlight = 187, mActualBacklight = 187
D/PowerManagerDisplayState( 1476): setScreenBrightness: brightness=184
D/PowerManagerDisplayState( 1476): Requesting new screen state: on=true, backlight=184, mChangeInProgress=false
D/PowerManagerDisplayState( 1476): on mTask
D/PowerManagerDisplayState( 1476): mTask: on = true, mActualOn = true, backlight = 184, mActualBacklight = 187
