D/IPCThreadState( 1476): [DN #5] BR_CLEAR_DEATH_NOTIFICATION_DONE cookie 0x5c706768
D/IPCThreadState( 1476): [DN #5] BR_CLEAR_DEATH_NOTIFICATION_DONE cookie 0x5d029088
D/IPCThreadState( 1476): [DN #5] BR_CLEAR_DEATH_NOTIFICATION_DONE cookie 0x592253f8
D/IPCThreadState( 1476): [DN #5] BR_CLEAR_DEATH_NOTIFICATION_DONE cookie 0x5a8cdb90
D/IPCThreadState( 1476): [DN #5] BR_CLEAR_DEATH_NOTIFICATION_DONE cookie 0x561e8be8
D/IPCThreadState( 1476): [DN #5] BR_CLEAR_DEATH_NOTIFICATION_DONE cookie 0x5d135f98
D/IPCThreadState( 1476): [DN #5] BR_CLEAR_DEATH_NOTIFICATION_DONE cookie 0x5c6f9028
D/IPCThreadState( 1476): [DN #5] BR_CLEAR_DEATH_NOTIFICATION_DONE cookie 0x5a8cd920
D/IPCThreadState( 1476): [DN #5] BR_CLEAR_DEATH_NOTIFICATION_DONE cookie 0x5ca8fb48
D/IPCThreadState( 1476): [DN #5] BR_CLEAR_DEATH_NOTIFICATION_DONE cookie 0x54a23a68
D/IPCThreadState( 1476): [DN #5] BR_CLEAR_DEATH_NOTIFICATION_DONE cookie 0x53426b00
D/IPCThreadState( 1476): [DN #5] BR_CLEAR_DEATH_NOTIFICATION_DONE cookie 0x5ca24748
D/IPCThreadState( 1476): [DN #5] BR_CLEAR_DEATH_NOTIFICATION_DONE cookie 0x59b898a0
D/IPCThreadState( 1476): [DN #5] BR_CLEAR_DEATH_NOTIFICATION_DONE cookie 0x5c6f6b20
D/IPCThreadState( 1476): [DN #5] BR_CLEAR_DEATH_NOTIFICATION_DONE cookie 0x5bd447d0
D/IPCThreadState( 1476): [DN #5] BR_CLEAR_DEATH_NOTIFICATION_DONE cookie 0x5c707748
D/IPCThreadState( 1476): [DN #5] BR_CLEAR_DEATH_NOTIFICATION_DONE cookie 0x5c643820
D/IPCThreadState( 1476): [DN #5] BR_CLEAR_DEATH_NOTIFICATION_DONE cookie 0x54a774d0
D/IPCThreadState( 1476): [DN #5] BR_CLEAR_DEATH_NOTIFICATION_DONE cookie 0x5d02ced0
D/IPCThreadState( 1476): [DN #5] BR_CLEAR_DEATH_NOTIFICATION_DONE cookie 0x5c700f00
D/IPCThreadState( 1476): [DN #5] BR_CLEAR_DEATH_NOTIFICATION_DONE cookie 0x561e26b8
D/IPCThreadState( 1476): [DN #5] BR_CLEAR_DEATH_NOTIFICATION_DONE cookie 0x5c703d50
D/IPCThreadState( 1476): [DN #5] BR_CLEAR_DEATH_NOTIFICATION_DONE cookie 0x54a0c8c8
D/IPCThreadState( 1476): [DN #5] BR_CLEAR_DEATH_NOTIFICATION_DONE cookie 0x5c517d58
D/IPCThreadState( 1476): [DN #5] BR_CLEAR_DEATH_NOTIFICATION_DONE cookie 0x5c516a00
D/IPCThreadState( 1476): [DN #5] BR_CLEAR_DEATH_NOTIFICATION_DONE cookie 0x5c636a00
D/IPCThreadState( 1476): [DN #5] BR_CLEAR_DEATH_NOTIFICATION_DONE cookie 0x5c7221d0
D/IPCThreadState( 1476): [DN #5] BR_CLEAR_DEATH_NOTIFICATION_DONE cookie 0x5a610ec0
D/IPCThreadState( 1476): [DN #5] BR_CLEAR_DEATH_NOTIFICATION_DONE cookie 0x59165478
D/IPCThreadState( 1476): [DN #5] BR_CLEAR_DEATH_NOTIFICATION_DONE cookie 0x5ca8f238
D/IPCThreadState( 1476): [DN #5] BR_CLEAR_DEATH_NOTIFICATION_DONE cookie 0x54a1ac70
D/IPCThreadState( 1476): [DN #5] BR_CLEAR_DEATH_NOTIFICATION_DONE cookie 0x54a25ba8
D/IPCThreadState( 1476): [DN #5] BR_CLEAR_DEATH_NOTIFICATION_DONE cookie 0x5c74cf38
D/IPCThreadState( 1476): [DN #5] BR_CLEAR_DEATH_NOTIFICATION_DONE cookie 0x40ece768
D/IPCThreadState( 1476): [DN #5] BR_CLEAR_DEATH_NOTIFICATION_DONE cookie 0x59e6fb78
D/IPCThreadState( 1476): [DN #5] BR_CLEAR_DEATH_NOTIFICATION_DONE cookie 0x5bd43f00
D/IPCThreadState( 1476): [DN #5] BR_CLEAR_DEATH_NOTIFICATION_DONE cookie 0x59b8a2f0
D/IPCThreadState( 1476): [DN #5] BR_CLEAR_DEATH_NOTIFICATION_DONE cookie 0x52f6a318
D/IPCThreadState( 1476): [DN #5] BR_CLEAR_DEATH_NOTIFICATION_DONE cookie 0x59163290
D/IPCThreadState( 1476): [DN #5] BR_CLEAR_DEATH_NOTIFICATION_DONE cookie 0x579fe970
D/IPCThreadState( 1476): [DN #5] BR_CLEAR_DEATH_NOTIFICATION_DONE cookie 0x5cb67170
D/IPCThreadState( 1476): [DN #5] BR_CLEAR_DEATH_NOTIFICATION_DONE cookie 0x5916cac0
D/IPCThreadState( 1476): [DN #5] BR_CLEAR_DEATH_NOTIFICATION_DONE cookie 0x5600b0e8
D/IPCThreadState( 1476): [DN #5] BR_CLEAR_DEATH_NOTIFICATION_DONE cookie 0x5a610f20
D/IPCThreadState( 1476): [DN #5] BR_CLEAR_DEATH_NOTIFICATION_DONE cookie 0x55faa000
D/IPCThreadState( 1476): [DN #5] BR_CLEAR_DEATH_NOTIFICATION_DONE cookie 0x5a5dac08
D/IPCThreadState( 1476): [DN #5] BR_CLEAR_DEATH_NOTIFICATION_DONE cookie 0x579e7f98
D/IPCThreadState( 1476): [DN #5] BR_CLEAR_DEATH_NOTIFICATION_DONE cookie 0x5c74cd90
D/IPCThreadState( 1476): [DN #5] BR_CLEAR_DEATH_NOTIFICATION_DONE cookie 0x5c63cda0
D/IPCThreadState( 1476): [DN #5] BR_CLEAR_DEATH_NOTIFICATION_DONE cookie 0x5a5df590
D/IPCThreadState( 1476): [DN #5] BR_CLEAR_DEATH_NOTIFICATION_DONE cookie 0x5cb67d20
D/IPCThreadState( 1476): [DN #5] BR_CLEAR_DEATH_NOTIFICATION_DONE cookie 0x5c703e28
D/IPCThreadState( 1476): [DN #5] BR_CLEAR_DEATH_NOTIFICATION_DONE cookie 0x5d1340c0
D/IPCThreadState( 1476): [DN #5] BR_CLEAR_DEATH_NOTIFICATION_DONE cookie 0x5cfd0718
D/IPCThreadState( 1476): [DN #5] BR_CLEAR_DEATH_NOTIFICATION_DONE cookie 0x5916a608
D/IPCThreadState( 1476): [DN #5] BR_CLEAR_DEATH_NOTIFICATION_DONE cookie 0x59af7970
D/IPCThreadState( 1476): [DN #5] BR_CLEAR_DEATH_NOTIFICATION_DONE cookie 0x591700b8
D/IPCThreadState( 1476): [DN #5] BR_CLEAR_DEATH_NOTIFICATION_DONE cookie 0x5c70d5c0
D/IPCThreadState( 1476): [DN #5] BR_CLEAR_DEATH_NOTIFICATION_DONE cookie 0x5c94fbc8
D/IPCThreadState( 1476): [DN #5] BR_CLEAR_DEATH_NOTIFICATION_DONE cookie 0x5c70d880
D/IPCThreadState( 1476): [DN #5] BR_CLEAR_DEATH_NOTIFICATION_DONE cookie 0x55d50ce8
D/IPCThreadState( 1476): [DN #5] BR_CLEAR_DEATH_NOTIFICATION_DONE cookie 0x59c0e3a0
D/IPCThreadState( 1476): [DN #5] BR_CLEAR_DEATH_NOTIFICATION_DONE cookie 0x55d51f70
D/IPCThreadState( 1476): [DN #5] BR_CLEAR_DEATH_NOTIFICATION_DONE cookie 0x5c516e60
D/IPCThreadState( 1476): [DN #5] BR_CLEAR_DEATH_NOTIFICATION_DONE cookie 0x5c59ad98
D/IPCThreadState( 1476): [DN #5] BR_CLEAR_DEATH_NOTIFICATION_DONE cookie 0x59229c58
D/IPCThreadState( 1476): [DN #5] BR_CLEAR_DEATH_NOTIFICATION_DONE cookie 0x5c63cb60
D/IPCThreadState( 1476): [DN #5] BR_CLEAR_DEATH_NOTIFICATION_DONE cookie 0x53426bc8
D/IPCThreadState( 1476): [DN #5] BR_CLEAR_DEATH_NOTIFICATION_DONE cookie 0x53426c08
D/IPCThreadState( 1476): [DN #5] BR_CLEAR_DEATH_NOTIFICATION_DONE cookie 0x59c13c78
D/IPCThreadState( 1476): [DN #5] BR_CLEAR_DEATH_NOTIFICATION_DONE cookie 0x59c13cb8
D/IPCThreadState( 1476): [DN #5] BR_CLEAR_DEATH_NOTIFICATION_DONE cookie 0x5a69d778
D/IPCThreadState( 1476): [DN #5] BR_CLEAR_DEATH_NOTIFICATION_DONE cookie 0x54ab5658
D/IPCThreadState( 1476): [DN #5] BR_CLEAR_DEATH_NOTIFICATION_DONE cookie 0x54ab56b0
D/IPCThreadState( 1476): [DN #5] BR_CLEAR_DEATH_NOTIFICATION_DONE cookie 0x59b86460
D/IPCThreadState( 1476): [DN #5] BR_CLEAR_DEATH_NOTIFICATION_DONE cookie 0x5cfd0ee8
D/IPCThreadState( 1476): [DN #5] BR_CLEAR_DEATH_NOTIFICATION_DONE cookie 0x5cfd0f40
D/IPCThreadState( 1476): [DN #5] BR_CLEAR_DEATH_NOTIFICATION_DONE cookie 0x5ca24590
D/IPCThreadState( 1476): [DN #5] BR_CLEAR_DEATH_NOTIFICATION_DONE cookie 0x5ca8e1c0
D/IPCThreadState( 1476): [DN #5] BR_CLEAR_DEATH_NOTIFICATION_DONE cookie 0x5ca8e218
D/IPCThreadState( 1476): [DN #5] BR_CLEAR_DEATH_NOTIFICATION_DONE cookie 0x5cb67970
D/IPCThreadState( 1476): [DN #5] BR_CLEAR_DEATH_NOTIFICATION_DONE cookie 0x55faa8b8
D/IPCThreadState( 1476): [DN #5] BR_CLEAR_DEATH_NOTIFICATION_DONE cookie 0x5be5b768
D/IPCThreadState( 1476): [DN #5] BR_CLEAR_DEATH_NOTIFICATION_DONE cookie 0x56158488
D/IPCThreadState( 1476): [DN #5] BR_CLEAR_DEATH_NOTIFICATION_DONE cookie 0x5c700288
D/IPCThreadState( 1476): [DN #5] BR_CLEAR_DEATH_NOTIFICATION_DONE cookie 0x57a06f00
D/IPCThreadState( 1476): [DN #5] BR_CLEAR_DEATH_NOTIFICATION_DONE cookie 0x561d7dc8
D/IPCThreadState( 1476): [DN #5] BR_CLEAR_DEATH_NOTIFICATION_DONE cookie 0x5c705140
D/IPCThreadState( 1476): [DN #5] BR_CLEAR_DEATH_NOTIFICATION_DONE cookie 0x5c251200
D/Settings/BW( 2297): ReadCodeTask:file size: 4096
D/dalvikvm( 1476): GC_EXPLICIT freed 132K (3619), 26% free 13134K/17516K, paused 4ms+8ms, total 79ms
D/IPCThreadState( 1476): [DN #5] BR_CLEAR_DEATH_NOTIFICATION_DONE cookie 0x5916cec8
D/IPCThreadState( 1476): [DN #5] BR_CLEAR_DEATH_NOTIFICATION_DONE cookie 0x5bd447d0
D/IPCThreadState( 1476): [DN #5] BR_CLEAR_DEATH_NOTIFICATION_DONE cookie 0x5c6f6b20
D/IPCThreadState( 1476): [DN #5] BR_CLEAR_DEATH_NOTIFICATION_DONE cookie 0x59b898a0
D/IPCThreadState( 1476): [DN #5] BR_CLEAR_DEATH_NOTIFICATION_DONE cookie 0x5ca24748
D/IPCThreadState( 1476): [DN #5] BR_CLEAR_DEATH_NOTIFICATION_DONE cookie 0x53426b00
D/IPCThreadState( 1476): [DN #5] BR_CLEAR_DEATH_NOTIFICATION_DONE cookie 0x54a23a68
D/IPCThreadState( 1476): [DN #5] BR_CLEAR_DEATH_NOTIFICATION_DONE cookie 0x5ca8fb48
D/IPCThreadState( 1476): [DN #5] BR_CLEAR_DEATH_NOTIFICATION_DONE cookie 0x5a8cd920
D/IPCThreadState( 1476): [DN #5] BR_CLEAR_DEATH_NOTIFICATION_DONE cookie 0x5c6f9028
D/IPCThreadState( 1476): [DN #5] BR_CLEAR_DEATH_NOTIFICATION_DONE cookie 0x5d135f98
D/IPCThreadState( 1476): [DN #5] BR_CLEAR_DEATH_NOTIFICATION_DONE cookie 0x561e8be8
D/IPCThreadState( 1476): [DN #5] BR_CLEAR_DEATH_NOTIFICATION_DONE cookie 0x5a8cdb90
D/IPCThreadState( 1476): [DN #5] BR_CLEAR_DEATH_NOTIFICATION_DONE cookie 0x592253f8
D/IPCThreadState( 1476): [DN #5] BR_CLEAR_DEATH_NOTIFICATION_DONE cookie 0x5d029088
D/IPCThreadState( 1476): [DN #5] BR_CLEAR_DEATH_NOTIFICATION_DONE cookie 0x5c706768
D/IPCThreadState( 1476): [DN #5] BR_CLEAR_DEATH_NOTIFICATION_DONE cookie 0x5c27de10
D/IPCThreadState( 1476): [DN #5] BR_CLEAR_DEATH_NOTIFICATION_DONE cookie 0x5a67fb68
D/IPCThreadState( 1476): [DN #5] BR_CLEAR_DEATH_NOTIFICATION_DONE cookie 0x5c705d78
D/IPCThreadState( 1476): [DN #5] BR_CLEAR_DEATH_NOTIFICATION_DONE cookie 0x5c63ab28
D/IPCThreadState( 1476): [DN #5] BR_CLEAR_DEATH_NOTIFICATION_DONE cookie 0x59e63bb8
D/IPCThreadState( 1476): [DN #5] BR_CLEAR_DEATH_NOTIFICATION_DONE cookie 0x59a992f0
D/IPCThreadState( 1476): [DN #5] BR_CLEAR_DEATH_NOTIFICATION_DONE cookie 0x5c70aa80
D/IPCThreadState( 1476): [DN #5] BR_CLEAR_DEATH_NOTIFICATION_DONE cookie 0x59c16e90
D/IPCThreadState( 1476): [DN #5] BR_CLEAR_DEATH_NOTIFICATION_DONE cookie 0x59165f60
D/IPCThreadState( 1476): [DN #5] BR_CLEAR_DEATH_NOTIFICATION_DONE cookie 0x59222c58
D/IPCThreadState( 1476): [DN #5] BR_CLEAR_DEATH_NOTIFICATION_DONE cookie 0x5c63cda0
D/IPCThreadState( 1476): [DN #5] BR_CLEAR_DEATH_NOTIFICATION_DONE cookie 0x5c74cd90
D/IPCThreadState( 1476): [DN #5] BR_CLEAR_DEATH_NOTIFICATION_DONE cookie 0x579e7f98
D/IPCThreadState( 1476): [DN #5] BR_CLEAR_DEATH_NOTIFICATION_DONE cookie 0x5a5dac08
D/IPCThreadState( 1476): [DN #5] BR_CLEAR_DEATH_NOTIFICATION_DONE cookie 0x55faa000
D/IPCThreadState( 1476): [DN #5] BR_CLEAR_DEATH_NOTIFICATION_DONE cookie 0x5a610f20
D/IPCThreadState( 1476): [DN #5] BR_CLEAR_DEATH_NOTIFICATION_DONE cookie 0x5600b0e8
D/IPCThreadState( 1476): [DN #5] BR_CLEAR_DEATH_NOTIFICATION_DONE cookie 0x5916cac0
D/IPCThreadState( 1476): [DN #5] BR_CLEAR_DEATH_NOTIFICATION_DONE cookie 0x5cb67170
D/IPCThreadState( 1476): [DN #5] BR_CLEAR_DEATH_NOTIFICATION_DONE cookie 0x579fe970
D/IPCThreadState( 1476): [DN #5] BR_CLEAR_DEATH_NOTIFICATION_DONE cookie 0x59163290
D/IPCThreadState( 1476): [DN #5] BR_CLEAR_DEATH_NOTIFICATION_DONE cookie 0x52f6a318
D/IPCThreadState( 1476): [DN #5] BR_CLEAR_DEATH_NOTIFICATION_DONE cookie 0x59b8a2f0
D/IPCThreadState( 1476): [DN #5] BR_CLEAR_DEATH_NOTIFICATION_DONE cookie 0x5bd43f00
D/IPCThreadState( 1476): [DN #5] BR_CLEAR_DEATH_NOTIFICATION_DONE cookie 0x59e6fb78
D/IPCThreadState( 1476): [DN #5] BR_CLEAR_DEATH_NOTIFICATION_DONE cookie 0x40ece768
D/IPCThreadState( 1476): [DN #5] BR_CLEAR_DEATH_NOTIFICATION_DONE cookie 0x5c74cf38
D/IPCThreadState( 1476): [DN #5] BR_CLEAR_DEATH_NOTIFICATION_DONE cookie 0x54a25ba8
D/IPCThreadState( 1476): [DN #5] BR_CLEAR_DEATH_NOTIFICATION_DONE cookie 0x54a1ac70
D/IPCThreadState( 1476): [DN #5] BR_CLEAR_DEATH_NOTIFICATION_DONE cookie 0x5ca8f238
D/IPCThreadState( 1476): [DN #5] BR_CLEAR_DEATH_NOTIFICATION_DONE cookie 0x59165478
D/IPCThreadState( 1476): [DN #5] BR_CLEAR_DEATH_NOTIFICATION_DONE cookie 0x5a610ec0
D/IPCThreadState( 1476): [DN #5] BR_CLEAR_DEATH_NOTIFICATION_DONE cookie 0x5c7221d0
D/IPCThreadState( 1476): [DN #5] BR_CLEAR_DEATH_NOTIFICATION_DONE cookie 0x5c636a00
D/IPCThreadState( 1476): [DN #5] BR_CLEAR_DEATH_NOTIFICATION_DONE cookie 0x5c516a00
D/IPCThreadState( 1476): [DN #5] BR_CLEAR_DEATH_NOTIFICATION_DONE cookie 0x5c517d58
D/IPCThreadState( 1476): [DN #5] BR_CLEAR_DEATH_NOTIFICATION_DONE cookie 0x54a0c8c8
D/IPCThreadState( 1476): [DN #5] BR_CLEAR_DEATH_NOTIFICATION_DONE cookie 0x5c703d50
D/IPCThreadState( 1476): [DN #5] BR_CLEAR_DEATH_NOTIFICATION_DONE cookie 0x561e26b8
D/IPCThreadState( 1476): [DN #5] BR_CLEAR_DEATH_NOTIFICATION_DONE cookie 0x5c700f00
D/IPCThreadState( 1476): [DN #5] BR_CLEAR_DEATH_NOTIFICATION_DONE cookie 0x5d02ced0
D/IPCThreadState( 1476): [DN #5] BR_CLEAR_DEATH_NOTIFICATION_DONE cookie 0x54a774d0
D/IPCThreadState( 1476): [DN #5] BR_CLEAR_DEATH_NOTIFICATION_DONE cookie 0x5c643820
D/IPCThreadState( 1476): [DN #5] BR_CLEAR_DEATH_NOTIFICATION_DONE cookie 0x5c707748
D/IPCThreadState( 1476): [DN #5] BR_CLEAR_DEATH_NOTIFICATION_DONE cookie 0x5d1340c0
D/IPCThreadState( 1476): [DN #5] BR_CLEAR_DEATH_NOTIFICATION_DONE cookie 0x5c703e28
D/IPCThreadState( 1476): [DN #5] BR_CLEAR_DEATH_NOTIFICATION_DONE cookie 0x55d51f70
D/IPCThreadState( 1476): [DN #5] BR_CLEAR_DEATH_NOTIFICATION_DONE cookie 0x5c27dc18
D/IPCThreadState( 1476): [DN #5] BR_CLEAR_DEATH_NOTIFICATION_DONE cookie 0x59e83aa0
D/IPCThreadState( 1476): [DN #5] BR_CLEAR_DEATH_NOTIFICATION_DONE cookie 0x59e83768
D/IPCThreadState( 1476): [DN #5] BR_CLEAR_DEATH_NOTIFICATION_DONE cookie 0x5915a6a8
D/IPCThreadState( 1476): [DN #5] BR_CLEAR_DEATH_NOTIFICATION_DONE cookie 0x5c74cba8
D/IPCThreadState( 1476): [DN #5] BR_CLEAR_DEATH_NOTIFICATION_DONE cookie 0x53425080
D/IPCThreadState( 1476): [DN #5] BR_CLEAR_DEATH_NOTIFICATION_DONE cookie 0x5a8cd5f8
D/IPCThreadState( 1476): [DN #5] BR_CLEAR_DEATH_NOTIFICATION_DONE cookie 0x54a193e0
D/IPCThreadState( 1476): [DN #5] BR_CLEAR_DEATH_NOTIFICATION_DONE cookie 0x5d029710
D/IPCThreadState( 1476): [DN #5] BR_CLEAR_DEATH_NOTIFICATION_DONE cookie 0x5d0294b0
I/SurfaceTextureClient( 1730): [STC::queueBuffer] (this:0x55df9fe8) fps:3.00, dur:1000.11, max:500.48, min:80.41
I/BufferQueue( 106): [StatusBar](this:0x419c99c8,api:1) [queue] fps:3.00, dur:1000.17, max:500.83, min:80.37
D/IPCThreadState( 1476): [DN #5] BR_CLEAR_DEATH_NOTIFICATION_DONE cookie 0x5c251200
D/IPCThreadState( 1476): [DN #5] BR_CLEAR_DEATH_NOTIFICATION_DONE cookie 0x5c63cb60
D/IPCThreadState( 1476): [DN #5] BR_CLEAR_DEATH_NOTIFICATION_DONE cookie 0x5c59ad98
D/IPCThreadState( 1476): [DN #5] BR_CLEAR_DEATH_NOTIFICATION_DONE cookie 0x5c516e60
D/IPCThreadState( 1476): [DN #5] BR_CLEAR_DEATH_NOTIFICATION_DONE cookie 0x59c13c78
D/IPCThreadState( 1476): [DN #5] BR_CLEAR_DEATH_NOTIFICATION_DONE cookie 0x59c13cb8
D/IPCThreadState( 1476): [DN #5] BR_CLEAR_DEATH_NOTIFICATION_DONE cookie 0x53426d38
D/IPCThreadState( 1476): [DN #5] BR_CLEAR_DEATH_NOTIFICATION_DONE cookie 0x53426d78
D/IPCThreadState( 1476): [DN #5] BR_CLEAR_DEATH_NOTIFICATION_DONE cookie 0x5d022248
D/IPCThreadState( 1476): [DN #5] BR_CLEAR_DEATH_NOTIFICATION_DONE cookie 0x54ab5658
D/IPCThreadState( 1476): [DN #5] BR_CLEAR_DEATH_NOTIFICATION_DONE cookie 0x54ab56b0
D/IPCThreadState( 1476): [DN #5] BR_CLEAR_DEATH_NOTIFICATION_DONE cookie 0x5a69d778
D/IPCThreadState( 1476): [DN #5] BR_CLEAR_DEATH_NOTIFICATION_DONE cookie 0x5ca24590
D/IPCThreadState( 1476): [DN #5] BR_CLEAR_DEATH_NOTIFICATION_DONE cookie 0x5ca245e8
D/IPCThreadState( 1476): [DN #5] BR_CLEAR_DEATH_NOTIFICATION_DONE cookie 0x591cf998
D/IPCThreadState( 1476): [DN #5] BR_CLEAR_DEATH_NOTIFICATION_DONE cookie 0x5cfd0ee8
D/IPCThreadState( 1476): [DN #5] BR_CLEAR_DEATH_NOTIFICATION_DONE cookie 0x5cfd0f40
D/dalvikvm( 1805): GC_EXPLICIT freed 480K (10514), 23% free 6082K/7848K, paused 2ms+5ms, total 27ms
D/IPCThreadState( 1476): [DN #5] BR_CLEAR_DEATH_NOTIFICATION_DONE cookie 0x5c2513c0
D/IPCThreadState( 1476): [DN #5] BR_CLEAR_DEATH_NOTIFICATION_DONE cookie 0x5d137d98
D/IPCThreadState( 1476): [DN #5] BR_CLEAR_DEATH_NOTIFICATION_DONE cookie 0x561d7dc8
D/IPCThreadState( 1476): [DN #5] BR_CLEAR_DEATH_NOTIFICATION_DONE cookie 0x57a06f00
D/IPCThreadState( 1476): [DN #5] BR_CLEAR_DEATH_NOTIFICATION_DONE cookie 0x5c700288
D/IPCThreadState( 1476): [DN #5] BR_CLEAR_DEATH_NOTIFICATION_DONE cookie 0x5be5b768
D/IPCThreadState( 1476): [DN #5] BR_CLEAR_DEATH_NOTIFICATION_DONE cookie 0x55faa8b8
D/IPCThreadState( 1476): [DN #5] BR_CLEAR_DEATH_NOTIFICATION_DONE cookie 0x5c6ff8d8
D/IPCThreadState( 1476): [DN #5] BR_CLEAR_DEATH_NOTIFICATION_DONE cookie 0x5cb67970
D/IPCThreadState( 1476): [DN #5] BR_CLEAR_DEATH_NOTIFICATION_DONE cookie 0x5c705140
D/IPCThreadState( 1476): [DN #5] BR_CLEAR_DEATH_NOTIFICATION_DONE cookie 0x561dc540
D/dalvikvm( 1476): GC_EXPLICIT freed 112K (3195), 26% free 13133K/17516K, paused 3ms+8ms, total 77ms
D/IPCThreadState( 1476): [DN #5] BR_CLEAR_DEATH_NOTIFICATION_DONE cookie 0x5a680e80
D/IPCThreadState( 1476): [DN #5] BR_CLEAR_DEATH_NOTIFICATION_DONE cookie 0x5ca8fb48
D/IPCThreadState( 1476): [DN #5] BR_CLEAR_DEATH_NOTIFICATION_DONE cookie 0x54a23a68
D/IPCThreadState( 1476): [DN #5] BR_CLEAR_DEATH_NOTIFICATION_DONE cookie 0x53426b00
D/IPCThreadState( 1476): [DN #5] BR_CLEAR_DEATH_NOTIFICATION_DONE cookie 0x5ca24748
D/IPCThreadState( 1476): [DN #5] BR_CLEAR_DEATH_NOTIFICATION_DONE cookie 0x59b898a0
D/IPCThreadState( 1476): [DN #5] BR_CLEAR_DEATH_NOTIFICATION_DONE cookie 0x5c6f6b20
D/IPCThreadState( 1476): [DN #5] BR_CLEAR_DEATH_NOTIFICATION_DONE cookie 0x5bd447d0
D/IPCThreadState( 1476): [DN #5] BR_CLEAR_DEATH_NOTIFICATION_DONE cookie 0x59222c58
D/IPCThreadState( 1476): [DN #5] BR_CLEAR_DEATH_NOTIFICATION_DONE cookie 0x59165f60
D/IPCThreadState( 1476): [DN #5] BR_CLEAR_DEATH_NOTIFICATION_DONE cookie 0x59c16e90
D/IPCThreadState( 1476): [DN #5] BR_CLEAR_DEATH_NOTIFICATION_DONE cookie 0x5c70aa80
D/IPCThreadState( 1476): [DN #5] BR_CLEAR_DEATH_NOTIFICATION_DONE cookie 0x59a992f0
D/IPCThreadState( 1476): [DN #5] BR_CLEAR_DEATH_NOTIFICATION_DONE cookie 0x59e63bb8
D/IPCThreadState( 1476): [DN #5] BR_CLEAR_DEATH_NOTIFICATION_DONE cookie 0x5c63ab28
D/IPCThreadState( 1476): [DN #5] BR_CLEAR_DEATH_NOTIFICATION_DONE cookie 0x5c705d78
D/IPCThreadState( 1476): [DN #5] BR_CLEAR_DEATH_NOTIFICATION_DONE cookie 0x5a67fb68
D/IPCThreadState( 1476): [DN #5] BR_CLEAR_DEATH_NOTIFICATION_DONE cookie 0x5c27de10
D/IPCThreadState( 1476): [DN #5] BR_CLEAR_DEATH_NOTIFICATION_DONE cookie 0x5c706768
D/IPCThreadState( 1476): [DN #5] BR_CLEAR_DEATH_NOTIFICATION_DONE cookie 0x5d029088
D/IPCThreadState( 1476): [DN #5] BR_CLEAR_DEATH_NOTIFICATION_DONE cookie 0x592253f8
D/IPCThreadState( 1476): [DN #5] BR_CLEAR_DEATH_NOTIFICATION_DONE cookie 0x5a8cdb90
D/IPCThreadState( 1476): [DN #5] BR_CLEAR_DEATH_NOTIFICATION_DONE cookie 0x561e8be8
D/IPCThreadState( 1476): [DN #5] BR_CLEAR_DEATH_NOTIFICATION_DONE cookie 0x5d135f98
D/IPCThreadState( 1476): [DN #5] BR_CLEAR_DEATH_NOTIFICATION_DONE cookie 0x5c6f9028
D/IPCThreadState( 1476): [DN #5] BR_CLEAR_DEATH_NOTIFICATION_DONE cookie 0x5a8cd920
D/IPCThreadState( 1476): [DN #5] BR_CLEAR_DEATH_NOTIFICATION_DONE cookie 0x54a1ac70
D/IPCThreadState( 1476): [DN #5] BR_CLEAR_DEATH_NOTIFICATION_DONE cookie 0x54a25ba8
D/IPCThreadState( 1476): [DN #5] BR_CLEAR_DEATH_NOTIFICATION_DONE cookie 0x5c74cf38
D/IPCThreadState( 1476): [DN #5] BR_CLEAR_DEATH_NOTIFICATION_DONE cookie 0x40ece768
D/IPCThreadState( 1476): [DN #5] BR_CLEAR_DEATH_NOTIFICATION_DONE cookie 0x59e6fb78
D/IPCThreadState( 1476): [DN #5] BR_CLEAR_DEATH_NOTIFICATION_DONE cookie 0x5bd43f00
D/IPCThreadState( 1476): [DN #5] BR_CLEAR_DEATH_NOTIFICATION_DONE cookie 0x59b8a2f0
D/IPCThreadState( 1476): [DN #5] BR_CLEAR_DEATH_NOTIFICATION_DONE cookie 0x52f6a318
D/IPCThreadState( 1476): [DN #5] BR_CLEAR_DEATH_NOTIFICATION_DONE cookie 0x579fe970
D/IPCThreadState( 1476): [DN #5] BR_CLEAR_DEATH_NOTIFICATION_DONE cookie 0x5cb67170
D/IPCThreadState( 1476): [DN #5] BR_CLEAR_DEATH_NOTIFICATION_DONE cookie 0x5916cac0
D/IPCThreadState( 1476): [DN #5] BR_CLEAR_DEATH_NOTIFICATION_DONE cookie 0x5600b0e8
D/IPCThreadState( 1476): [DN #5] BR_CLEAR_DEATH_NOTIFICATION_DONE cookie 0x5a610f20
D/IPCThreadState( 1476): [DN #5] BR_CLEAR_DEATH_NOTIFICATION_DONE cookie 0x55faa000
D/IPCThreadState( 1476): [DN #5] BR_CLEAR_DEATH_NOTIFICATION_DONE cookie 0x5a5dac08
D/IPCThreadState( 1476): [DN #5] BR_CLEAR_DEATH_NOTIFICATION_DONE cookie 0x579e7f98
D/IPCThreadState( 1476): [DN #5] BR_CLEAR_DEATH_NOTIFICATION_DONE cookie 0x5c74cd90
D/IPCThreadState( 1476): [DN #5] BR_CLEAR_DEATH_NOTIFICATION_DONE cookie 0x5c63cda0
D/IPCThreadState( 1476): [DN #5] BR_CLEAR_DEATH_NOTIFICATION_DONE cookie 0x59163290
D/IPCThreadState( 1476): [DN #5] BR_CLEAR_DEATH_NOTIFICATION_DONE cookie 0x5c707748
D/IPCThreadState( 1476): [DN #5] BR_CLEAR_DEATH_NOTIFICATION_DONE cookie 0x5c643820
D/IPCThreadState( 1476): [DN #5] BR_CLEAR_DEATH_NOTIFICATION_DONE cookie 0x54a774d0
D/IPCThreadState( 1476): [DN #5] BR_CLEAR_DEATH_NOTIFICATION_DONE cookie 0x5d02ced0
D/IPCThreadState( 1476): [DN #5] BR_CLEAR_DEATH_NOTIFICATION_DONE cookie 0x5c700f00
D/IPCThreadState( 1476): [DN #5] BR_CLEAR_DEATH_NOTIFICATION_DONE cookie 0x561e26b8
D/IPCThreadState( 1476): [DN #5] BR_CLEAR_DEATH_NOTIFICATION_DONE cookie 0x5c703d50
D/IPCThreadState( 1476): [DN #5] BR_CLEAR_DEATH_NOTIFICATION_DONE cookie 0x54a0c8c8
D/IPCThreadState( 1476): [DN #5] BR_CLEAR_DEATH_NOTIFICATION_DONE cookie 0x5c517d58
I/wpa_supplicant( 3563): wlan0: Authentication with 4e:22:a1:19:ee:13 timed out.
D/wpa_supplicant( 3563): CTRL_IFACE monitor send
D/wpa_supplicant( 3563): 2f646174612f6d6973632f776966692f736f636b6574732f7770615f6374726c5f313437362d313400
D/wpa_supplicant( 3563): Added BSSID 4e:22:a1:19:ee:13 into blacklist
D/wpa_supplicant( 3563): wpa_driver_nl80211_disconnect(addr=4e:22:a1:19:ee:13 reason_code=3)
D/WifiCommon( 1476): [wlan0]GET "Authentication with 4e:22:a1:19:ee:13 timed out."
D/StateMachine( 1476): handleMessage: E msg.what=147463
D/StateMachine( 1476): processMsg: DisconnectedState
D/WifiStateMachine( 1476): DisconnectedState{ what=147463 when=0 target=Handler (com.android.internal.util.StateMachine$SmHandler) {41600490} }
D/StateMachine( 1476): processMsg: ConnectModeState
D/WifiStateMachine( 1476): ConnectModeState{ what=147463 when=-1ms target=Handler (com.android.internal.util.StateMachine$SmHandler) {41600490} }
D/StateMachine( 1476): handleMessage: X
D/SupplicantStateTracker( 1476): AUTHENTICATION_FAILURE_EVENT, mAuthenticationFailuresCount:2
D/IPCThreadState( 1476): [DN #5] BR_CLEAR_DEATH_NOTIFICATION_DONE cookie 0x5c516a00
D/wpa_supplicant( 3563): wlan0: Event DISASSOC (1) received
D/wpa_supplicant( 3563): wlan0: Disassociation notification
D/wpa_supplicant( 3563): wlan0: * reason 3 (locally generated)
D/wpa_supplicant( 3563): Disassociation frame IE(s)
D/wpa_supplicant( 3563): 2f646174612f6d6973632f776966692f736f636b6574732f7770615f6374726c5f313437362d313400
I/wpa_supplicant( 3563): wlan0: CTRL-EVENT-DISCONNECTED bssid=4e:22:a1:19:ee:13 reason=3 locally_generated=1
D/wpa_supplicant( 3563): CTRL_IFACE monitor send
D/wpa_supplicant( 3563): 2f646174612f6d6973632f776966692f736f636b6574732f7770615f6374726c5f313437362d313400
D/wpa_supplicant( 3563): wlan0: Auto connect enabled: try to reconnect (wps=0 wpa_state=6)
D/wpa_supplicant( 3563): wlan0: Setting scan request: 0 sec 500000 usec
D/wpa_supplicant( 3563): BSSID 4e:22:a1:19:ee:13 blacklist count incremented to 2
D/wpa_supplicant( 3563): wlan0: Setting scan request: 0 sec 500000 usec
D/wpa_supplicant( 3563): wlan0: Disconnect event - remove keys
D/wpa_supplicant( 3563): wpa_driver_nl80211_set_key: ifindex=8 alg=0 addr=0x0 key_idx=0 set_tx=0 seq_len=0 key_len=0
D/wpa_supplicant( 3563): wpa_driver_nl80211_set_key: ifindex=8 alg=0 addr=0x0 key_idx=1 set_tx=0 seq_len=0 key_len=0
D/wpa_supplicant( 3563): wpa_driver_nl80211_set_key: ifindex=8 alg=0 addr=0x0 key_idx=2 set_tx=0 seq_len=0 key_len=0
D/wpa_supplicant( 3563): wpa_driver_nl80211_set_key: ifindex=8 alg=0 addr=0x0 key_idx=3 set_tx=0 seq_len=0 key_len=0
D/wpa_supplicant( 3563): wpa_driver_nl80211_set_key: ifindex=8 alg=0 addr=0x4140fbc0 key_idx=0 set_tx=0 seq_len=0 key_len=0
D/wpa_supplicant( 3563): addr=4e:22:a1:19:ee:13
D/wpa_supplicant( 3563): wlan0: State: ASSOCIATED -> DISCONNECTED
D/wpa_supplicant( 3563): wpa_driver_nl80211_set_operstate: operstate 0->0 (DORMANT)
D/wpa_supplicant( 3563): netlink: Operstate: linkmode=-1, operstate=5
D/wpa_supplicant( 3563): CTRL_IFACE monitor send
D/wpa_supplicant( 3563): 2f646174612f6d6973632f776966692f736f636b6574732f7770615f6374726c5f313437362d313400
D/wpa_supplicant( 3563): EAPOL: External notification - portEnabled=0
D/wpa_supplicant( 3563): EAPOL: SUPP_PAE entering state DISCONNECTED
D/wpa_supplicant( 3563): EAPOL: Supplicant port status: Unauthorized
D/wpa_supplicant( 3563): EAPOL: SUPP_BE entering state INITIALIZE
D/wpa_supplicant( 3563): EAP: EAP entering state DISABLED
D/wpa_supplicant( 3563): EAPOL: Supplicant port status: Unauthorized
D/wpa_supplicant( 3563): EAPOL: External notification - portValid=0
D/wpa_supplicant( 3563): EAPOL: Supplicant port status: Unauthorized
D/wpa_supplicant( 3563): wlan0: No keys have been configured - skip key clearing
D/wpa_supplicant( 3563): wlan0: State: DISCONNECTED -> DISCONNECTED
D/wpa_supplicant( 3563): wpa_driver_nl80211_set_operstate: operstate 0->0 (DORMANT)
D/wpa_supplicant( 3563): netlink: Operstate: linkmode=-1, operstate=5
D/wpa_supplicant( 3563): EAPOL: External notification - portEnabled=0
D/wpa_supplicant( 3563): EAPOL: Supplicant port status: Unauthorized
D/wpa_supplicant( 3563): EAPOL: External notification - portValid=0
D/wpa_supplicant( 3563): EAPOL: Supplicant port status: Unauthorized
D/wpa_supplicant( 3563): wlan0: Setting scan request: 1 sec 0 usec
D/wpa_supplicant( 3563): RTM_NEWLINK: operstate=0 ifi_flags=0x11003 ([UP][LOWER_UP])
D/wpa_supplicant( 3563): RTM_NEWLINK, IFLA_IFNAME: Interface 'wlan0' added
D/wpa_supplicant( 3563): nl80211: if_removed already cleared - ignore event
D/wpa_supplicant( 3563): RTM_NEWLINK: operstate=0 ifi_flags=0x11003 ([UP][LOWER_UP])
D/wpa_supplicant( 3563): RTM_NEWLINK, IFLA_IFNAME: Interface 'wlan0' added
D/wpa_supplicant( 3563): nl80211: if_removed already cleared - ignore event
D/wpa_supplicant( 3563): nl80211: Event message available
D/wpa_supplicant( 3563): wlan0: Event DEAUTH (12) received
D/wpa_supplicant( 3563): wlan0: Deauthentication notification
D/wpa_supplicant( 3563): wlan0: * reason 0 (locally generated)
D/wpa_supplicant( 3563): Deauthentication frame IE(s)
D/wpa_supplicant( 3563): 2f646174612f6d6973632f776966692f736f636b6574732f7770615f6374726c5f313437362d313400
D/wpa_supplicant( 3563): wlan0: Auto connect enabled: try to reconnect (wps=0 wpa_state=0)
D/wpa_supplicant( 3563): wlan0: Do not request new immediate scan
D/wpa_supplicant( 3563): wlan0: Disconnect event - remove keys
D/wpa_supplicant( 3563): wpa_driver_nl80211_set_key: ifindex=8 alg=0 addr=0x0 key_idx=0 set_tx=0 seq_len=0 key_len=0
D/wpa_supplicant( 3563): wpa_driver_nl80211_set_key: ifindex=8 alg=0 addr=0x0 key_idx=1 set_tx=0 seq_len=0 key_len=0
D/wpa_supplicant( 3563): wpa_driver_nl80211_set_key: ifindex=8 alg=0 addr=0x0 key_idx=2 set_tx=0 seq_len=0 key_len=0
D/wpa_supplicant( 3563): wpa_driver_nl80211_set_key: ifindex=8 alg=0 addr=0x0 key_idx=3 set_tx=0 seq_len=0 key_len=0
D/wpa_supplicant( 3563): wpa_driver_nl80211_set_key: ifindex=8 alg=0 addr=0x4140fbc0 key_idx=0 set_tx=0 seq_len=0 key_len=0
D/wpa_supplicant( 3563): addr=00:00:00:00:00:00
D/wpa_supplicant( 3563): wlan0: State: DISCONNECTED -> DISCONNECTED
D/wpa_supplicant( 3563): wpa_driver_nl80211_set_operstate: operstate 0->0 (DORMANT)
D/wpa_supplicant( 3563): netlink: Operstate: linkmode=-1, operstate=5
D/wpa_supplicant( 3563): EAPOL: External notification - portEnabled=0
D/wpa_supplicant( 3563): EAPOL: Supplicant port status: Unauthorized
D/wpa_supplicant( 3563): EAPOL: External notification - portValid=0
D/wpa_supplicant( 3563): EAPOL: Supplicant port status: Unauthorized
I/Netd ( 103): Get netlink event, ifname: wlan0 action: 4
W/ThrottleController( 103): updateModemThrottle warning: rx -1, tx -1 !
D/SocketClient( 103): SocketClient msg = Iface linkstate wlan0 up
D/SocketClient( 103): SocketClient sendDatalocked done: 600 Iface linkstate wlan0 up
I/Netd ( 103): Get netlink event, ifname: wlan0 action: 4
W/ThrottleController( 103): updateModemThrottle warning: rx -1, tx -1 !
D/SocketClient( 103): SocketClient msg = Iface linkstate wlan0 up
D/SocketClient( 103): SocketClient sendDatalocked done: 600 Iface linkstate wlan0 up
D/WifiCommon( 1476): [wlan0]GET "CTRL-EVENT-DISCONNECTED bssid=4e:22:a1:19:ee:13 reason=3 locally_generated=1"
D/WifiCommon( 1476): [wlan0]GET "CTRL-EVENT-STATE-CHANGE id=0 state=0 BSSID=4e:22:a1:19:ee:13 SSID=FreeWifi_secure"
D/StateMachine( 1476): handleMessage: E msg.what=147460
D/NetdConnector( 1476): RCV <- {600 Iface linkstate wlan0 up}
D/StateMachine( 1476): processMsg: DisconnectedState
D/WifiStateMachine( 1476): DisconnectedState{ what=147460 when=-1ms arg1=-1 target=Handler (com.android.internal.util.StateMachine$SmHandler) {41600490} }
D/StateMachine( 1476): handleMessage: X
D/StateMachine( 1476): handleMessage: E msg.what=147462
D/StateMachine( 1476): processMsg: DisconnectedState
D/WifiStateMachine( 1476): DisconnectedState{ what=147462 when=-1ms obj=android.net.wifi.StateChangeResult@418d8040 target=Handler (com.android.internal.util.StateMachine$SmHandler) {41600490} }
D/WifiStateMachine( 1476): setDetailed state, old =CONNECTING and new state=DISCONNECTED
D/NetdConnector( 1476): RCV <- {600 Iface linkstate wlan0 up}
D/StateMachine( 1476): processMsg: ConnectModeState
D/WifiStateMachine( 1476): ConnectModeState{ what=147462 when=-3ms obj=android.net.wifi.StateChangeResult@418d8040 target=Handler (com.android.internal.util.StateMachine$SmHandler) {41600490} }
D/Tethering( 1476): interfaceLinkStateChanged wlan0, true
D/Tethering( 1476): interfaceStatusChanged wlan0, true
D/StateMachine( 1476): handleMessage: X
V/ActivityManager( 1476): Broadcast sticky: Intent { act=android.net.wifi.supplicant.STATE_CHANGE flg=0x28000010 (has extras) } ordered=false userid=-1
D/Tethering( 1476): interfaceLinkStateChanged wlan0, true
D/Tethering( 1476): interfaceStatusChanged wlan0, true
I/WifiSettings( 2750): [Performance test][Settings][wifi] wifi forget end [1380452156745]
D/IPCThreadState( 1476): [DN #5] BR_CLEAR_DEATH_NOTIFICATION_DONE cookie 0x54ab5658
D/IPCThreadState( 1476): [DN #5] BR_CLEAR_DEATH_NOTIFICATION_DONE cookie 0x5c259868
D/IPCThreadState( 1476): [DN #5] BR_CLEAR_DEATH_NOTIFICATION_DONE cookie 0x5c706088
D/IPCThreadState( 1476): [DN #5] BR_CLEAR_DEATH_NOTIFICATION_DONE cookie 0x5d1340c0
D/IPCThreadState( 1476): [DN #5] BR_CLEAR_DEATH_NOTIFICATION_DONE cookie 0x5a5df590
D/IPCThreadState( 1476): [DN #5] BR_CLEAR_DEATH_NOTIFICATION_DONE cookie 0x59229c58
D/IPCThreadState( 1476): [DN #5] BR_CLEAR_DEATH_NOTIFICATION_DONE cookie 0x5cb67d20
D/IPCThreadState( 1476): [DN #5] BR_CLEAR_DEATH_NOTIFICATION_DONE cookie 0x5c2513c0
D/IPCThreadState( 1476): [DN #5] BR_CLEAR_DEATH_NOTIFICATION_DONE cookie 0x5d0294b0
D/IPCThreadState( 1476): [DN #5] BR_CLEAR_DEATH_NOTIFICATION_DONE cookie 0x5d029710
D/IPCThreadState( 1476): [DN #5] BR_CLEAR_DEATH_NOTIFICATION_DONE cookie 0x5cfd0718
D/IPCThreadState( 1476): [DN #5] BR_CLEAR_DEATH_NOTIFICATION_DONE cookie 0x5916a608
D/IPCThreadState( 1476): [DN #5] BR_CLEAR_DEATH_NOTIFICATION_DONE cookie 0x59af7970
D/IPCThreadState( 1476): [DN #5] BR_CLEAR_DEATH_NOTIFICATION_DONE cookie 0x591700b8
D/IPCThreadState( 1476): [DN #5] BR_CLEAR_DEATH_NOTIFICATION_DONE cookie 0x5c70d5c0
D/IPCThreadState( 1476): [DN #5] BR_CLEAR_DEATH_NOTIFICATION_DONE cookie 0x5c703e28
D/IPCThreadState( 1476): [DN #5] BR_CLEAR_DEATH_NOTIFICATION_DONE cookie 0x5c94fbc8
V/ActivityManager( 1476): getTasks: max=1, flags=0, receiver=null
V/ActivityManager( 1476): com.android.settings/.SubSettings: task=TaskRecord{41961c40 #3 A com.android.settings U 0}
V/ActivityManager( 1476): com.android.settings/.Settings: task=TaskRecord{41961c40 #3 A com.android.settings U 0}
V/ActivityManager( 1476): We have pending thumbnails: null
D/IPCThreadState( 1476): [DN #5] BR_CLEAR_DEATH_NOTIFICATION_DONE cookie 0x5915e928
D/IPCThreadState( 1476): [DN #5] BR_CLEAR_DEATH_NOTIFICATION_DONE cookie 0x54a181c0
D/IPCThreadState( 1476): [DN #5] BR_CLEAR_DEATH_NOTIFICATION_DONE cookie 0x5cb67970
D/IPCThreadState( 1476): [DN #5] BR_CLEAR_DEATH_NOTIFICATION_DONE cookie 0x5d137d98
D/IPCThreadState( 1476): [DN #5] BR_CLEAR_DEATH_NOTIFICATION_DONE cookie 0x561dc540
D/IPCThreadState( 1476): [DN #5] BR_CLEAR_DEATH_NOTIFICATION_DONE cookie 0x5c6ff8d8
I/MediaScannerClient( 1805): MediaScannerClient ~Decons
D/MediaProvider( 1805): changeTransactionCount: count=1
V/MediaProvider( 1805): insertInternal: content://media/external/file, initValues=title=╖+^⌡≥µ mime_type=null date_modified=883972046 _size=0 format=12288 _data=/storage/sdcard0/clockworkmod/blobs/.gc/z/╖+^⌡≥µ.φ╟₧ is_drm=false
I/SurfaceTextureClient( 2750): [STC::queueBuffer] (this:0x56e46bc0) fps:0.09, dur:55203.81, max:55138.07, min:15.71
I/SurfaceTextureClient( 2750): [STC::queueBuffer] this:0x56e46bc0, api:1, last queue time elapsed:55138.07
I/BufferQueue( 106): [com.android.settings/com.android.settings.SubSettings](this:0x419dc098,api:1) [queue] fps:0.09, dur:55203.87, max:55138.27, min:15.56
D/DefaultWifiExt( 2750): getApOrder(),return 0
D/DefaultWifiExt( 2750): getApOrder(),return 0
D/DefaultWifiExt( 2750): getApOrder(),return 0
D/DefaultWifiExt( 2750): getApOrder(),return 0
D/DefaultWifiExt( 2750): getApOrder(),return 0
D/DefaultWifiExt( 2750): getApOrder(),return 0
D/DefaultWifiExt( 2750): getApOrder(),return 0
D/DefaultWifiExt( 2750): getApOrder(),return 0
I/BufferQueue( 106): [com.android.settings/com.android.settings.SubSettings](this:0x419dc098,api:1) [release] fps:0.32, dur:55958.51, max:55133.33, min:16.59
I/SurfaceTextureClient( 106): [STC::queueBuffer] (this:0x41574710) fps:2.61, dur:1533.09, max:533.37, min:83.29
I/BufferQueue( 106): [FramebufferSurface](this:0x41573c08,api:1) [release] fps:2.61, dur:1533.08, max:533.41, min:83.28
I/BufferQueue( 106): [FramebufferSurface](this:0x41573c08,api:1) [queue] fps:2.61, dur:1533.07, max:533.44, min:83.27
I/SurfaceFlinger( 106): [SurfaceFlinger] fps:2.609157,dur:1533.06,max:533.43,min:83.27
V/ActivityManager( 1476): Broadcast sticky: Intent { act=android.intent.action.SIG_STR flg=0x10 (has extras) } ordered=false userid=-1
D/NetworkControllerGemini( 1730): PhoneStateListener:onSignalStrengthsChanged, sim1 before.
D/NetworkControllerGemini( 1730): PhoneStateListener:onSignalStrengthsChanged, signalStrength=3
D/NetworkControllerGemini( 1730): updateDataNetType(0), DataNetType=10.
D/NetworkControllerGemini( 1730): updateDataNetType(0), simColorId=0
D/TelephonyManagerEx( 1730): isNetworkRoaming
D/NetworkControllerGemini( 1730): updateDataNetType(0) RoamingresId= 2130837933 simColorId = 0
D/NetworkControllerGemini( 1730): updateDataNetType(0), DataNetType3G=Type_3G tempDataTypeIconId= 2130837914.
D/Bluetooth HS/HF( 1818): [BT][HFG] [API] mStateReceiver.onReceive(android.intent.action.SIG_STR)
D/Bluetooth HS/HF( 1818): [BT][HFG] [API] mHandler.handleMessage(10)
D/NetworkControllerGemini( 1730): isSimInserted(0), SimInserted=true
D/NetworkControllerGemini( 1730): updateTelephonySignalStrength(0), regState=5
D/NetworkControllerGemini( 1730): updateTelephonySignalStrength(0), hasService=true
D/TelephonyManagerEx( 1730): isNetworkRoaming
D/NetworkControllerGemini( 1730): updateTelephonySignalStrength(0), isRoaming=true, mInetCondition=0
D/NetworkControllerGemini( 1730): updateTelephonySignalStrength(0), simColorId=0
D/NetworkControllerGemini( 1730): updateTelephonySignalStrength(0), tempDataNetType = Type_3G , simColorId=0 tempPhoneSignalIconId[0] = 2130837950 tempPhoneSignalIconId[1] = 0
D/NetworkControllerGemini( 1730): updateTelephonySignalStrength(0) tempSIMCUSignVisible= true
D/NetworkControllerGemini( 1730): updateTelephonySignalStrength(0) mSIMCUSignVisible = true
D/NetworkControllerGemini( 1730): refreshViews(0), DataConnected=false simColorId = 0
D/TelephonyManagerEx( 1730): isNetworkRoaming
D/NetworkControllerGemini( 1730): refreshViews(0) RoamingresId= 2130837933 simColorId = 0
D/NetworkControllerGemini( 1730): refreshViews(0), dataTypeIconId=0
D/SignalClusterViewGemini( 1730): setShowSimIndicator(0), showSimIndicator=false simIndicatorResource = 0
D/SignalClusterViewGemini( 1730): setDataConnected(0), dataConnected=false
D/SignalClusterViewGemini( 1730): setDataNetType3G(0), dataNetType=Type_3G
D/SignalClusterViewGemini( 1730): apply : mShowSimIndicator = false mSimIndicatorResource = 0 mShowSimIndicatorGemini = false mSimIndicatorResourceGemini = 0
D/SignalClusterViewGemini( 1730): apply, mMobileVisible=true mMobileActivityId=0 mMobileTypeId=0 mMobileStrengthId[0] = 2130837950 mMobileStrengthId[1] = 0
D/SignalClusterViewGemini( 1730): isSimInserted(0), SimInserted=true
D/SignalClusterViewGemini( 1730): mDataNetType =Type_3G resId= 0 simColorId = 0
D/SignalClusterViewGemini( 1730): apply, mMobileVisibleGemini=true mMobileActivityIdGemini=0 mMobileTypeIdGemini=0 mMobileStrengthIdGemini[0] = 2130837960 mMobileStrengthIdGemini[1] = 0
D/TelephonyManager( 1980): getDefaultSim is sim1
D/TelephonyManager( 1980): getDefaultSim is sim1
D/SignalClusterViewGemini( 1730): isSimInserted(1), SimInserted=false
D/SignalClusterViewGemini( 1730): apply, mMobileVisible=true, mWifiVisible=false, mIsAirplaneMode=false
D/NetworkControllerGemini( 1730): PhoneStateListener:onSignalStrengthsChanged, sim1 after.
I/BufferQueue( 106): [StatusBar](this:0x419c99c8,api:1) [release] fps:2.53, dur:1583.22, max:583.26, min:83.37
V/MediaProvider( 1805): inserting directory /storage/sdcard0/clockworkmod/blobs/.gc/z
V/MediaProvider( 1805): Queried /storage/sdcard0/clockworkmod/blobs/.gc
V/MediaProvider( 1805): Inserted /storage/sdcard0/clockworkmod/blobs/.gc/z
V/MediaProvider( 1805): insertFile: values=bucket_id=-374510157 media_type=0 storage_id=65537 date_modified=883972046 parent=52753 format=12288 file_name=╖+^⌡≥µ.φ╟₧ bucket_display_name=z is_drm=false title=╖+^⌡≥µ mime_type=null date_added=1380452156 _size=0 _data=/storage/sdcard0/clockworkmod/blobs/.gc/z/╖+^⌡≥µ.φ╟₧ returned: 52754
V/MediaProvider( 1805): insertInternal: content://media/external/file, initValues=title=.\iε mime_type=null date_modified=2059211400 _size=0 format=12288 _data=/storage/sdcard0/clockworkmod/blobs/.gc/∩δ╦║s/.\iε is_drm=false
V/MediaProvider( 1805): inserting directory /storage/sdcard0/clockworkmod/blobs/.gc/∩δ╦║s
V/MediaProvider( 1805): Returning cached entry for /storage/sdcard0/clockworkmod/blobs/.gc
V/MediaProvider( 1805): Inserted /storage/sdcard0/clockworkmod/blobs/.gc/∩δ╦║s
V/MediaProvider( 1805): insertFile: values=bucket_id=-76602087 media_type=0 storage_id=65537 date_modified=2059211400 parent=52755 format=12288 file_name=.\iε bucket_display_name=∩δ╦║s is_drm=false title=.\iε mime_type=null date_added=1380452157 _size=0 _data=/storage/sdcard0/clockworkmod/blobs/.gc/∩δ╦║s/.\iε returned: 52756
V/MediaProvider( 1805): insertInternal: content://media/external/file, initValues=title=σÄ mime_type=null date_modified=315525600 _size=0 format=12288 _data=/storage/sdcard0/clockworkmod/blobs/.gc/]⌡F░Iî./σÄ is_drm=false
V/MediaProvider( 1805): inserting directory /storage/sdcard0/clockworkmod/blobs/.gc/]⌡F░Iî.
V/MediaProvider( 1805): Returning cached entry for /storage/sdcard0/clockworkmod/blobs/.gc
V/MediaProvider( 1805): Inserted /storage/sdcard0/clockworkmod/blobs/.gc/]⌡F░Iî.
V/MediaProvider( 1805): insertFile: values=bucket_id=-481928639 media_type=0 storage_id=65537 date_modified=315525600 parent=52757 format=12288 file_name=σÄ bucket_display_name=]⌡F░Iî. is_drm=false title=σÄ mime_type=null date_added=1380452157 _size=0 _data=/storage/sdcard0/clockworkmod/blobs/.gc/]⌡F░Iî./σÄ returned: 52758
V/MediaProvider( 1805): insertInternal: content://media/external/file, initValues=title=╘å⌐g╬╓ mime_type=null date_modified=734527634 _size=0 format=12288 _data=/storage/sdcard0/clockworkmod/blobs/.gc/▀/╘å⌐g╬╓.^╢± is_drm=false
V/MediaProvider( 1805): inserting directory /storage/sdcard0/clockworkmod/blobs/.gc/▀
V/MediaProvider( 1805): Returning cached entry for /storage/sdcard0/clockworkmod/blobs/.gc
V/MediaProvider( 1805): Inserted /storage/sdcard0/clockworkmod/blobs/.gc/▀
V/MediaProvider( 1805): insertFile: values=bucket_id=-374500679 media_type=0 storage_id=65537 date_modified=734527634 parent=52759 format=12288 file_name=╘å⌐g╬╓.^╢± bucket_display_name=▀ is_drm=false title=╘å⌐g╬╓ mime_type=null date_added=1380452157 _size=0 _data=/storage/sdcard0/clockworkmod/blobs/.gc/▀/╘å⌐g╬╓.^╢± returned: 52760
V/MediaProvider( 1805): insertInternal: content://media/external/file, initValues=title= mime_type=null date_modified=315525600 _size=0 format=12288 _data=/storage/sdcard0/clockworkmod/blobs/.gc/ZS╘<ƒQ.º/ is_drm=false
V/MediaProvider( 1805): inserting directory /storage/sdcard0/clockworkmod/blobs/.gc/ZS╘<ƒQ.º
V/MediaProvider( 1805): Returning cached entry for /storage/sdcard0/clockworkmod/blobs/.gc
V/MediaProvider( 1805): Inserted /storage/sdcard0/clockworkmod/blobs/.gc/ZS╘<ƒQ.º
V/MediaProvider( 1805): insertFile: values=bucket_id=606282258 media_type=0 storage_id=65537 date_modified=315525600 parent=52761 format=12288 file_name= bucket_display_name=ZS╘<ƒQ.º is_drm=false title= mime_type=null date_added=1380452157 _size=0 _data=/storage/sdcard0/clockworkmod/blobs/.gc/ZS╘<ƒQ.º/ returned: 52762
V/MediaProvider( 1805): insertInternal: content://media/external/file, initValues=title=.±w mime_type=null date_modified=315525600 _size=0 format=12288 _data=/storage/sdcard0/clockworkmod/blobs/.gc/7X'ù7ç/.±w is_drm=false
V/MediaProvider( 1805): inserting directory /storage/sdcard0/clockworkmod/blobs/.gc/7X'ù7ç
V/MediaProvider( 1805): Returning cached entry for /storage/sdcard0/clockworkmod/blobs/.gc
V/MediaProvider( 1805): Inserted /storage/sdcard0/clockworkmod/blobs/.gc/7X'ù7ç
V/MediaProvider( 1805): insertFile: values=bucket_id=756095424 media_type=0 storage_id=65537 date_modified=315525600 parent=52763 format=12288 file_name=.±w bucket_display_name=7X'ù7ç is_drm=false title=.±w mime_type=null date_added=1380452157 _size=0 _data=/storage/sdcard0/clockworkmod/blobs/.gc/7X'ù7ç/.±w returned: 52764
D/MediaProvider( 1805): changeTransactionCount: count=0
D/IPCThreadState( 1476): [DN #5] BR_CLEAR_DEATH_NOTIFICATION_DONE cookie 0x5c59be50
D/MediaScanner( 1805): prescan time: 39783ms
D/MediaScanner( 1805): scan time: 259412ms
D/MediaScanner( 1805): postscan time: 2ms
D/MediaScanner( 1805): total time: 299197ms
V/Provider/Settings( 1805): invalidate [system]: current 6 != cached 3
D/SettingsProvider( 1476): call request for 0
V/SettingsProvider( 1476): call(system:time_12_24) for 0
D/SettingsProvider( 1476): lookupValue table system cache contains Key time_12_24 , value = null
D/SettingsProvider( 1476): lookupValue table system cache.fullyMatchesDisk() time_12_24
V/Provider/Settings( 1805): from db cache, name = time_12_24 , value = null
V/ActivityManager( 1476): Broadcast: Intent { act=android.intent.action.MEDIA_SCANNER_FINISHED dat=file:///storage/sdcard0 flg=0x10 } ordered=false userid=0
D/AudioProfileService( 1476): mUpgradeReceiver start update profile: action = android.intent.action.MEDIA_SCANNER_FINISHED
I/AudioProfileService( 1476): mUpgradeReceive in IS_SUPPORT_SDCARD_SWAP case: profileKey = mtk_audioprofile_general
I/AudioProfileService( 1476): mUpgradeReceive in IS_SUPPORT_SDCARD_SWAP case: profileKey = mtk_audioprofile_meeting
I/AudioProfileService( 1476): mUpgradeReceive in IS_SUPPORT_SDCARD_SWAP case: profileKey = mtk_audioprofile_outdoor
D/AudioProfileService( 1476): mUpgradeReceiver<<<
D/AudioProfileService( 1476): handleMessage what = 1, name = 1, value = -1 or content://media/internal/audio/media/9
D/Provider/Settings( 1476): put string name = ringtone , value = content://media/internal/audio/media/9 userHandle = 0
D/SettingsProvider( 1476): call request for 0
V/SettingsProvider( 1476): call_put(system:ringtone=content://media/internal/audio/media/9) for 0
V/SettingsProvider( 1476): insert(content://settings/system) for user 0 by 0
D/SettingsProvider( 1476): insert(content://settings/system) for user 0 by 0
D/SettingsProvider( 1476): redundant, old Value: content://media/internal/audio/media/9 new value: content://media/internal/audio/media/9
D/PowerManagerService( 1476): releaseWakeLockInternal: lock=1103749760, flags=0x0
D/PowerManagerService( 1476): updateWakeLockSummaryLocked: mWakefulness=Awake, mWakeLockSummary=0x0
I/RingtoneManager( 1476): Set actual default ringtone uri= content://media/internal/audio/media/9
D/PowerManagerService( 1476): newScreenState = 1
D/PowerManagerDisplayController( 1476): requestPowerState: screenState=1, useProximitySensor=false, screenBrightness=204, screenAutoBrightnessAdjustment=0.0, useAutoBrightness=false, useEcoBrightness=false, blockScreenOn=false, waitForNegativeProximity=false
D/AudioProfileService( 1476): handleMessage what = 3, name = 8, value = -1 or content://media/internal/audio/media/9
D/Provider/Settings( 1476): put string name = video_call , value = content://media/internal/audio/media/9 userHandle = 0
D/SettingsProvider( 1476): call request for 0
I/PowerManagerService( 1476): setBrightness mButtonLight 0.
D/PowerManagerService( 1476): updateScreenStateLocked: mDisplayReady=true, newScreenState=1, mWakefulness=1, mWakeLockSummary=0x0, mUserActivitySummary=0x2, mBootCompleted=true
D/PowerManagerService( 1476): handleSandman: canDream=true, mWakefulness=Awake
D/IPCThreadState( 1476): [DN #5] BR_CLEAR_DEATH_NOTIFICATION_DONE cookie 0x5c638690
D/MediaScannerService( 1805): done scanning volume external
V/SettingsProvider( 1476): call_put(system:video_call=content://media/internal/audio/media/9) for 0
V/SettingsProvider( 1476): insert(content://settings/system) for user 0 by 0
D/SettingsProvider( 1476): insert(content://settings/system) for user 0 by 0
D/SettingsProvider( 1476): redundant, old Value: content://media/internal/audio/media/9 new value: content://media/internal/audio/media/9
I/RingtoneManager( 1476): Set actual default ringtone uri= content://media/internal/audio/media/9
D/AudioProfileService( 1476): handleMessage what = 2, name = 2, value = -1 or content://media/internal/audio/media/7
D/Provider/Settings( 1476): put string name = notification_sound , value = content://media/internal/audio/media/7 userHandle = 0
D/SettingsProvider( 1476): call request for 0
V/SettingsProvider( 1476): call_put(system:notification_sound=content://media/internal/audio/media/7) for 0
V/SettingsProvider( 1476): insert(content://settings/system) for user 0 by 0
D/SettingsProvider( 1476): insert(content://settings/system) for user 0 by 0
D/SettingsProvider( 1476): redundant, old Value: content://media/internal/audio/media/7 new value: content://media/internal/audio/media/7
I/RingtoneManager( 1476): Set actual default ringtone uri= content://media/internal/audio/media/7
D/MediaScannerService( 1805): start scanning volume external: [/storage/sdcard0, /storage/sdcard1]
D/PowerManagerService( 1476): acquireWakeLockInternal: lock=1103749760, flags=0x1, tag="MediaScannerService", ws=null, uid=10020, pid=1805
D/PowerManagerService( 1476): updateWakeLockSummaryLocked: mWakefulness=Awake, mWakeLockSummary=0x1
D/PowerManagerService( 1476): newScreenState = 1
D/PowerManagerDisplayController( 1476): requestPowerState: screenState=1, useProximitySensor=false, screenBrightness=204, screenAutoBrightnessAdjustment=0.0, useAutoBrightness=false, useEcoBrightness=false, blockScreenOn=false, waitForNegativeProximity=false
I/PowerManagerService( 1476): setBrightness mButtonLight 0.
D/PowerManagerService( 1476): updateScreenStateLocked: mDisplayReady=true, newScreenState=1, mWakefulness=1, mWakeLockSummary=0x1, mUserActivitySummary=0x2, mBootCompleted=true
D/PowerManagerService( 1476): handleSandman: canDream=true, mWakefulness=Awake
V/MediaProvider( 1805): insertInternal: content://media/none/media_scanner, initValues=volume=external
V/AlarmClock( 3297): is sdswap: true
D/dalvikvm( 3297): create interp thread : stack size=32KB
D/dalvikvm( 3297): create new thread
D/dalvikvm( 3297): new thread created
D/dalvikvm( 3297): update thread list
D/dalvikvm( 3297): threadid=12: interp stack at 0x5565a000
D/dalvikvm( 3297): threadid=12: created from interp
D/dalvikvm( 3297): start new thread
D/dalvikvm( 3297): threadid=12: notify debugger
D/dalvikvm( 3297): threadid=12 (Thread-214): calling run()
V/AlarmClock( 3297): start run checking and update ....
V/ActivityManager( 1476): Broadcast: Intent { act=android.intent.action.MEDIA_SCANNER_STARTED dat=file:///storage/sdcard0 flg=0x10 } ordered=false userid=0
V/MediaProvider( 1805): insertInternal: content://media/, initValues=name=external
V/MediaProvider( 1805): attachVolume>>>volume=external
V/AlarmClock( 3297): cursor is with size = 2
V/AlarmClock( 3297): update alarm alert and path ... content://settings/system/alarm_alert path = null
V/AlarmClock( 3297): update alarm alert and path ... content://settings/system/alarm_alert path = null
D/IPCThreadState( 1476): [DN #5] BR_CLEAR_DEATH_NOTIFICATION_DONE cookie 0x57a06f00
D/IPCThreadState( 1476): [DN #5] BR_CLEAR_DEATH_NOTIFICATION_DONE cookie 0x561d7dc8
V/ActivityManager( 1476): Broadcast: Intent { act=android.intent.action.ALARM_CHANGED flg=0x10 (has extras) } ordered=false userid=0
V/AlarmClock( 3297): No next alarm
D/Provider/Settings( 3297): put string name = next_alarm_formatted , value = userHandle = 0
D/SettingsProvider( 1476): call request for 0
V/SettingsProvider( 1476): call_put(system:next_alarm_formatted=) for 0
V/SettingsProvider( 1476): insert(content://settings/system) for user 0 by 0
D/SettingsProvider( 1476): insert(content://settings/system) for user 0 by 0
D/SettingsProvider( 1476): redundant, old Value: new value:
V/Provider/Settings( 1730): get setting for user -2 by user 0 so skipping cache
V/SettingsProvider( 1476): access setting for user 0
V/ActivityManager( 1476): Broadcast: Intent { act=com.android.deskclock.NEXT_ALARM_TIME_SET flg=0x10 } ordered=false userid=0
D/SettingsProvider( 1476): call request for 0
D/dalvikvm( 3297): threadid=12: exiting
V/SettingsProvider( 1476): call(system:next_alarm_formatted) for 0
