D/IPCThreadState( 1476): [DN #5] BR_CLEAR_DEATH_NOTIFICATION_DONE cookie 0x5c63ab28
D/IPCThreadState( 1476): [DN #5] BR_CLEAR_DEATH_NOTIFICATION_DONE cookie 0x59b898a0
D/IPCThreadState( 1476): [DN #5] BR_CLEAR_DEATH_NOTIFICATION_DONE cookie 0x5c27de10
D/IPCThreadState( 1476): [DN #5] BR_CLEAR_DEATH_NOTIFICATION_DONE cookie 0x592220c8
D/Settings/BW( 2297): ReadCodeTask:file size: 4096
D/IPCThreadState( 1476): [DN #5] BR_CLEAR_DEATH_NOTIFICATION_DONE cookie 0x59c16e90
D/IPCThreadState( 1476): [DN #5] BR_CLEAR_DEATH_NOTIFICATION_DONE cookie 0x5c6f9028
D/IPCThreadState( 1476): [DN #5] BR_CLEAR_DEATH_NOTIFICATION_DONE cookie 0x5c6f6b20
D/IPCThreadState( 1476): [DN #5] BR_CLEAR_DEATH_NOTIFICATION_DONE cookie 0x5a8cd288
D/IPCThreadState( 1476): [DN #5] BR_CLEAR_DEATH_NOTIFICATION_DONE cookie 0x5921e7f0
D/IPCThreadState( 1476): [DN #5] BR_CLEAR_DEATH_NOTIFICATION_DONE cookie 0x5d133b30
D/IPCThreadState( 1476): [DN #5] BR_CLEAR_DEATH_NOTIFICATION_DONE cookie 0x592250d8
D/IPCThreadState( 1476): [DN #5] BR_CLEAR_DEATH_NOTIFICATION_DONE cookie 0x40ece8b8
D/IPCThreadState( 1476): [DN #5] BR_CLEAR_DEATH_NOTIFICATION_DONE cookie 0x5a69af48
D/IPCThreadState( 1476): [DN #5] BR_CLEAR_DEATH_NOTIFICATION_DONE cookie 0x54a19410
D/IPCThreadState( 1476): [DN #5] BR_CLEAR_DEATH_NOTIFICATION_DONE cookie 0x54ac0130
D/IPCThreadState( 1476): [DN #5] BR_CLEAR_DEATH_NOTIFICATION_DONE cookie 0x5a5dac08
D/IPCThreadState( 1476): [DN #5] BR_CLEAR_DEATH_NOTIFICATION_DONE cookie 0x5bd43f00
D/IPCThreadState( 1476): [DN #5] BR_CLEAR_DEATH_NOTIFICATION_DONE cookie 0x55faa000
D/IPCThreadState( 1476): [DN #5] BR_CLEAR_DEATH_NOTIFICATION_DONE cookie 0x57979c10
D/IPCThreadState( 1476): [DN #5] BR_CLEAR_DEATH_NOTIFICATION_DONE cookie 0x59b864b0
D/IPCThreadState( 1476): [DN #5] BR_CLEAR_DEATH_NOTIFICATION_DONE cookie 0x5c700f00
D/IPCThreadState( 1476): [DN #5] BR_CLEAR_DEATH_NOTIFICATION_DONE cookie 0x5c707748
D/IPCThreadState( 1476): [DN #5] BR_CLEAR_DEATH_NOTIFICATION_DONE cookie 0x5a610ec0
D/IPCThreadState( 1476): [DN #5] BR_CLEAR_DEATH_NOTIFICATION_DONE cookie 0x5a610f20
D/IPCThreadState( 1476): [DN #5] BR_CLEAR_DEATH_NOTIFICATION_DONE cookie 0x59165478
D/IPCThreadState( 1476): [DN #5] BR_CLEAR_DEATH_NOTIFICATION_DONE cookie 0x54a1ac70
D/IPCThreadState( 1476): [DN #5] BR_CLEAR_DEATH_NOTIFICATION_DONE cookie 0x579e7f98
D/IPCThreadState( 1476): [DN #5] BR_CLEAR_DEATH_NOTIFICATION_DONE cookie 0x5c636a00
V/ActivityManager( 1476): getTasks: max=1, flags=0, receiver=null
V/ActivityManager( 1476): com.android.launcher/com.android.launcher2.Launcher: task=TaskRecord{41982a80 #2 A com.android.launcher U 0}
V/ActivityManager( 1476): We have pending thumbnails: null
D/IPCThreadState( 1476): [DN #5] BR_CLEAR_DEATH_NOTIFICATION_DONE cookie 0x5c74cd90
D/IPCThreadState( 1476): [DN #5] BR_CLEAR_DEATH_NOTIFICATION_DONE cookie 0x54a0c8c8
D/IPCThreadState( 1476): [DN #5] BR_CLEAR_DEATH_NOTIFICATION_DONE cookie 0x59166458
D/IPCThreadState( 1476): [DN #5] BR_CLEAR_DEATH_NOTIFICATION_DONE cookie 0x561e26b8
V/ActivityManager( 1476): getTasks: max=1, flags=0, receiver=null
V/ActivityManager( 1476): com.android.launcher/com.android.launcher2.Launcher: task=TaskRecord{41982a80 #2 A com.android.launcher U 0}
V/ActivityManager( 1476): We have pending thumbnails: null
D/IPCThreadState( 1476): [DN #5] BR_CLEAR_DEATH_NOTIFICATION_DONE cookie 0x5916cac0
D/IPCThreadState( 1476): [DN #5] BR_CLEAR_DEATH_NOTIFICATION_DONE cookie 0x5c703d50
D/IPCThreadState( 1476): [DN #5] BR_CLEAR_DEATH_NOTIFICATION_DONE cookie 0x59a99388
V/ActivityManager( 1476): getTasks: max=1, flags=0, receiver=null
V/ActivityManager( 1476): com.android.launcher/com.android.launcher2.Launcher: task=TaskRecord{41982a80 #2 A com.android.launcher U 0}
V/ActivityManager( 1476): We have pending thumbnails: null
D/IPCThreadState( 1476): [DN #5] BR_CLEAR_DEATH_NOTIFICATION_DONE cookie 0x59af6aa0
D/IPCThreadState( 1476): [DN #5] BR_CLEAR_DEATH_NOTIFICATION_DONE cookie 0x5c7221d0
D/ConnectivityService( 1476): getActiveNetworkInfo:null
D/IPCThreadState( 1476): [DN #5] BR_CLEAR_DEATH_NOTIFICATION_DONE cookie 0x5d02ced0
D/IPCThreadState( 1476): [DN #5] BR_CLEAR_DEATH_NOTIFICATION_DONE cookie 0x5c703e28
D/IPCThreadState( 1476): [DN #5] BR_CLEAR_DEATH_NOTIFICATION_DONE cookie 0x5d130e18
D/IPCThreadState( 1476): [DN #5] BR_CLEAR_DEATH_NOTIFICATION_DONE cookie 0x57977338
D/IPCThreadState( 1476): [DN #5] BR_CLEAR_DEATH_NOTIFICATION_DONE cookie 0x5a8cd5f8
D/IPCThreadState( 1476): [DN #5] BR_CLEAR_DEATH_NOTIFICATION_DONE cookie 0x59c0e3a0
D/IPCThreadState( 1476): [DN #5] BR_CLEAR_DEATH_NOTIFICATION_DONE cookie 0x5be5b8f8
D/IPCThreadState( 1476): [DN #5] BR_CLEAR_DEATH_NOTIFICATION_DONE cookie 0x5c94fbc8
D/IPCThreadState( 1476): [DN #5] BR_CLEAR_DEATH_NOTIFICATION_DONE cookie 0x59e83aa0
D/IPCThreadState( 1476): [DN #5] BR_CLEAR_DEATH_NOTIFICATION_DONE cookie 0x5c701ca8
D/IPCThreadState( 1476): [DN #5] BR_CLEAR_DEATH_NOTIFICATION_DONE cookie 0x5c63cb60
D/IPCThreadState( 1476): [DN #5] BR_CLEAR_DEATH_NOTIFICATION_DONE cookie 0x59a992f0
D/IPCThreadState( 1476): [DN #5] BR_CLEAR_DEATH_NOTIFICATION_DONE cookie 0x59a99330
D/IPCThreadState( 1476): [DN #5] BR_CLEAR_DEATH_NOTIFICATION_DONE cookie 0x5915e680
D/IPCThreadState( 1476): [DN #5] BR_CLEAR_DEATH_NOTIFICATION_DONE cookie 0x5915e6c0
D/IPCThreadState( 1476): [DN #5] BR_CLEAR_DEATH_NOTIFICATION_DONE cookie 0x5ca8faf0
D/IPCThreadState( 1476): [DN #5] BR_CLEAR_DEATH_NOTIFICATION_DONE cookie 0x5ca8fb30
D/IPCThreadState( 1476): [DN #5] BR_CLEAR_DEATH_NOTIFICATION_DONE cookie 0x52f66930
V/ActivityManager( 1476): getTasks: max=1, flags=0, receiver=null
V/ActivityManager( 1476): com.android.launcher/com.android.launcher2.Launcher: task=TaskRecord{41982a80 #2 A com.android.launcher U 0}
V/ActivityManager( 1476): We have pending thumbnails: null
D/dalvikvm( 1805): GC_EXPLICIT freed 514K (10582), 23% free 6080K/7848K, paused 7ms+21ms, total 117ms
D/IPCThreadState( 1476): [DN #5] BR_CLEAR_DEATH_NOTIFICATION_DONE cookie 0x52f66970
D/IPCThreadState( 1476): [DN #5] BR_CLEAR_DEATH_NOTIFICATION_DONE cookie 0x591cf9c8
D/IPCThreadState( 1476): [DN #5] BR_CLEAR_DEATH_NOTIFICATION_DONE cookie 0x5cfd0f00
D/IPCThreadState( 1476): [DN #5] BR_CLEAR_DEATH_NOTIFICATION_DONE cookie 0x5cfd0f58
D/IPCThreadState( 1476): [DN #5] BR_CLEAR_DEATH_NOTIFICATION_DONE cookie 0x5ca24590
D/IPCThreadState( 1476): [DN #5] BR_CLEAR_DEATH_NOTIFICATION_DONE cookie 0x5ca8f870
D/IPCThreadState( 1476): [DN #5] BR_CLEAR_DEATH_NOTIFICATION_DONE cookie 0x5ca8f8c8
D/IPCThreadState( 1476): [DN #5] BR_CLEAR_DEATH_NOTIFICATION_DONE cookie 0x5be5b840
D/IPCThreadState( 1476): [DN #5] BR_CLEAR_DEATH_NOTIFICATION_DONE cookie 0x5c7200e8
D/IPCThreadState( 1476): [DN #5] BR_CLEAR_DEATH_NOTIFICATION_DONE cookie 0x5c720140
D/IPCThreadState( 1476): [DN #5] BR_CLEAR_DEATH_NOTIFICATION_DONE cookie 0x561d7de0
D/IPCThreadState( 1476): [DN #5] BR_CLEAR_DEATH_NOTIFICATION_DONE cookie 0x5d137d98
D/IPCThreadState( 1476): [DN #5] BR_CLEAR_DEATH_NOTIFICATION_DONE cookie 0x591db448
D/IPCThreadState( 1476): [DN #5] BR_CLEAR_DEATH_NOTIFICATION_DONE cookie 0x5cb67d20
D/IPCThreadState( 1476): [DN #5] BR_CLEAR_DEATH_NOTIFICATION_DONE cookie 0x561e8b88
D/IPCThreadState( 1476): [DN #5] BR_CLEAR_DEATH_NOTIFICATION_DONE cookie 0x5c700288
D/IPCThreadState( 1476): [DN #5] BR_CLEAR_DEATH_NOTIFICATION_DONE cookie 0x5bd428e0
D/IPCThreadState( 1476): [DN #5] BR_CLEAR_DEATH_NOTIFICATION_DONE cookie 0x55faa8b8
D/IPCThreadState( 1476): [DN #5] BR_CLEAR_DEATH_NOTIFICATION_DONE cookie 0x59e83710
D/IPCThreadState( 1476): [DN #5] BR_CLEAR_DEATH_NOTIFICATION_DONE cookie 0x5be5b768
D/IPCThreadState( 1476): [DN #5] BR_CLEAR_DEATH_NOTIFICATION_DONE cookie 0x5d029578
D/IPCThreadState( 1476): [DN #5] BR_CLEAR_DEATH_NOTIFICATION_DONE cookie 0x5c705140
D/IPCThreadState( 1476): [DN #5] BR_CLEAR_DEATH_NOTIFICATION_DONE cookie 0x561dc540
D/IPCThreadState( 1476): [DN #5] BR_CLEAR_DEATH_NOTIFICATION_DONE cookie 0x5c707620
D/IPCThreadState( 1476): [DN #5] BR_CLEAR_DEATH_NOTIFICATION_DONE cookie 0x5c71e6e0
D/IPCThreadState( 1476): [DN #5] BR_CLEAR_DEATH_NOTIFICATION_DONE cookie 0x59af8358
D/IPCThreadState( 1476): [DN #5] BR_CLEAR_DEATH_NOTIFICATION_DONE cookie 0x5a5df5c0
D/IPCThreadState( 1476): [DN #5] BR_CLEAR_DEATH_NOTIFICATION_DONE cookie 0x5c701238
D/IPCThreadState( 1476): [DN #5] BR_CLEAR_DEATH_NOTIFICATION_DONE cookie 0x5cb67950
D/IPCThreadState( 1476): [DN #5] BR_CLEAR_DEATH_NOTIFICATION_DONE cookie 0x5c63cbe8
D/IPCThreadState( 1476): [DN #5] BR_CLEAR_DEATH_NOTIFICATION_DONE cookie 0x57a06ee8
D/IPCThreadState( 1476): [DN #5] BR_CLEAR_DEATH_NOTIFICATION_DONE cookie 0x5c705ea8
D/IPCThreadState( 1476): [DN #5] BR_CLEAR_DEATH_NOTIFICATION_DONE cookie 0x5ca2bca8
D/IPCThreadState( 1476): [DN #5] BR_CLEAR_DEATH_NOTIFICATION_DONE cookie 0x579bc3a8
D/IPCThreadState( 1476): [DN #5] BR_CLEAR_DEATH_NOTIFICATION_DONE cookie 0x5c59bde8
D/IPCThreadState( 1476): [DN #5] BR_CLEAR_DEATH_NOTIFICATION_DONE cookie 0x591cf4e0
D/IPCThreadState( 1476): [DN #5] BR_CLEAR_DEATH_NOTIFICATION_DONE cookie 0x5ca2bb80
D/IPCThreadState( 1476): [DN #5] BR_CLEAR_DEATH_NOTIFICATION_DONE cookie 0x59c172a0
D/IPCThreadState( 1476): [DN #5] BR_CLEAR_DEATH_NOTIFICATION_DONE cookie 0x59a99690
D/IPCThreadState( 1476): [DN #5] BR_CLEAR_DEATH_NOTIFICATION_DONE cookie 0x5c586840
D/dalvikvm( 1476): GC_EXPLICIT freed 120K (3315), 21% free 13978K/17516K, paused 12ms+25ms, total 253ms
D/IPCThreadState( 1476): [DN #5] BR_CLEAR_DEATH_NOTIFICATION_DONE cookie 0x5ca8e1c0
D/IPCThreadState( 1476): [DN #5] BR_CLEAR_DEATH_NOTIFICATION_DONE cookie 0x54ac0130
D/IPCThreadState( 1476): [DN #5] BR_CLEAR_DEATH_NOTIFICATION_DONE cookie 0x54a19410
D/IPCThreadState( 1476): [DN #5] BR_CLEAR_DEATH_NOTIFICATION_DONE cookie 0x5a69af48
D/IPCThreadState( 1476): [DN #5] BR_CLEAR_DEATH_NOTIFICATION_DONE cookie 0x40ece8b8
D/IPCThreadState( 1476): [DN #5] BR_CLEAR_DEATH_NOTIFICATION_DONE cookie 0x592250d8
D/IPCThreadState( 1476): [DN #5] BR_CLEAR_DEATH_NOTIFICATION_DONE cookie 0x5d133b30
D/IPCThreadState( 1476): [DN #5] BR_CLEAR_DEATH_NOTIFICATION_DONE cookie 0x5921e7f0
D/IPCThreadState( 1476): [DN #5] BR_CLEAR_DEATH_NOTIFICATION_DONE cookie 0x5a8cd288
D/IPCThreadState( 1476): [DN #5] BR_CLEAR_DEATH_NOTIFICATION_DONE cookie 0x5c6f6b20
D/IPCThreadState( 1476): [DN #5] BR_CLEAR_DEATH_NOTIFICATION_DONE cookie 0x5c6f9028
D/IPCThreadState( 1476): [DN #5] BR_CLEAR_DEATH_NOTIFICATION_DONE cookie 0x59c16e90
D/IPCThreadState( 1476): [DN #5] BR_CLEAR_DEATH_NOTIFICATION_DONE cookie 0x592220c8
D/IPCThreadState( 1476): [DN #5] BR_CLEAR_DEATH_NOTIFICATION_DONE cookie 0x5c27de10
D/IPCThreadState( 1476): [DN #5] BR_CLEAR_DEATH_NOTIFICATION_DONE cookie 0x59b898a0
D/IPCThreadState( 1476): [DN #5] BR_CLEAR_DEATH_NOTIFICATION_DONE cookie 0x5c63ab28
D/IPCThreadState( 1476): [DN #5] BR_CLEAR_DEATH_NOTIFICATION_DONE cookie 0x5d029088
D/IPCThreadState( 1476): [DN #5] BR_CLEAR_DEATH_NOTIFICATION_DONE cookie 0x5d135f98
D/IPCThreadState( 1476): [DN #5] BR_CLEAR_DEATH_NOTIFICATION_DONE cookie 0x5a8cdb90
D/IPCThreadState( 1476): [DN #5] BR_CLEAR_DEATH_NOTIFICATION_DONE cookie 0x5600e3f0
D/IPCThreadState( 1476): [DN #5] BR_CLEAR_DEATH_NOTIFICATION_DONE cookie 0x59e63bb8
D/IPCThreadState( 1476): [DN #5] BR_CLEAR_DEATH_NOTIFICATION_DONE cookie 0x5d02ced0
D/IPCThreadState( 1476): [DN #5] BR_CLEAR_DEATH_NOTIFICATION_DONE cookie 0x5c7221d0
D/IPCThreadState( 1476): [DN #5] BR_CLEAR_DEATH_NOTIFICATION_DONE cookie 0x59af6aa0
D/IPCThreadState( 1476): [DN #5] BR_CLEAR_DEATH_NOTIFICATION_DONE cookie 0x59a99388
D/IPCThreadState( 1476): [DN #5] BR_CLEAR_DEATH_NOTIFICATION_DONE cookie 0x5c703d50
D/IPCThreadState( 1476): [DN #5] BR_CLEAR_DEATH_NOTIFICATION_DONE cookie 0x5916cac0
D/IPCThreadState( 1476): [DN #5] BR_CLEAR_DEATH_NOTIFICATION_DONE cookie 0x561e26b8
D/IPCThreadState( 1476): [DN #5] BR_CLEAR_DEATH_NOTIFICATION_DONE cookie 0x59166458
D/IPCThreadState( 1476): [DN #5] BR_CLEAR_DEATH_NOTIFICATION_DONE cookie 0x54a0c8c8
D/IPCThreadState( 1476): [DN #5] BR_CLEAR_DEATH_NOTIFICATION_DONE cookie 0x5c74cd90
D/IPCThreadState( 1476): [DN #5] BR_CLEAR_DEATH_NOTIFICATION_DONE cookie 0x5c636a00
D/IPCThreadState( 1476): [DN #5] BR_CLEAR_DEATH_NOTIFICATION_DONE cookie 0x579e7f98
D/IPCThreadState( 1476): [DN #5] BR_CLEAR_DEATH_NOTIFICATION_DONE cookie 0x54a1ac70
D/IPCThreadState( 1476): [DN #5] BR_CLEAR_DEATH_NOTIFICATION_DONE cookie 0x59165478
D/IPCThreadState( 1476): [DN #5] BR_CLEAR_DEATH_NOTIFICATION_DONE cookie 0x5a610f20
D/IPCThreadState( 1476): [DN #5] BR_CLEAR_DEATH_NOTIFICATION_DONE cookie 0x5a610ec0
D/IPCThreadState( 1476): [DN #5] BR_CLEAR_DEATH_NOTIFICATION_DONE cookie 0x5c707748
D/IPCThreadState( 1476): [DN #5] BR_CLEAR_DEATH_NOTIFICATION_DONE cookie 0x5c700f00
D/IPCThreadState( 1476): [DN #5] BR_CLEAR_DEATH_NOTIFICATION_DONE cookie 0x59b864b0
D/IPCThreadState( 1476): [DN #5] BR_CLEAR_DEATH_NOTIFICATION_DONE cookie 0x57979c10
D/IPCThreadState( 1476): [DN #5] BR_CLEAR_DEATH_NOTIFICATION_DONE cookie 0x55faa000
D/IPCThreadState( 1476): [DN #5] BR_CLEAR_DEATH_NOTIFICATION_DONE cookie 0x5bd43f00
D/IPCThreadState( 1476): [DN #5] BR_CLEAR_DEATH_NOTIFICATION_DONE cookie 0x5a5dac08
D/IPCThreadState( 1476): [DN #5] BR_CLEAR_DEATH_NOTIFICATION_DONE cookie 0x59af8e38
D/IPCThreadState( 1476): [DN #5] BR_CLEAR_DEATH_NOTIFICATION_DONE cookie 0x59e83aa0
D/IPCThreadState( 1476): [DN #5] BR_CLEAR_DEATH_NOTIFICATION_DONE cookie 0x5916a608
D/IPCThreadState( 1476): [DN #5] BR_CLEAR_DEATH_NOTIFICATION_DONE cookie 0x59af7970
D/IPCThreadState( 1476): [DN #5] BR_CLEAR_DEATH_NOTIFICATION_DONE cookie 0x5d0294b0
D/IPCThreadState( 1476): [DN #5] BR_CLEAR_DEATH_NOTIFICATION_DONE cookie 0x5915a6a8
D/KeyguardUpdateMonitor( 1476): mSimState = READY
D/KeyguardUpdateMonitor( 1476): mSim2State = ABSENT
D/WindowManager( 1476): interceptKeyTq keycode=26 screenIsOn=false keyguardActive=true policyFlags = #2000001 down =true canceled = false isWakeKey=true
D/PhoneInterfaceManager( 1818): state = IDLE
D/AudioYusuHardware( 110): +getParameters
D/AudioYusuHardware( 110): +getParameters mFmStatus:0, mFmDigitalInStatus:0
D/AudioYusuHardware( 110): MT66xx Get_FMPower_info
E/AudioYusuHardware( 110): open /proc/fm error fd = -1
D/AudioYusuHardware( 110): +getParameters Get_FMPower_info():0
D/AudioYusuHardware( 110): MT66xx Get_FMPower_info
E/AudioYusuHardware( 110): open /proc/fm error fd = -1
D/AudioYusuHardware( 110): -getParameters() GetFmEnable=false
D/AudioManager( 1476): isFmActive GetFmEnable=false
D/KeyguardViewMediator( 1476): onWakeKeyWhenKeyguardShowing(26)
D/KeyguardViewMediator( 1476): wakeWhenReady(26)
D/PowerManagerService( 1476): acquireWakeLockInternal: lock=1098231056, flags=0x1, tag="keyguardWakeAndHandOff", ws=null, uid=1000, pid=1476
D/PowerManagerService( 1476): updateWakeLockSummaryLocked: mWakefulness=Asleep, mWakeLockSummary=0x1
D/PowerManagerService( 1476): newScreenState = 0
D/PowerManagerDisplayController( 1476): requestPowerState: screenState=0, useProximitySensor=false, screenBrightness=204, screenAutoBrightnessAdjustment=0.0, useAutoBrightness=false, useEcoBrightness=false, blockScreenOn=false, waitForNegativeProximity=false
I/PowerManagerService( 1476): setBrightness mButtonLight 0.
D/PowerManagerService( 1476): updateScreenStateLocked: mDisplayReady=true, newScreenState=0, mWakefulness=0, mWakeLockSummary=0x1, mUserActivitySummary=0x0, mBootCompleted=true
D/KeyguardViewMediator( 1476): <<>>handleWakeWhenReady(26) Before--synchronized (KeyguardViewMediator.this) wakeMSGId = 1
D/KeyguardViewMediator( 1476): handleWakeWhenReady(26) wakeMSGId = 1
D/KeyguardViewManager( 1476): wakeWhenReady(26)
D/KeyguardHostView( 1476): onWakeKey
D/KeyguardHostView( 1476): poking wake lock immediately
D/IPCThreadState( 1476): [DN #5] BR_CLEAR_DEATH_NOTIFICATION_DONE cookie 0x5c27dc18
D/PowerManagerService( 1476): |----com.android.server.power.PowerManagerService.wakeUpNoUpdateLocked(PowerManagerService.java:1083)
D/PowerManagerService( 1476): |----com.android.server.power.PowerManagerService.wakeUpInternal(PowerManagerService.java:1075)
D/PowerManagerService( 1476): |----com.android.server.power.PowerManagerService.wakeUp(PowerManagerService.java:1061)
D/PowerManagerService( 1476): |----android.os.PowerManager.wakeUp(PowerManager.java:505)
D/PowerManagerService( 1476): |----com.android.internal.policy.impl.keyguard.KeyguardViewMediator.wakeUp(KeyguardViewMediator.java:553)
D/PowerManagerService( 1476): |----com.android.internal.policy.impl.keyguard.KeyguardViewMediator$2.wakeUp(KeyguardViewMediator.java:517)
D/PowerManagerService( 1476): |----com.android.internal.policy.impl.keyguard.KeyguardHostView.wakeWhenReadyTq(KeyguardHostView.java:1170)
D/PowerManagerService( 1476): |----com.android.internal.policy.impl.keyguard.KeyguardViewManager.wakeWhenReadyTq(KeyguardViewManager.java:460)
D/PowerManagerService( 1476): |----com.android.internal.policy.impl.keyguard.KeyguardViewMediator.handleWakeWhenReady(KeyguardViewMediator.java:1661)
D/PowerManagerService( 1476): |----com.android.internal.policy.impl.keyguard.KeyguardViewMediator.access$2300(KeyguardViewMediator.java:106)
D/PowerManagerService( 1476): |----com.android.internal.policy.impl.keyguard.KeyguardViewMediator$4.handleMessage(KeyguardViewMediator.java:1381)
D/PowerManagerService( 1476): |----android.os.Handler.dispatchMessage(Handler.java:99)
D/PowerManagerService( 1476): |----android.os.Looper.loop(Looper.java:153)
D/PowerManagerService( 1476): |----android.os.HandlerThread.run(HandlerThread.java:60)
D/PowerManager_performance( 1476): wakeUpNoUpdateLocked: eventTime=290433
I/PowerManagerService( 1476): Waking up from sleep...
D/PowerManagerNotifier( 1476): onWakeUpStarted.
D/PowerManagerService( 1476): Screen on blocked: mNestCount=1
D/PowerManagerNotifier( 1476): sendNextBroadcast, mBroadcastedPowerState=2, mActualPowerState=1
D/PowerManagerService( 1476): userActivityNoUpdateLocked: eventTime=290433, event=0, flags=0x0, uid=1000
D/PowerManagerNotifier( 1476): onUserActivity: event=0, uid=1000
D/PowerManagerService( 1476): updateWakeLockSummaryLocked: mWakefulness=Awake, mWakeLockSummary=0x1
D/PowerManagerNotifier( 1476): Sending wake up broadcast.
D/SensorService( 1476): SensorDevice::activate: ident=0x5a69d588, handle=0x00000000, enabled=1, count=0
D/SensorService( 1476): ... index=-2
D/SensorService( 1476): >>> actuating h/w
D/Sensors ( 1476): hwm__activate: handle 0, enable or disable 1!
D/PowerManagerService( 1476): updateUserActivitySummaryLocked: mWakefulness=Awake, mUserActivitySummary=0x1, nextTimeout=298433 (in 7955 ms)
D/PowerManagerService( 1476): newScreenState = 2
D/PowerManagerDisplayController( 1476): requestPowerState: screenState=2, useProximitySensor=false, screenBrightness=204, screenAutoBrightnessAdjustment=0.0, useAutoBrightness=false, useEcoBrightness=false, blockScreenOn=true, waitForNegativeProximity=false
D/PowerManagerDisplayController( 1476): sendMessage.
I/PowerManagerService( 1476): setBrightness mButtonLight 0.
D/PowerManagerService( 1476): updateScreenStateLocked: mDisplayReady=false, newScreenState=2, mWakefulness=1, mWakeLockSummary=0x1, mUserActivitySummary=0x1, mBootCompleted=true
D/PowerManagerService( 1476): handleSandman: canDream=true, mWakefulness=Awake
D/PowerManagerDisplayController( 1476): mProximity = -1
D/PowerManagerService( 1476): releaseWakeLockInternal: lock=1098231056, flags=0x0
D/PowerManagerService( 1476): updateWakeLockSummaryLocked: mWakefulness=Awake, mWakeLockSummary=0x1
D/PowerManagerService( 1476): newScreenState = 2
D/PowerManagerDisplayController( 1476): requestPowerState: screenState=2, useProximitySensor=false, screenBrightness=204, screenAutoBrightnessAdjustment=0.0, useAutoBrightness=false, useEcoBrightness=false, blockScreenOn=true, waitForNegativeProximity=false
I/PowerManagerService( 1476): setBrightness mButtonLight 0.
D/PowerManagerService( 1476): updateScreenStateLocked: mDisplayReady=false, newScreenState=2, mWakefulness=1, mWakeLockSummary=0x1, mUserActivitySummary=0x1, mBootCompleted=true
D/KeyguardViewMediator( 1476): <<>>onScreenTurnedOn, ---ScreenOn seq = 2seq will be change in synchronized Before--synchronized (this)
D/KeyguardViewMediator( 1476): onScreenTurnedOn, seq = 3
D/KeyguardViewMediator( 1476): notifyScreenOnLocked
D/KeyguardViewMediator( 1476): handleMessage enter msg name=NOTIFY_SCREEN_ON
D/KeyguardViewMediator( 1476): handleNotifyScreenOn
D/KeyguardViewManager( 1476): onScreenTurnedOn()
D/KeyguardHostView( 1476): screen on, instance 419b4c90
D/KeyguardHostView( 1476): showPrimarySecurityScreen(turningOff=false) enter
D/KeyguardUpdateMonitor( 1476): mSimState = READY
D/KeyguardUpdateMonitor( 1476): mSim2State = ABSENT
D/PowerManagerDisplayState( 1476): Requesting new screen state: on=true, backlight=0, mChangeInProgress=false
D/PowerManagerDisplayController( 1476): sendMessage.
D/PowerManagerDisplayState( 1476): setScreenBrightness: brightness=54
D/PowerManagerDisplayState( 1476): on mTask
D/PowerManagerDisplayState( 1476): mTask: on = true, mActualOn = false, backlight = 0, mActualBacklight = 0
D/PowerManagerDisplayState( 1476): mTask: on = true, onChanged = true, backlightChanged = false, backlight = 0
D/PowerManagerService( 1476): unblankAllDisplays in ...
D/KeyguardHostView( 1476): showPrimarySecurityScreen query securityMode finish securityMode=None
D/KeyguardViewMediator( 1476): <<&)]
D/SurfaceTexture( 106): GraphicBuffer: gb=0x419d59c0 handle=0x419dbe78
D/SurfaceTexture( 106): EGLImage: dpy=0x1, img=0x419db848
D/AudioFlinger( 110): setParameters(): io 0, keyvalue screen_state=on, tid 620, calling pid 1476
D/AudioYusuHardware( 110): +setParameters(): screen_state=on
D/KeyguardViewManager( 1476): onScreenTurnedOn mKeyguardView visible, showListener.onShown
I/WindowManager( 1476): Lock screen displayed!
E/AudioYusuHardware( 110): setParameters still have param.size() = 1
D/AudioYusuHardware( 110): -setParameters()
D/AudioFlinger( 110): setParameters iohandle=0
D/AudioSystem( 1476): -setParameters(): screen_state=on
D/ActivityThread( 1476): BDC-Calling finishReceiver: IIntentReceiver=419c4b50
D/ActivityThread( 1476): BDC-Calling onReceive: intent=Intent { act=android.intent.action.SCREEN_ON flg=0x50000010 }, ordered=true, receiver=com.android.server.net.NetworkPolicyManagerService$3@418f5f40, IIntentReceiver=4194a4a0
D/ActivityThread( 1476): BDC-Calling finishReceiver: IIntentReceiver=4194a4a0
D/PhoneStatusBar( 1730): onReceive, action=android.intent.action.SCREEN_ON
V/NetworkStats( 1476): setKernelCounterSet uid=10037 set=1
D/ConnectivityService( 1476): onUidRulesChanged(uid=10037, uidRules=0)
V/WallpaperService( 1730): onVisibilityChanged(true): com.android.systemui.ImageWallpaper$DrawableEngine@41670ff8
D/PowerManager_performance_N( 1476): mScreenOnListener.
D/PowerManagerService( 1476): Screen on unblocked: mNestCount=0
I/BufferQueue( 106): [Keyguard](this:0x419d4f88,api:2) new GraphicBuffer needed
D/BufferQueue( 106): [OLD] gb:NULL
I/GraphicBuffer( 106): allocate buffer (w:480 h:767 f:1) err(0)
I/BufferQueue( 106): [NEW] gb=0x419db8a0, handle=0x419dbd70, w=480, h=767, s=480, fmt=1
D/dalvikvm( 3213): threadid=20: notify debugger
D/dalvikvm( 3213): threadid=20 (AnalyticsThread-3): calling run()
V/Provider/Settings( 1476): from settings cache , name = location_providers_allowed , value = network
D/PowerManagerService( 1476): acquireWakeLockInternal: lock=1102935816, flags=0x1, tag="RILJ", ws=null, uid=1001, pid=1818
D/PowerManagerService( 1476): updateWakeLockSummaryLocked: mWakefulness=Awake, mWakeLockSummary=0x1
D/PowerManagerService( 1476): newScreenState = 2
D/PowerManagerDisplayController( 1476): requestPowerState: screenState=2, useProximitySensor=false, screenBrightness=204, screenAutoBrightnessAdjustment=0.0, useAutoBrightness=false, useEcoBrightness=false, blockScreenOn=false, waitForNegativeProximity=false
I/PowerManagerService( 1476): setBrightness mButtonLight 0.
D/PowerManagerService( 1476): updateScreenStateLocked: mDisplayReady=false, newScreenState=2, mWakefulness=1, mWakeLockSummary=0x1, mUserActivitySummary=0x1, mBootCompleted=true
I/SurfaceTexture( 106): [Keyguard](this:0x419c7dd0,api:2) [void* android::SurfaceTexture::createImage(EGLDisplay, const android::sp&)]
D/SurfaceTexture( 106): GraphicBuffer: gb=0x419db8a0 handle=0x419dbd70
D/SurfaceTexture( 106): EGLImage: dpy=0x1, img=0x419d91e0
D/dalvikvm( 3480): create interp thread : stack size=32KB
D/PowerManagerService( 1476): acquireWakeLockInternal: lock=1103892760, flags=0x1, tag="RILJ", ws=null, uid=1001, pid=1818
D/PowerManagerService( 1476): updateWakeLockSummaryLocked: mWakefulness=Awake, mWakeLockSummary=0x1
D/PowerManagerService( 1476): newScreenState = 2
D/PowerManagerDisplayController( 1476): requestPowerState: screenState=2, useProximitySensor=false, screenBrightness=204, screenAutoBrightnessAdjustment=0.0, useAutoBrightness=false, useEcoBrightness=false, blockScreenOn=false, waitForNegativeProximity=false
I/PowerManagerService( 1476): setBrightness mButtonLight 0.
D/PowerManagerService( 1476): updateScreenStateLocked: mDisplayReady=false, newScreenState=2, mWakefulness=1, mWakeLockSummary=0x1, mUserActivitySummary=0x1, mBootCompleted=true
D/PowerManagerService( 1476): releaseWakeLockInternal: lock=1103892760, flags=0x0
D/PowerManagerService( 1476): updateWakeLockSummaryLocked: mWakefulness=Awake, mWakeLockSummary=0x1
D/PowerManagerService( 1476): newScreenState = 2
D/PowerManagerDisplayController( 1476): requestPowerState: screenState=2, useProximitySensor=false, screenBrightness=204, screenAutoBrightnessAdjustment=0.0, useAutoBrightness=false, useEcoBrightness=false, blockScreenOn=false, waitForNegativeProximity=false
I/PowerManagerService( 1476): setBrightness mButtonLight 0.
D/PowerManagerService( 1476): updateScreenStateLocked: mDisplayReady=false, newScreenState=2, mWakefulness=1, mWakeLockSummary=0x1, mUserActivitySummary=0x1, mBootCompleted=true
D/PowerManagerService( 1476): releaseWakeLockInternal: lock=1102935816, flags=0x0
D/IPCThreadState( 1476): [DN #5] BR_CLEAR_DEATH_NOTIFICATION_DONE cookie 0x5d137d98
D/PowerManagerService( 1476): updateWakeLockSummaryLocked: mWakefulness=Awake, mWakeLockSummary=0x1
D/PowerManagerService( 1476): newScreenState = 2
D/PowerManagerDisplayController( 1476): requestPowerState: screenState=2, useProximitySensor=false, screenBrightness=204, screenAutoBrightnessAdjustment=0.0, useAutoBrightness=false, useEcoBrightness=false, blockScreenOn=false, waitForNegativeProximity=false
I/PowerManagerService( 1476): setBrightness mButtonLight 0.
D/PowerManagerService( 1476): updateScreenStateLocked: mDisplayReady=false, newScreenState=2, mWakefulness=1, mWakeLockSummary=0x1, mUserActivitySummary=0x1, mBootCompleted=true
D/IPCThreadState( 1476): [DN #5] BR_CLEAR_DEATH_NOTIFICATION_DONE cookie 0x59c13cb8
D/PowerManagerService( 1476): acquireWakeLockInternal: lock=1102935816, flags=0x1, tag="RILJ", ws=null, uid=1001, pid=1818
D/PowerManagerService( 1476): updateWakeLockSummaryLocked: mWakefulness=Awake, mWakeLockSummary=0x1
D/PowerManagerService( 1476): newScreenState = 2
D/PowerManagerDisplayController( 1476): requestPowerState: screenState=2, useProximitySensor=false, screenBrightness=204, screenAutoBrightnessAdjustment=0.0, useAutoBrightness=false, useEcoBrightness=false, blockScreenOn=false, waitForNegativeProximity=false
I/PowerManagerService( 1476): setBrightness mButtonLight 0.
D/PowerManagerService( 1476): updateScreenStateLocked: mDisplayReady=false, newScreenState=2, mWakefulness=1, mWakeLockSummary=0x1, mUserActivitySummary=0x1, mBootCompleted=true
D/PowerManagerService( 1476): acquireWakeLockInternal: lock=1102935816, flags=0x1, tag="RILJ", ws=null, uid=1001, pid=1818
D/PowerManagerService( 1476): updateWakeLockSummaryLocked: mWakefulness=Awake, mWakeLockSummary=0x1
D/PowerManagerService( 1476): newScreenState = 2
D/PowerManagerDisplayController( 1476): requestPowerState: screenState=2, useProximitySensor=false, screenBrightness=204, screenAutoBrightnessAdjustment=0.0, useAutoBrightness=false, useEcoBrightness=false, blockScreenOn=false, waitForNegativeProximity=false
I/PowerManagerService( 1476): setBrightness mButtonLight 0.
D/PowerManagerService( 1476): updateScreenStateLocked: mDisplayReady=false, newScreenState=2, mWakefulness=1, mWakeLockSummary=0x1, mUserActivitySummary=0x1, mBootCompleted=true
D/PowerManagerService( 1476): acquireWakeLockInternal: lock=1102935816, flags=0x1, tag="RILJ", ws=null, uid=1001, pid=1818
D/PowerManagerService( 1476): updateWakeLockSummaryLocked: mWakefulness=Awake, mWakeLockSummary=0x1
D/PowerManagerService( 1476): newScreenState = 2
D/PowerManagerDisplayController( 1476): requestPowerState: screenState=2, useProximitySensor=false, screenBrightness=204, screenAutoBrightnessAdjustment=0.0, useAutoBrightness=false, useEcoBrightness=false, blockScreenOn=false, waitForNegativeProximity=false
I/PowerManagerService( 1476): setBrightness mButtonLight 0.
D/PowerManagerService( 1476): updateScreenStateLocked: mDisplayReady=false, newScreenState=2, mWakefulness=1, mWakeLockSummary=0x1, mUserActivitySummary=0x1, mBootCompleted=true
D/PowerManagerService( 1476): acquireWakeLockInternal: lock=1102935816, flags=0x1, tag="RILJ", ws=null, uid=1001, pid=1818
D/PowerManagerService( 1476): updateWakeLockSummaryLocked: mWakefulness=Awake, mWakeLockSummary=0x1
D/PowerManagerService( 1476): newScreenState = 2
D/PowerManagerDisplayController( 1476): requestPowerState: screenState=2, useProximitySensor=false, screenBrightness=204, screenAutoBrightnessAdjustment=0.0, useAutoBrightness=false, useEcoBrightness=false, blockScreenOn=false, waitForNegativeProximity=false
I/PowerManagerService( 1476): setBrightness mButtonLight 0.
D/PowerManagerService( 1476): updateScreenStateLocked: mDisplayReady=false, newScreenState=2, mWakefulness=1, mWakeLockSummary=0x1, mUserActivitySummary=0x1, mBootCompleted=true
D/SettingsProvider( 1476): call request for 0
V/SettingsProvider( 1476): call(global:airplane_mode_on) for 0
D/SettingsProvider( 1476): lookupValue table global cache contains Key airplane_mode_on , value = Bundle[{value=0}]
V/Provider/Settings( 1818): from db cache, name = airplane_mode_on , value = 0
D/SettingsProvider( 1476): call request for 0
V/SettingsProvider( 1476): call(system:dual_sim_mode_setting) for 0
D/SettingsProvider( 1476): lookupValue table system cache contains Key dual_sim_mode_setting , value = Bundle[{value=1}]
V/Provider/Settings( 1818): from db cache, name = dual_sim_mode_setting , value = 1
D/PowerManagerService( 1476): releaseWakeLockInternal: lock=1102935816, flags=0x0
D/PowerManagerService( 1476): updateWakeLockSummaryLocked: mWakefulness=Awake, mWakeLockSummary=0x1
D/PowerManagerService( 1476): newScreenState = 2
D/PowerManagerDisplayController( 1476): requestPowerState: screenState=2, useProximitySensor=false, screenBrightness=204, screenAutoBrightnessAdjustment=0.0, useAutoBrightness=false, useEcoBrightness=false, blockScreenOn=false, waitForNegativeProximity=false
I/PowerManagerService( 1476): setBrightness mButtonLight 0.
D/PowerManagerService( 1476): updateScreenStateLocked: mDisplayReady=false, newScreenState=2, mWakefulness=1, mWakeLockSummary=0x1, mUserActivitySummary=0x1, mBootCompleted=true
D/IPCThreadState( 1476): [DN #5] BR_CLEAR_DEATH_NOTIFICATION_DONE cookie 0x59c13cb8
I/ViPER4Android_XHiFi( 1911): Begin system update(speaker)
I/ViPER4Android_XHiFi( 1911): <+++++++++++++++ Update global effect +++++++++++++++>
I/ViPER4Android_XHiFi( 1911): updateSystem(): Effects is invalid!
I/ViPER4Android_XHiFi( 1911): <++++++++++++++++++++++++++++++++++++++++++++++++++++>
I/ViPER4Android_XHiFi( 1911): <+++++++++++++++ Update local effect +++++++++++++++>
I/ViPER4Android_XHiFi( 1911): updateSystem(): Effects is invalid!
I/ViPER4Android_XHiFi( 1911): <+++++++++++++++++++++++++++++++++++++++++++++++++++>
I/ViPER4Android_XHiFi( 1911): mScreenOnReceiver::onReceive()
I/ViPER4Android( 1924): mScreenOnReceiver::onReceive()
D/MediatekCarrierText( 1476): onSearchNetworkUpdate simId=0, switchOn=false
D/MtkAgps ( 1476): [MtkAgpsManagerService] SIM=1 onServiceStateChanged phone is in service
E/MtkAgps ( 1476): [MtkAgpsManagerService][agps] ERR: OutputStream is not ready!!
D/MediatekCarrierText( 1476): updateCarrierTextGemini, simState=READY, plmn=null, spn=Free, simId=0
D/MediatekCarrierText( 1476): mSIMOneMissing=false,mSIMTwoMissing=true
D/TelephonyManagerEx( 1476): isNetworkRoaming
E/MtkAgps ( 1476): [MtkAgpsManagerService][agps] ERR: OutputStream is not ready!!
D/MediatekCarrierText( 1476): showOrHideCarrier mCarrierView.text=FREE, mCarrierView.visibility=0, mCarrierDivider.text= | , mCarrierDivider.visibility=8, mCarrierGeminiView.text=AUCUNE CARTE SIM N'A ÉTÉ TROUVÉE. — AUCUN SERVICE, mCarrierGeminiView.visibility=8
D/MediatekCarrierText( 1476): getCarrierTextForSimState simState=READY, PLMN=null, SPN=Free carrierText=Free
D/NetworkControllerGemini( 1730): PhoneStateListener:onServiceStateChanged, sim1 before.
D/NetworkControllerGemini( 1730): PhoneStateListener:onServiceStateChanged, state=0 D/Voodoo FreeOrNot ConnectivityService( 3006): onServiceStateChanged state=0 D/Voodoo FreeOrNot ConnectivityService( 3006): State: Carrier: Free
D/NetworkControllerGemini( 1730): PhoneStateListener:onServiceStateChanged sim1 mDataNetType= 3
D/NetworkControllerGemini( 1730): updateDataNetType(0), DataNetType=3.
D/NetworkControllerGemini( 1730): updateDataNetType(0), simColorId=0 D/Voodoo FreeOrNot ConnectivityService( 3006): State: Manual selection? false
D/TelephonyManagerEx( 1730): isNetworkRoaming
D/NetworkControllerGemini( 1730): updateDataNetType(0), DataNetType3G=Type_3G tempDataTypeIconId= 2130837873. D/Voodoo FreeOrNot ConnectivityService( 3006): State: Roaming? false
D/NetworkControllerGemini( 1730): isSimInserted(0), SimInserted=true
D/NetworkControllerGemini( 1730): updateTelephonySignalStrength(0), regState=1
D/NetworkControllerGemini( 1730): updateTelephonySignalStrength(0), hasService=true
D/TelephonyManagerEx( 1730): isNetworkRoaming
D/NetworkControllerGemini( 1730): updateTelephonySignalStrength(0), isRoaming=false, mInetCondition=0
D/PowerManagerService( 1476): acquireWakeLockInternal: lock=1103181120, flags=0x1, tag="GeofencerStateMachine", ws=null, uid=10014, pid=1980
D/NetworkControllerGemini( 1730): updateTelephonySignalStrength(0), simColorId=0
D/NetworkControllerGemini( 1730): updateTelephonySignalStrength(0), tempDataNetType = Type_3G , simColorId=0 tempPhoneSignalIconId[0] = 2130837950 tempPhoneSignalIconId[1] = 0
D/NetworkControllerGemini( 1730): updateTelephonySignalStrength(0) tempSIMCUSignVisible= true
D/NetworkControllerGemini( 1730): updateTelephonySignalStrength(0) mSIMCUSignVisible = true
D/PowerManagerService( 1476): updateWakeLockSummaryLocked: mWakefulness=Awake, mWakeLockSummary=0x1
D/PowerManagerService( 1476): newScreenState = 2
D/PowerManagerDisplayController( 1476): requestPowerState: screenState=2, useProximitySensor=false, screenBrightness=204, screenAutoBrightnessAdjustment=0.0, useAutoBrightness=false, useEcoBrightness=false, blockScreenOn=false, waitForNegativeProximity=false
I/PowerManagerService( 1476): setBrightness mButtonLight 0.
D/PowerManagerService( 1476): updateScreenStateLocked: mDisplayReady=false, newScreenState=2, mWakefulness=1, mWakeLockSummary=0x1, mUserActivitySummary=0x1, mBootCompleted=true
D/NetworkControllerGemini( 1730): updateDataIcon(0), SimState=UNKNOWN, DataState=-1, DataActivity=0, tempNetType3G=Type_3G
D/PowerManagerService( 1476): releaseWakeLockInternal: lock=1103181120, flags=0x0 D/Voodoo FreeOrNot ConnectivityService( 3006): State: STATE_IN_SERVICE
D/PowerManagerService( 1476): updateWakeLockSummaryLocked: mWakefulness=Awake, mWakeLockSummary=0x1
D/PowerManagerService( 1476): newScreenState = 2
D/PowerManagerDisplayController( 1476): requestPowerState: screenState=2, useProximitySensor=false, screenBrightness=204, screenAutoBrightnessAdjustment=0.0, useAutoBrightness=false, useEcoBrightness=false, blockScreenOn=false, waitForNegativeProximity=false
I/PowerManagerService( 1476): setBrightness mButtonLight 0.
D/PowerManagerService( 1476): updateScreenStateLocked: mDisplayReady=false, newScreenState=2, mWakefulness=1, mWakeLockSummary=0x1, mUserActivitySummary=0x1, mBootCompleted=true
D/IPCThreadState( 1476): [DN #5] BR_CLEAR_DEATH_NOTIFICATION_DONE cookie 0x5be5b768
D/PhoneInterfaceManager( 1818): [PhoneIntfMgr] getCallStateGemini simId: 0 D/Voodoo FreeOrNot Connectivity( 3006): Scheduling data on Orange without roaming test
D/PhoneInterfaceManager( 1818): [PhoneIntfMgr] getCallStateGemini simId: 1
D/NetworkControllerGemini( 1730): updateDataIcon(0), callState1 is 0, callState2 is 0.
D/TelephonyManagerEx( 1730): getNetworkType
D/TelephonyManager( 1476): getDefaultSim is sim1
D/NetworkControllerGemini( 1730): updateDataIcon(0), iconId=0, visible=false
D/NetworkControllerGemini( 1730): refreshViews(0), DataConnected=false simColorId = 0
D/TelephonyManagerEx( 1730): isNetworkRoaming
D/NetworkControllerGemini( 1730): refreshViews(0), dataTypeIconId=0
D/SignalClusterViewGemini( 1730): setShowSimIndicator(0), showSimIndicator=false simIndicatorResource = 0
D/SignalClusterViewGemini( 1730): setDataConnected(0), dataConnected=false
D/SignalClusterViewGemini( 1730): setDataNetType3G(0), dataNetType=Type_3G
D/SignalClusterViewGemini( 1730): apply : mShowSimIndicator = false mSimIndicatorResource = 0 mShowSimIndicatorGemini = false mSimIndicatorResourceGemini = 0
D/SignalClusterViewGemini( 1730): apply, mMobileVisible=true mMobileActivityId=0 mMobileTypeId=0 mMobileStrengthId[0] = 2130837950 mMobileStrengthId[1] = 0
D/SignalClusterViewGemini( 1730): isSimInserted(0), SimInserted=true
D/SignalClusterViewGemini( 1730): mDataNetType =Type_3G resId= 0 simColorId = 0
D/SignalClusterViewGemini( 1730): apply, mMobileVisibleGemini=true mMobileActivityIdGemini=0 mMobileTypeIdGemini=0 mMobileStrengthIdGemini[0] = 2130837960 mMobileStrengthIdGemini[1] = 0
V/ActivityManager( 1476): Broadcast sticky: Intent { act=android.intent.action.SERVICE_STATE flg=0x10 (has extras) } ordered=false userid=-1
D/SignalClusterViewGemini( 1730): isSimInserted(1), SimInserted=false
D/SignalClusterViewGemini( 1730): apply, mMobileVisible=true, mWifiVisible=false, mIsAirplaneMode=false
D/NetworkControllerGemini( 1730): PhoneStateListener:onServiceStateChanged, sim1 after.
D/QuickSettingsConnectionModel( 1730): PhoneStateListener1.onServiceStateChanged: serviceState=SIM1 0 home Free Free 20815 UMTS CSS not supported 0 0 RoamInd=0 DefRoamInd=0 EmergOnly=false Regist state: 1
V/Provider/Settings( 1730): from settings cache , name = airplane_mode_on , value = 0
D/QuickSettingsConnectionModel( 1730): onServiceStateChanged called, inAirplaneMode is: false
V/StateTracker( 1730): setCurrentState: newState is 0
V/Provider/Settings( 1730): from settings cache , name = airplane_mode_on , value = 0
I/StateTracker( 1730): com.android.systemui.statusbar.toolbar.QuickSettingsConnectionModel$AirlineModeStateTracker@414cdce0setImageViewResources state is 0
V/Provider/Settings( 1730): from settings cache , name = airplane_mode_on , value = 0
I/StateTracker( 1730): com.android.systemui.statusbar.toolbar.QuickSettingsConnectionModel$AirlineModeStateTracker@414cdce0 mIsUserSwitching is false
D/QuickSettingsConnectionModel( 1730): mAirPlaneModeClickable is true super.isClickable is true
I/StateTracker( 1730): com.android.systemui.statusbar.toolbar.QuickSettingsConnectionModel$AirlineModeStateTracker@414cdce0 mIsUserSwitching is false
D/CountryDetector( 1476): onServiceStateChanged serviceState:SIM1 0 home Free Free 20815 UMTS CSS not supported 0 0 RoamInd=0 DefRoamInd=0 EmergOnly=false Regist state: 1
D/dalvikvm( 3480): create new thread
D/dalvikvm( 3480): new thread created
D/dalvikvm( 3480): update thread list
D/dalvikvm( 3480): threadid=15: interp stack at 0x574f6000
D/dalvikvm( 3480): threadid=15: created from interp
D/dalvikvm( 3480): start new thread
D/dalvikvm( 3480): threadid=15: notify debugger
D/dalvikvm( 3480): threadid=15 (AnalyticsThread-5): calling run() D/Voodoo FreeOrNot StatusBarNotification( 3006): Update system notification with: Non supporté, sélection automatique
D/dalvikvm( 3213): create interp thread : stack size=32KB
D/dalvikvm( 3213): create new thread
D/dalvikvm( 3213): new thread created
D/dalvikvm( 3213): update thread list
D/IPCThreadState( 1476): [DN #5] BR_CLEAR_DEATH_NOTIFICATION_DONE cookie 0x5c701ce0
D/dalvikvm( 3213): threadid=21: interp stack at 0x57b4a000
D/dalvikvm( 3213): threadid=21: created from interp
D/dalvikvm( 3213): start new thread
D/dalvikvm( 3213): threadid=21: notify debugger
D/dalvikvm( 3213): threadid=21 (pool-1-thread-1): calling run()
V/NotificationService( 1476): enqueueNotificationInternal: pkg=org.projectvoodoo.freeornot id=654654 notification=Notification(pri=0 contentView=org.projectvoodoo.freeornot/0x109008f vibrate=null sound=null defaults=0x0 flags=0x2 kind=[null])
V/NotificationService( 1476): notifications are enabled for org.projectvoodoo.freeornot
V/NotificationService( 1476): Assigned score=0 to Notification(pri=0 contentView=org.projectvoodoo.freeornot/0x109008f vibrate=null sound=null defaults=0x0 flags=0x2 kind=[null])
D/NotificationService( 1476): pakage=org.projectvoodoo.freeornot,In NotificationMangerService, this notification soud, leds and vibrate enable
D/NotificationService( 1476): useDefaultSound=false
D/NotificationService( 1476): notification.sound=null
D/NotificationService( 1476): mDmLock=false
D/dalvikvm( 3480): create interp thread : stack size=32KB
D/dalvikvm( 3480): create new thread
D/dalvikvm( 3480): new thread created
D/dalvikvm( 3480): update thread list
D/dalvikvm( 3480): threadid=23: interp stack at 0x57ded000
D/dalvikvm( 3480): threadid=23: created from interp
D/dalvikvm( 3480): start new thread
D/PowerManagerNotifier( 1476): sendNextBroadcast, mBroadcastedPowerState=1, mActualPowerState=1
D/PowerManagerNotifier( 1476): finishPendingBroadcastLocked.
D/dalvikvm( 1818): GC_CONCURRENT freed 1247K (16868), 21% free 6527K/8176K, paused 5ms+10ms, total 176ms
D/dalvikvm( 1818): WAIT_FOR_CONCURRENT_GC blocked 43ms
D/dalvikvm( 1818): WAIT_FOR_CONCURRENT_GC blocked 43ms
D/dalvikvm( 1818): WAIT_FOR_CONCURRENT_GC blocked 19ms
I/TelephonyProvider( 1818): initDatabaseIfNeeded begin content://telephony/siminfo
I/TelephonyProvider( 1818): initDatabaseIfNeeded end content://telephony/siminfo
I/TelephonyRegistry( 1476): notifyDataConnection: state=0 isDataConnectivityPossible=false reason='nwTypeChanged' apn='null' apnType=default networkType=3 mRecords.size()=10 mRecords=[{pkgForDebug=KeyguardUpdateMonitor callerUid=0 events=1}, {pkgForDebug=AudioService callerUid=0 events=20}, {pkgForDebug=android callerUid=0 events=71}, {pkgForDebug=SystemUI SIMHelper callerUid=0 events=1e1}, {pkgForDebug=SystemUI SIMHelper callerUid=0 events=1}, {pkgForDebug=com.google.android.location callerUid=0 events=150}, {pkgForDebug=com.google.android.location callerUid=0 events=550}, {pkgForDebug=com.android.phone callerUid=0 events=d}, {pkgForDebug=android callerUid=0 events=1}, {pkgForDebug=org.projectvoodoo.freeornot callerUid=0 events=61}]
D/TelephonyRegistry( 1476): onDataConnectionStateChanged(-1, 3)
W/ContextImpl( 1476): Calling a method in the system process without a qualified user: android.app.ContextImpl.sendOrderedBroadcast:1150 com.android.server.TelephonyRegistry.broadcastDataConnectionStateChanged:843 com.android.server.TelephonyRegistry.notifyDataConnection:598 com.android.internal.telephony.ITelephonyRegistry$Stub.onTransact:157 android.os.Binder.execTransact:351
V/ActivityManager( 1476): Broadcast: Intent { act=android.intent.action.ANY_DATA_STATE_MOBILE flg=0x10 (has extras) } ordered=true userid=0 D/Voodoo FreeOrNot ConnectivityService( 3006): onDataConnectionStateChanged: state=-1 type=3
D/GsmCellLocation( 1818): fillInNotifierBundle:Bundle[{type=1, cid=208542068, lac=3691, psc=-1}]
W/Provider/Settings( 3006): Setting preferred_network_mode has moved from android.provider.Settings.Secure to android.provider.Settings.Global.
V/Provider/Settings( 3006): from settings cache , name = preferred_network_mode , value = 2
D/TelephonyRegistry( 1476): validateEventsAndUserLocked: valid=false r.callerUid=0 foregroundUser=0 r.events=1 events=16
D/TelephonyRegistry( 1476): validateEventsAndUserLocked: valid=false r.callerUid=0 foregroundUser=0 r.events=32 events=16
D/TelephonyRegistry( 1476): validateEventsAndUserLocked: valid=true r.callerUid=0 foregroundUser=0 r.events=113 events=16
E/CellLocation( 1476): create GsmCellLocation
D/TelephonyRegistry( 1476): validateEventsAndUserLocked: valid=false r.callerUid=0 foregroundUser=0 r.events=481 events=16
D/TelephonyRegistry( 1476): validateEventsAndUserLocked: valid=false r.callerUid=0 foregroundUser=0 r.events=1 events=16
D/TelephonyRegistry( 1476): validateEventsAndUserLocked: valid=true r.callerUid=0 foregroundUser=0 r.events=336 events=16
D/MtkAgps ( 1476): [MtkAgpsManagerService] SIM=1 onCellLocationChanged
D/TelephonyManagerEx( 1476): getPhoneType D/Voodoo FreeOrNot StatusBarNotification( 3006): Update system notification with: UMTS (3G), sélection automatique
D/TelephonyRegistry( 1476): validateEventsAndUserLocked: valid=true r.callerUid=0 foregroundUser=0 r.events=1360 events=16
D/PhoneInterfaceManager( 1818): [PhoneIntfMgr] getActivePhoneTypeGemini simId: 0
D/TelephonyManagerEx( 1476): getCellLocation
D/TelephonyRegistry( 1476): validateEventsAndUserLocked: valid=false r.callerUid=0 foregroundUser=0 r.events=13 events=16
D/TelephonyRegistry( 1476): validateEventsAndUserLocked: valid=false r.callerUid=0 foregroundUser=0 r.events=1 events=16
D/TelephonyRegistry( 1476): validateEventsAndUserLocked: valid=false r.callerUid=0 foregroundUser=0 r.events=97 events=16
V/NotificationService( 1476): enqueueNotificationInternal: pkg=org.projectvoodoo.freeornot id=654654 notification=Notification(pri=0 contentView=org.projectvoodoo.freeornot/0x109008f vibrate=null sound=null defaults=0x0 flags=0x2 kind=[null])
V/NotificationService( 1476): notifications are enabled for org.projectvoodoo.freeornot
V/NotificationService( 1476): Assigned score=0 to Notification(pri=0 contentView=org.projectvoodoo.freeornot/0x109008f vibrate=null sound=null defaults=0x0 flags=0x2 kind=[null])
D/GsmCellLocation( 1818): fillInNotifierBundle:Bundle[{type=1, cid=208542068, lac=3691, psc=-1}]
D/NotificationService( 1476): pakage=org.projectvoodoo.freeornot,In NotificationMangerService, this notification soud, leds and vibrate enable
E/CellLocation( 1476): create GsmCellLocation
D/TelephonyManagerEx( 1476): getSubscriberId
D/TelephonyManagerEx( 1476): getSubscriberInfo
D/CallManager( 1818): handleMessage msgid:118
D/CallManager( 1818): handleMessage (EVENT_SERVICE_STATE_CHANGED)
D/CallManager( 1818): [clearEspeechInfo] state = IDLE
D/CallManager( 1818): All espeech is 0
D/TelephonyManagerEx( 1476): getNetworkOperator
D/MtkAgps ( 1476): [MtkAgpsManagerService] SIM=1 IMSI=208150001030622 MccMnc=20815 Lac=3691 Cid=208542068
E/MtkAgps ( 1476): [MtkAgpsManagerService][agps] ERR: OutputStream is not ready!!
D/TelephonyManagerEx( 1476): getPhoneType
D/NotificationService( 1476): useDefaultSound=false
D/NotificationService( 1476): notification.sound=null
D/NotificationService( 1476): mDmLock=false
I/CallNotifier( 1818): PhoneStateListener.onServiceStateChanged: serviceState=SIM1 0 home Free Free 20815 UMTS CSS not supported 0 0 RoamInd=0 DefRoamInd=0 EmergOnly=false Regist state: 1
D/PhoneInterfaceManager( 1818): [PhoneIntfMgr] getActivePhoneTypeGemini simId: 0
V/AppWidgetContext( 1730): package name: org.projectvoodoo.freeornot
D/TelephonyManagerEx( 1476): getCellLocation
V/AppWidgetContext( 1730): context permission not changed
D/GsmCellLocation( 1818): fillInNotifierBundle:Bundle[{type=1, cid=208542068, lac=3691, psc=-1}]
D/ExtensionManager( 1818): PhoneGlobalsBroadcastReceiverExtension()
E/CellLocation( 1476): create GsmCellLocation
D/TelephonyManagerEx( 1476): getPhoneType
D/PhonePluginExtensionContainer( 1818): getPhoneGlobalsBroadcastReceiverExtension() D/PhoneGlobalsBroadcastReceiverExtensionContainer( 1818): onReceive(), sub extension list is null, just return
D/PhoneGlobals( 1818): PhoneGlobalsBroadcastReceiver -----action=android.intent.action.SERVICE_STATE
D/PhoneInterfaceManager( 1818): [PhoneIntfMgr] getActivePhoneTypeGemini simId: 0
D/TelephonyManagerEx( 1476): getNetworkOperator
D/TelephonyManagerEx( 1476): getNetworkOperator
D/TelephonyManagerEx( 1476): getNetworkType
D/IPCThreadState( 1818): [DN #5] BR_CLEAR_DEATH_NOTIFICATION_DONE cookie 0x55b6fb30
D/MtkAgps ( 1476): [MtkAgpsManagerService] SIM=1 network type is 3G, networkType=3
E/MtkAgps ( 1476): [MtkAgpsManagerService][agps] ERR: OutputStream is not ready!!
D/NotificationMgr( 1818): updateNetworkSelection()...state = 0 new network
D/IPCThreadState( 1476): [DN #5] BR_CLEAR_DEATH_NOTIFICATION_DONE cookie 0x5be5b7f0
D/Mms/Txn ( 3409): sim 1 auto download without roaming -> true
D/Bluetooth HS/HF( 1818): [BT][HFG] mStateChangeHandler.handleMessage:{ what=1 when=-8ms obj=android.os.AsyncResult@4160b020 target=Handler (com.android.phone.BluetoothHandsfree$BluetoothPhoneState$1) {415f3f18} }
V/Provider/Settings( 1818): from settings cache , name = voice_call_sim_setting , value = 1
D/BluetoothAtPhonebook( 1818): getDefaultSIM : SIM ID=1
D/Mms/Txn ( 3409): sim 1 auto download during roaming -> false
I/TelephonyProvider( 1818): initDatabaseIfNeeded begin content://telephony/siminfo/1
I/TelephonyProvider( 1818): initDatabaseIfNeeded end content://telephony/siminfo/1 D/Voodoo FreeOrNot ConnectivityService( 3006): Network: UMTS
V/Provider/Settings( 1730): from settings cache , name = time_12_24 , value = null
D/IPCThreadState( 1476): [DN #5] BR_CLEAR_DEATH_NOTIFICATION_DONE cookie 0x59e6fb78
D/BluetoothAtPhonebook( 1818): getDefaultSIM : slot ID=0
D/Bluetooth HS/HF( 1818): [BT][HFG] [API] updateServiceState service=1, mService=1, roam=0, mRoam=0
D/Bluetooth HS/HF( 1818): [BT][HFG] [API] sendURC()
D/NetworkControllerGemini( 1730): PhoneStateListener:onDataConnectionStateChanged, sim1 before.
