D/NetworkControllerGemini( 1730): PhoneStateListener:onDataConnectionStateChanged, state=-1 type=3
D/NetworkControllerGemini( 1730): updateDataNetType(0), DataNetType=3.
D/NetworkControllerGemini( 1730): updateDataNetType(0), simColorId=0
D/TelephonyManagerEx( 1730): isNetworkRoaming
D/NetworkControllerGemini( 1730): updateDataNetType(0), DataNetType3G=Type_3G tempDataTypeIconId= 2130837873.
E/CellLocation( 1980): create GsmCellLocation
E/CellLocation( 1980): create GsmCellLocation
D/NetworkControllerGemini( 1730): updateDataIcon(0), SimState=UNKNOWN, DataState=-1, DataActivity=0, tempNetType3G=Type_3G
D/PhoneInterfaceManager( 1818): [PhoneIntfMgr] getCallStateGemini simId: 0
D/PhoneInterfaceManager( 1818): [PhoneIntfMgr] getCallStateGemini simId: 1
D/NetworkControllerGemini( 1730): updateDataIcon(0), callState1 is 0, callState2 is 0.
D/TelephonyManagerEx( 1730): getNetworkType
D/TelephonyManager( 1980): getDefaultSim is sim1
D/NetworkControllerGemini( 1730): updateDataIcon(0), iconId=0, visible=false
D/NetworkControllerGemini( 1730): refreshViews(0), DataConnected=false simColorId = 0
D/TelephonyManagerEx( 1730): isNetworkRoaming
D/NetworkControllerGemini( 1730): refreshViews(0), dataTypeIconId=0
D/SignalClusterViewGemini( 1730): setShowSimIndicator(0), showSimIndicator=false simIndicatorResource = 0
D/SignalClusterViewGemini( 1730): setDataConnected(0), dataConnected=false
D/SignalClusterViewGemini( 1730): setDataNetType3G(0), dataNetType=Type_3G
D/SignalClusterViewGemini( 1730): apply : mShowSimIndicator = false mSimIndicatorResource = 0 mShowSimIndicatorGemini = false mSimIndicatorResourceGemini = 0
D/SignalClusterViewGemini( 1730): apply, mMobileVisible=true mMobileActivityId=0 mMobileTypeId=0 mMobileStrengthId[0] = 2130837950 mMobileStrengthId[1] = 0
D/SignalClusterViewGemini( 1730): isSimInserted(0), SimInserted=true
D/SignalClusterViewGemini( 1730): mDataNetType =Type_3G resId= 0 simColorId = 0
D/SignalClusterViewGemini( 1730): apply, mMobileVisibleGemini=true mMobileActivityIdGemini=0 mMobileTypeIdGemini=0 mMobileStrengthIdGemini[0] = 2130837960 mMobileStrengthIdGemini[1] = 0
D/GsmCellLocation( 1818): fillInNotifierBundle:Bundle[{type=1, cid=208542068, lac=3691, psc=-1}]
D/SignalClusterViewGemini( 1730): isSimInserted(1), SimInserted=false
D/SignalClusterViewGemini( 1730): apply, mMobileVisible=true, mWifiVisible=false, mIsAirplaneMode=false
D/NetworkControllerGemini( 1730): PhoneStateListener:onDataConnectionStateChanged, sim1 after.
V/AppWidgetContext( 1730): package name: org.projectvoodoo.freeornot
V/AppWidgetContext( 1730): context permission not changed
V/Provider/Settings( 1730): from settings cache , name = time_12_24 , value = null
D/TelephonyManager( 1980): getDefaultSim is sim1
D/GsmCellLocation( 1818): fillInNotifierBundle:Bundle[{type=1, cid=208542068, lac=3691, psc=-1}]
E/CellLocation( 1980): create GsmCellLocation
E/CellLocation( 1980): create GsmCellLocation
D/TelephonyManager( 1980): getDefaultSim is sim1
D/TelephonyManager( 1980): getDefaultSim is sim1
D/TelephonyManager( 1980): getDefaultSim is sim1
D/TelephonyManager( 1980): getDefaultSim is sim1
D/TelephonyManager( 1980): getDefaultSim is sim1
D/PowerManagerService( 1476): acquireWakeLockInternal: lock=1102935816, flags=0x1, tag="RILJ", ws=null, uid=1001, pid=1818
D/TelephonyManager( 1980): getDefaultSim is sim1
D/PowerManagerService( 1476): updateWakeLockSummaryLocked: mWakefulness=Awake, mWakeLockSummary=0x1
D/PowerManagerService( 1476): newScreenState = 2
D/PowerManagerDisplayController( 1476): requestPowerState: screenState=2, useProximitySensor=false, screenBrightness=204, screenAutoBrightnessAdjustment=0.0, useAutoBrightness=false, useEcoBrightness=false, blockScreenOn=false, waitForNegativeProximity=false
D/TelephonyManager( 2110): getDefaultSim is sim1
I/PowerManagerService( 1476): setBrightness mButtonLight 0.
D/PowerManagerService( 1476): updateScreenStateLocked: mDisplayReady=false, newScreenState=2, mWakefulness=1, mWakeLockSummary=0x1, mUserActivitySummary=0x1, mBootCompleted=true
D/dalvikvm( 3480): threadid=23: notify debugger
D/PowerManagerService( 1476): releaseWakeLockInternal: lock=1102935816, flags=0x0
D/PowerManagerService( 1476): updateWakeLockSummaryLocked: mWakefulness=Awake, mWakeLockSummary=0x1
D/PowerManagerService( 1476): newScreenState = 2
D/PowerManagerDisplayController( 1476): requestPowerState: screenState=2, useProximitySensor=false, screenBrightness=204, screenAutoBrightnessAdjustment=0.0, useAutoBrightness=false, useEcoBrightness=false, blockScreenOn=false, waitForNegativeProximity=false
I/PowerManagerService( 1476): setBrightness mButtonLight 0.
D/PowerManagerService( 1476): updateScreenStateLocked: mDisplayReady=false, newScreenState=2, mWakefulness=1, mWakeLockSummary=0x1, mUserActivitySummary=0x1, mBootCompleted=true
D/dalvikvm( 3480): threadid=23 (pool-1-thread-1): calling run()
D/IPCThreadState( 1476): [DN #5] BR_CLEAR_DEATH_NOTIFICATION_DONE cookie 0x59c13cb8
D/PowerManagerService( 1476): acquireWakeLockInternal: lock=1102935816, flags=0x1, tag="RILJ", ws=null, uid=1001, pid=1818
D/PowerManagerService( 1476): updateWakeLockSummaryLocked: mWakefulness=Awake, mWakeLockSummary=0x1
D/PowerManagerService( 1476): newScreenState = 2
D/PowerManagerDisplayController( 1476): requestPowerState: screenState=2, useProximitySensor=false, screenBrightness=204, screenAutoBrightnessAdjustment=0.0, useAutoBrightness=false, useEcoBrightness=false, blockScreenOn=false, waitForNegativeProximity=false
I/PowerManagerService( 1476): setBrightness mButtonLight 0.
D/PowerManagerService( 1476): updateScreenStateLocked: mDisplayReady=false, newScreenState=2, mWakefulness=1, mWakeLockSummary=0x1, mUserActivitySummary=0x1, mBootCompleted=true
D/TelephonyManager( 2110): getDefaultSim is sim1
D/ActivityThread( 1476): BDC-Calling onReceive: intent=Intent { act=android.intent.action.ANY_DATA_STATE_MOBILE flg=0x10 (has extras) }, ordered=true, receiver=android.net.MobileDataStateTracker$MobileDataStateReceiver@419e49c8, IIntentReceiver=419e4bb0
D/MobileDataStateTracker( 1476): MobileDataStateReceiver received: ACTION_ANY_DATA_CONNECTION_STATE_CHANGED_MOBILE [default]
D/MobileDataStateTracker( 1476): default: Intent from SIM 0, current SIM 0, current DataState DISCONNECTED
D/TelephonyManager( 1980): getDefaultSim is sim1
D/GsmCellLocation( 1818): fillInNotifierBundle:Bundle[{type=1, cid=208542068, lac=3691, psc=-1}]
D/MobileDataStateTracker( 1476): default: default setting isAvailable to false
D/MobileDataStateTracker( 1476): default: Received state=DISCONNECTED, old=DISCONNECTED, reason=nwTypeChanged
D/ActivityThread( 1476): BDC-Calling finishReceiver: IIntentReceiver=419e4bb0
D/TelephonyRegistry( 1476): Received ACTION_ANY_DATA_CONNECTION_STATE_CHANGED_MOBILE
W/ContextImpl( 1476): Calling a method in the system process without a qualified user: android.app.ContextImpl.sendStickyBroadcast:1239 com.android.server.TelephonyRegistry$3.onReceive:801 android.app.LoadedApk$ReceiverDispatcher$Args.run:788 android.os.Handler.handleCallback:725 android.os.Handler.dispatchMessage:92
V/ActivityManager( 1476): Broadcast sticky: Intent { act=android.intent.action.ANY_DATA_STATE flg=0x10 (has extras) } ordered=false userid=0
E/CellLocation( 1980): create GsmCellLocation
D/TelephonyManager( 1980): getDefaultSim is sim1
D/TelephonyManager( 1980): getDefaultSim is sim1
D/QuickSettingsConnectionModel( 1730): onReceive called, action is android.intent.action.ANY_DATA_STATE
D/PowerManagerService( 1476): releaseWakeLockInternal: lock=1102935816, flags=0x0
D/PowerManagerService( 1476): updateWakeLockSummaryLocked: mWakefulness=Awake, mWakeLockSummary=0x1
D/PowerManagerService( 1476): newScreenState = 2
D/ExtensionManager( 1818): PhoneGlobalsBroadcastReceiverExtension()
D/PhonePluginExtensionContainer( 1818): getPhoneGlobalsBroadcastReceiverExtension() D/PhoneGlobalsBroadcastReceiverExtensionContainer( 1818): onReceive(), sub extension list is null, just return
D/PhoneGlobals( 1818): PhoneGlobalsBroadcastReceiver -----action=android.intent.action.ANY_DATA_STATE
D/PhoneGlobals( 1818): mReceiver: ACTION_ANY_DATA_CONNECTION_STATE_CHANGED state:DISCONNECTED reason:nwTypeChanged
D/NotificationMgr( 1818): hideDataDisconnectedRoaming()...
D/QuickSettingsConnectionModel( 1730): isApnType = true , state = DISCONNECTED , mMobileStateTracker.mGprsTargSim = false , mMobileStateTracker.mIsMmsOngoing = false
D/QuickSettingsConnectionModel( 1730): mobileStateToFiveState simSlotId is : 0
D/QuickSettingsConnectionModel( 1730): mobileStateToFiveState state is : DISCONNECTED
V/StateTracker( 1730): setCurrentState: newState is 0
D/PowerManagerDisplayController( 1476): requestPowerState: screenState=2, useProximitySensor=false, screenBrightness=204, screenAutoBrightnessAdjustment=0.0, useAutoBrightness=false, useEcoBrightness=false, blockScreenOn=false, waitForNegativeProximity=false
I/PowerManagerService( 1476): setBrightness mButtonLight 0.
D/PowerManagerService( 1476): updateScreenStateLocked: mDisplayReady=false, newScreenState=2, mWakefulness=1, mWakeLockSummary=0x1, mUserActivitySummary=0x1, mBootCompleted=true
D/IPCThreadState( 1476): [DN #5] BR_CLEAR_DEATH_NOTIFICATION_DONE cookie 0x59c13cb8
V/Provider/Settings( 1730): from settings cache , name = gprs_connection_sim_setting , value = 0
D/QuickSettingsConnectionModel( 1730): MobileStateTracker.getActualState called, simId is0
I/StateTracker( 1730): com.android.systemui.statusbar.toolbar.QuickSettingsConnectionModel$MobileStateTracker@414f2458setImageViewResources state is 0
V/Provider/Settings( 1730): from settings cache , name = gprs_connection_sim_setting , value = 0
D/QuickSettingsConnectionModel( 1730): MobileStateTracker.getActualState called, simId is0
D/QuickSettingsConnectionModel( 1730): mobile mHasSim is true, mIsAirlineMode is false, mIsMmsOngoing is false, mIsUserSwitching is false
V/Provider/Settings( 1730): from settings cache , name = dual_sim_mode_setting , value = 1
D/QuickSettingsConnectionModel( 1730): isAllRadioOff=false
I/StateTracker( 1730): com.android.systemui.statusbar.toolbar.QuickSettingsConnectionModel$MobileStateTracker@414f2458 mIsUserSwitching is false
D/SimSwitchPanelView( 1730): sim state changed
D/SimSwitchPanelView( 1730): mDataConnectionReceiver simId is : 0
D/SimSwitchPanelView( 1730): mDataConnectionReceiver state is : DISCONNECTED
D/SimSwitchPanelView( 1730): mDataConnectionReceiver reason is : nwTypeChanged
D/TelephonyManager( 1980): getDefaultSim is sim1
D/TelephonyManager( 1980): getDefaultSim is sim1
D/GsmCellLocation( 1818): fillInNotifierBundle:Bundle[{type=1, cid=208542068, lac=3691, psc=-1}]
E/CellLocation( 1980): create GsmCellLocation
D/TelephonyManager( 1980): getDefaultSim is sim1
D/TelephonyManager( 1980): getDefaultSim is sim1
D/TelephonyManager( 1980): getDefaultSim is sim1
D/TelephonyManager( 1980): getDefaultSim is sim1
D/PowerManagerService( 1476): acquireWakeLockInternal: lock=1102935816, flags=0x1, tag="RILJ", ws=null, uid=1001, pid=1818
D/PowerManagerService( 1476): updateWakeLockSummaryLocked: mWakefulness=Awake, mWakeLockSummary=0x1
D/PowerManagerService( 1476): newScreenState = 2
D/PowerManagerDisplayController( 1476): requestPowerState: screenState=2, useProximitySensor=false, screenBrightness=204, screenAutoBrightnessAdjustment=0.0, useAutoBrightness=false, useEcoBrightness=false, blockScreenOn=false, waitForNegativeProximity=false
I/PowerManagerService( 1476): setBrightness mButtonLight 0.
D/PowerManagerService( 1476): updateScreenStateLocked: mDisplayReady=false, newScreenState=2, mWakefulness=1, mWakeLockSummary=0x1, mUserActivitySummary=0x1, mBootCompleted=true
D/GsmCellLocation( 1818): fillInNotifierBundle:Bundle[{type=1, cid=208542068, lac=3691, psc=-1}]
E/CellLocation( 1980): create GsmCellLocation
D/TelephonyManager( 1980): getDefaultSim is sim1
D/TelephonyManager( 1980): getDefaultSim is sim1
D/TelephonyManager( 1980): getDefaultSim is sim1
D/PowerManagerService( 1476): acquireWakeLockInternal: lock=1102935816, flags=0x1, tag="RILJ", ws=null, uid=1001, pid=1818
D/PowerManagerService( 1476): updateWakeLockSummaryLocked: mWakefulness=Awake, mWakeLockSummary=0x1
D/PowerManagerService( 1476): newScreenState = 2
D/PowerManagerDisplayController( 1476): requestPowerState: screenState=2, useProximitySensor=false, screenBrightness=204, screenAutoBrightnessAdjustment=0.0, useAutoBrightness=false, useEcoBrightness=false, blockScreenOn=false, waitForNegativeProximity=false
I/PowerManagerService( 1476): setBrightness mButtonLight 0.
D/PowerManagerService( 1476): updateScreenStateLocked: mDisplayReady=false, newScreenState=2, mWakefulness=1, mWakeLockSummary=0x1, mUserActivitySummary=0x1, mBootCompleted=true
D/TelephonyManager( 1980): getDefaultSim is sim1
D/GsmCellLocation( 1818): fillInNotifierBundle:Bundle[{type=1, cid=208542068, lac=3691, psc=-1}]
E/CellLocation( 1980): create GsmCellLocation
D/TelephonyManager( 1980): getDefaultSim is sim1
D/TelephonyManager( 1980): getDefaultSim is sim1
D/PowerManagerService( 1476): releaseWakeLockInternal: lock=1102935816, flags=0x0
D/PowerManagerService( 1476): updateWakeLockSummaryLocked: mWakefulness=Awake, mWakeLockSummary=0x1
D/PowerManagerService( 1476): newScreenState = 2
D/PowerManagerDisplayController( 1476): requestPowerState: screenState=2, useProximitySensor=false, screenBrightness=204, screenAutoBrightnessAdjustment=0.0, useAutoBrightness=false, useEcoBrightness=false, blockScreenOn=false, waitForNegativeProximity=false
I/PowerManagerService( 1476): setBrightness mButtonLight 0.
D/PowerManagerService( 1476): updateScreenStateLocked: mDisplayReady=false, newScreenState=2, mWakefulness=1, mWakeLockSummary=0x1, mUserActivitySummary=0x1, mBootCompleted=true
D/IPCThreadState( 1476): [DN #5] BR_CLEAR_DEATH_NOTIFICATION_DONE cookie 0x59c13cb8
D/TelephonyManager( 1980): getDefaultSim is sim1
D/PowerManagerService-JNI( 1476): Excessive delay in autosuspend_disable() while turning screen on: 690ms
D/PowerManagerService( 1476): unblankAllDisplays 1
D/SurfaceFlinger( 106): Screen acquired, type=0 flinger=0x4129f358
I/SurfaceTextureClient( 106): [STC::queueBuffer] (this:0x41574710) fps:0.11, dur:160890.46, max:160623.79, min:16.55
I/SurfaceTextureClient( 106): [STC::queueBuffer] this:0x41574710, api:1, last queue time elapsed:160623.79
I/BufferQueue( 106): [FramebufferSurface](this:0x41573c08,api:1) [release] fps:0.11, dur:160890.44, max:160623.83, min:16.54
I/BufferQueue( 106): [FramebufferSurface](this:0x41573c08,api:1) [queue] fps:0.11, dur:160890.41, max:160623.84, min:16.54
I/SurfaceFlinger( 106): [SurfaceFlinger] fps:0.105662,dur:160890.40,max:160623.86,min:16.53
D/IPCThreadState( 1476): [DN #5] BR_CLEAR_DEATH_NOTIFICATION_DONE cookie 0x54a0cb88
D/PowerManagerService( 1476): unblankAllDisplays 2
I/TV/JNI ( 1476): [TVOut] jboolean tvoutPowerEnable(JNIEnv*, jobject, jboolean)(1) ret = 0
I/hdmi ( 1476): [HDMI] JNI com.mediatek.hdmi.HDMINative.enableHDMIPOWER(1)
D/PowerManager_performance( 1476): unblankAllDisplays out ...
D/KeyguardUpdateMonitor( 1476): sendKeyguardVisibilityChanged(true)
D/PowerManagerDisplayState( 1476): mTask: on = true, mActualOn = true, backlight = 0, mActualBacklight = 0
D/PowerManagerDisplayController( 1476): mProximity = -1
D/PowerManagerDisplayController( 1476): setScreenOn true
D/IPCThreadState( 1476): [DN #5] BR_CLEAR_DEATH_NOTIFICATION_DONE cookie 0x5c705198
D/PowerManagerDisplayController( 1476): Unblocked screen on after 885 ms
D/PowerManagerDisplayState( 1476): setElectronBeamLevel: level=1.0
D/IPCThreadState( 1476): [DN #5] BR_CLEAR_DEATH_NOTIFICATION_DONE cookie 0x5c517d58
D/IPCThreadState( 1476): [DN #5] BR_CLEAR_DEATH_NOTIFICATION_DONE cookie 0x5ca8fb08
D/IPCThreadState( 1476): [DN #5] BR_CLEAR_DEATH_NOTIFICATION_DONE cookie 0x5c70d880
D/BufferQueue( 106): [ElectronBeam](this:0x419c6b80,api:1) cancelBuffer: slot=1
I/BufferQueue( 106): [ElectronBeam](this:0x419c6b80,api:1) disconnect: api=1
I/SurfaceTexture( 106): [ElectronBeam] [virtual android::status_t android::SurfaceTexture::forceAuxConversionLocked()] mCurrentTexture:0, mCurrentBuf:0x419db938
I/BufferQueue( 106): [ElectronBeam](this:0x419c6b80,api:0) getReleasedBuffers: returning mask 0xffffffff
I/SurfaceTexture( 106): [ElectronBeam](this:0x419d7c80,api:0) destroying EGLImage dpy=0x1 img=0x419d9cb0
I/SurfaceTexture( 106): [ElectronBeam](this:0x419d7c80,api:0) destroying EGLImage dpy=0x1 img=0x419c7b10
I/SurfaceTexture( 106): [ElectronBeam](this:0x419d7c80,api:0) destroying EGLImage dpy=0x1 img=0x41573968
D/PowerManagerDisplayController( 1476): updatePowerState: mustNotify=true, mScreenOnWasBlocked=false, mElectronBeamOnAnimator=false, mElectronBeamOffAnimator=false, waitUntilClean=false
I/Choreographer( 1476): Skipped 44 frames! The application may be doing too much work on its main thread.
D/PowerManagerDisplayState( 1476): setScreenBrightness: brightness=204
D/PowerManagerService( 1476): newScreenState = 2
D/PowerManagerDisplayController( 1476): requestPowerState: screenState=2, useProximitySensor=false, screenBrightness=204, screenAutoBrightnessAdjustment=0.0, useAutoBrightness=false, useEcoBrightness=false, blockScreenOn=false, waitForNegativeProximity=false
I/PowerManagerService( 1476): setBrightness mButtonLight 0.
D/PowerManagerService( 1476): updateScreenStateLocked: mDisplayReady=false, newScreenState=2, mWakefulness=1, mWakeLockSummary=0x1, mUserActivitySummary=0x1, mBootCompleted=true
D/PowerManagerService( 1476): handleSandman: canDream=true, mWakefulness=Awake
D/PowerManagerDisplayState( 1476): Requesting new screen state: on=true, backlight=204, mChangeInProgress=false
D/PowerManagerDisplayController( 1476): sendMessage.
D/PowerManagerDisplayState( 1476): on mTask
D/PowerManagerDisplayState( 1476): mTask: on = true, mActualOn = true, backlight = 204, mActualBacklight = 0
D/PowerManagerDisplayState( 1476): mTask: on = true, onChanged = false, backlightChanged = true, backlight = 204
D/LightsService( 1476): setLight_native: light=0, colorARGB=0xffcccccc, flashMode=0, onMS=0, offMS=0, brightnessMode=0
D/lights ( 1476): write_int open fd=208
D/PowerManagerDisplayState( 1476): mTask: on = true, mActualOn = true, backlight = 204, mActualBacklight = 204
D/PowerManagerDisplayController( 1476): mProximity = -1
D/PowerManagerDisplayController( 1476): setScreenOn true
D/PowerManagerDisplayController( 1476): updatePowerState: mustNotify=true, mScreenOnWasBlocked=false, mElectronBeamOnAnimator=false, mElectronBeamOffAnimator=false, waitUntilClean=true
D/PowerManagerDisplayController( 1476): Display ready!
D/PowerManagerService( 1476): newScreenState = 2
D/PowerManagerDisplayController( 1476): requestPowerState: screenState=2, useProximitySensor=false, screenBrightness=204, screenAutoBrightnessAdjustment=0.0, useAutoBrightness=false, useEcoBrightness=false, blockScreenOn=false, waitForNegativeProximity=false
I/PowerManagerService( 1476): setBrightness mButtonLight 0.
D/PowerManagerService( 1476): updateScreenStateLocked: mDisplayReady=true, newScreenState=2, mWakefulness=1, mWakeLockSummary=0x1, mUserActivitySummary=0x1, mBootCompleted=true
D/PowerManagerNotifier( 1476): onWakeUpFinished
D/KeyguardUpdateMonitor( 1476): handleKeyguardVisibilityChanged(1)
V/KeyguardStatusView( 1476): refresh statusview showing:true
I/BufferQueue( 106): [ElectronBeam](this:0x419c6b80,api:0) consumerDisconnect
I/BufferQueue( 106): [ElectronBeam](this:0x419c6b80,api:0) ~BufferQueue
V/Provider/Settings( 1476): get setting for user -2 by user 0 so skipping cache
V/SettingsProvider( 1476): access setting for user 0
D/SettingsProvider( 1476): call request for 0
V/SettingsProvider( 1476): call(system:next_alarm_formatted) for 0
D/SettingsProvider( 1476): lookupValue table system cache contains Key next_alarm_formatted , value = Bundle[{value=}]
V/Provider/Settings( 1476): from db cache, name = next_alarm_formatted , value =
I/Provider/Settings( 1476): call-query of user -2 by 0 so not updating cache
D/KeyguardViewMediator( 1476): handleMessage enter msg name=SET_HIDDEN
D/KeyguardViewMediator( 1476): handleMessage exit msg name=SET_HIDDEN
D/IPCThreadState( 1476): [DN #5] BR_CLEAR_DEATH_NOTIFICATION_DONE cookie 0x5c27bde0
D/IPCThreadState( 1476): [DN #5] BR_CLEAR_DEATH_NOTIFICATION_DONE cookie 0x5c706768
D/IPCThreadState( 1476): [DN #5] BR_CLEAR_DEATH_NOTIFICATION_DONE cookie 0x5cfd0f48
D/IPCThreadState( 1476): [DN #5] BR_CLEAR_DEATH_NOTIFICATION_DONE cookie 0x5c70aa80
D/IPCThreadState( 1476): [DN #5] BR_CLEAR_DEATH_NOTIFICATION_DONE cookie 0x592253f8
D/IPCThreadState( 1476): [DN #5] BR_CLEAR_DEATH_NOTIFICATION_DONE cookie 0x561d7e58
D/IPCThreadState( 1476): [DN #5] BR_CLEAR_DEATH_NOTIFICATION_DONE cookie 0x54a774d0
D/IPCThreadState( 1476): [DN #5] BR_CLEAR_DEATH_NOTIFICATION_DONE cookie 0x5a5df5c0
D/IPCThreadState( 1476): [DN #5] BR_CLEAR_DEATH_NOTIFICATION_DONE cookie 0x5c707620
D/IPCThreadState( 1476): [DN #5] BR_CLEAR_DEATH_NOTIFICATION_DONE cookie 0x5c71e6e0
D/IPCThreadState( 1476): [DN #5] BR_CLEAR_DEATH_NOTIFICATION_DONE cookie 0x561dc540
D/IPCThreadState( 1476): [DN #5] BR_CLEAR_DEATH_NOTIFICATION_DONE cookie 0x57a06ee8
D/IPCThreadState( 1476): [DN #5] BR_CLEAR_DEATH_NOTIFICATION_DONE cookie 0x59b85f58
D/IPCThreadState( 1476): [DN #5] BR_CLEAR_DEATH_NOTIFICATION_DONE cookie 0x5c27df00
D/IPCThreadState( 1476): [DN #5] BR_CLEAR_DEATH_NOTIFICATION_DONE cookie 0x5c705ea8
D/IPCThreadState( 1476): [DN #5] BR_CLEAR_DEATH_NOTIFICATION_DONE cookie 0x5c720120
D/IPCThreadState( 1476): [DN #5] BR_CLEAR_DEATH_NOTIFICATION_DONE cookie 0x5c63cbe8
D/IPCThreadState( 1476): [DN #5] BR_CLEAR_DEATH_NOTIFICATION_DONE cookie 0x591cf4e0
D/IPCThreadState( 1476): [DN #5] BR_CLEAR_DEATH_NOTIFICATION_DONE cookie 0x59163290
D/IPCThreadState( 1476): [DN #5] BR_CLEAR_DEATH_NOTIFICATION_DONE cookie 0x59a99718
D/IPCThreadState( 1476): [DN #5] BR_CLEAR_DEATH_NOTIFICATION_DONE cookie 0x5c516e60
D/IPCThreadState( 1476): [DN #5] BR_CLEAR_DEATH_NOTIFICATION_DONE cookie 0x5d02a600
D/IPCThreadState( 1476): [DN #5] BR_CLEAR_DEATH_NOTIFICATION_DONE cookie 0x5c59be70
D/IPCThreadState( 1476): [DN #5] BR_CLEAR_DEATH_NOTIFICATION_DONE cookie 0x5c586840
D/IPCThreadState( 1476): [DN #5] BR_CLEAR_DEATH_NOTIFICATION_DONE cookie 0x5c27a998
D/IPCThreadState( 1476): [DN #5] BR_CLEAR_DEATH_NOTIFICATION_DONE cookie 0x5c27aa60
D/IPCThreadState( 1476): [DN #5] BR_CLEAR_DEATH_NOTIFICATION_DONE cookie 0x5c6377b0
D/IPCThreadState( 1476): [DN #5] BR_CLEAR_DEATH_NOTIFICATION_DONE cookie 0x5c705b28
D/IPCThreadState( 1476): [DN #5] BR_CLEAR_DEATH_NOTIFICATION_DONE cookie 0x5c705c08
D/IPCThreadState( 1476): [DN #5] BR_CLEAR_DEATH_NOTIFICATION_DONE cookie 0x5bd428e0
D/IPCThreadState( 1476): [DN #5] BR_CLEAR_DEATH_NOTIFICATION_DONE cookie 0x59e82518
D/IPCThreadState( 1476): [DN #5] BR_CLEAR_DEATH_NOTIFICATION_DONE cookie 0x5c587ea0
D/IPCThreadState( 1476): [DN #5] BR_CLEAR_DEATH_NOTIFICATION_DONE cookie 0x591df078
D/IPCThreadState( 1476): [DN #5] BR_CLEAR_DEATH_NOTIFICATION_DONE cookie 0x53426ad0
D/IPCThreadState( 1476): [DN #5] BR_CLEAR_DEATH_NOTIFICATION_DONE cookie 0x5c516900
D/KeyguardViewStateManager( 1476): mHideHintsRunnable mKeyguardWidgetPager=com.android.internal.policy.impl.keyguard.KeyguardWidgetPager{419a5a68 V.E.H... ......I. -960,-400-1440,1200 #10202b5 android:id/app_widget_container}
D/KeyguardWidgetPager( 1476): hideOutlinesAndSidePages
D/KeyguardWidgetPager( 1476): animateOutlinesAndSidePages show=false, duration=-1
D/KeyguardWidgetPager( 1476): animateOutlinesAndSidePages mChildrenOutlineFadeAnimation != null, cancel it
D/KeyguardWidgetPager( 1476): animateOutlinesAndSidePages onAnimationStart show=false
I/SurfaceTextureClient( 1476): [STC::queueBuffer] (this:0x5bc20ad0) fps:21.81, dur:1008.85, max:151.39, min:26.37
I/BufferQueue( 106): [Keyguard](this:0x419d4f88,api:2) [queue] fps:21.82, dur:1008.28, max:153.60, min:26.57
I/BufferQueue( 106): [Keyguard](this:0x419d4f88,api:2) [release] fps:21.75, dur:1011.52, max:164.24, min:18.07
D/dalvikvm( 1476): GC_EXPLICIT freed 1473K (10062), 26% free 13094K/17516K, paused 5ms+9ms, total 103ms
D/IPCThreadState( 1476): [DN #5] BR_CLEAR_DEATH_NOTIFICATION_DONE cookie 0x59c10a70
D/InputReader( 1476): AP_PROF:AppLaunch_dispatchPtr:Down:291942
I/AP_PROF ( 1476): unable to open /proc/mtprof/status entry
D/PowerManagerService( 1476): userActivityFromNative
D/PowerManagerService( 1476): userActivityNoUpdateLocked: eventTime=291942, event=2, flags=0x0, uid=1000
D/PowerManagerNotifier( 1476): onUserActivity: event=2, uid=1000
D/PowerManagerService( 1476): updateUserActivitySummaryLocked: mWakefulness=Awake, mUserActivitySummary=0x1, nextTimeout=299942 (in 7999 ms)
D/PowerManagerService( 1476): newScreenState = 2
D/PowerManagerDisplayController( 1476): requestPowerState: screenState=2, useProximitySensor=false, screenBrightness=204, screenAutoBrightnessAdjustment=0.0, useAutoBrightness=false, useEcoBrightness=false, blockScreenOn=false, waitForNegativeProximity=false
I/PowerManagerService( 1476): setBrightness mButtonLight 0.
D/PowerManagerService( 1476): updateScreenStateLocked: mDisplayReady=true, newScreenState=2, mWakefulness=1, mWakeLockSummary=0x1, mUserActivitySummary=0x1, mBootCompleted=true
D/PowerManagerService( 1476): handleSandman: canDream=true, mWakefulness=Awake
V/MediatekGlowPadView( 1476): *** DOWN ***
D/MediatekGlowPadView( 1476): hideAllNewEventViews
V/MediatekGlowPadView( 1476): ** Handle HIT
V/Provider/Settings( 1476): get setting for user -2 by user 0 so skipping cache
V/SettingsProvider( 1476): access setting for user 0
D/SettingsProvider( 1476): call request for 0
V/SettingsProvider( 1476): call(system:haptic_feedback_enabled) for 0
D/SettingsProvider( 1476): lookupValue table system cache contains Key haptic_feedback_enabled , value = Bundle[{value=1}]
V/Provider/Settings( 1476): from db cache, name = haptic_feedback_enabled , value = 1
I/Provider/Settings( 1476): call-query of user -2 by 0 so not updating cache
D/PowerManagerService( 1476): userActivityNoUpdateLocked: eventTime=291961, event=0, flags=0x0, uid=1000
D/PowerManagerNotifier( 1476): onUserActivity: event=0, uid=1000
D/PowerManagerService( 1476): updateUserActivitySummaryLocked: mWakefulness=Awake, mUserActivitySummary=0x1, nextTimeout=299961 (in 7999 ms)
D/PowerManagerService( 1476): newScreenState = 2
D/PowerManagerDisplayController( 1476): requestPowerState: screenState=2, useProximitySensor=false, screenBrightness=204, screenAutoBrightnessAdjustment=0.0, useAutoBrightness=false, useEcoBrightness=false, blockScreenOn=false, waitForNegativeProximity=false
I/PowerManagerService( 1476): setBrightness mButtonLight 0.
D/PowerManagerService( 1476): updateScreenStateLocked: mDisplayReady=true, newScreenState=2, mWakefulness=1, mWakeLockSummary=0x1, mUserActivitySummary=0x1, mBootCompleted=true
D/PowerManagerService( 1476): handleSandman: canDream=true, mWakefulness=Awake
D/IPCThreadState( 1476): [DN #5] BR_CLEAR_DEATH_NOTIFICATION_DONE cookie 0x5c70aa80
D/IPCThreadState( 1476): [DN #5] BR_CLEAR_DEATH_NOTIFICATION_DONE cookie 0x592253f8
D/IPCThreadState( 1476): [DN #5] BR_CLEAR_DEATH_NOTIFICATION_DONE cookie 0x5c706768
D/Settings/BW( 2297): ReadCodeTask:file size: 4096
V/MediatekGlowPadView( 1476): *** MOVE ***
D/IPCThreadState( 1476): [DN #5] BR_CLEAR_DEATH_NOTIFICATION_DONE cookie 0x5bd447d0
D/IPCThreadState( 1476): [DN #5] BR_CLEAR_DEATH_NOTIFICATION_DONE cookie 0x5c27bde0
D/IPCThreadState( 1476): [DN #5] BR_CLEAR_DEATH_NOTIFICATION_DONE cookie 0x5c53bec8
V/MediatekGlowPadView( 1476): *** MOVE ***
D/IPCThreadState( 1476): [DN #5] BR_CLEAR_DEATH_NOTIFICATION_DONE cookie 0x5c701ce0
D/IPCThreadState( 1476): [DN #5] BR_CLEAR_DEATH_NOTIFICATION_DONE cookie 0x5600e3f0
D/IPCThreadState( 1476): [DN #5] BR_CLEAR_DEATH_NOTIFICATION_DONE cookie 0x5a8cdb90
D/IPCThreadState( 1476): [DN #5] BR_CLEAR_DEATH_NOTIFICATION_DONE cookie 0x59e63bb8
D/IPCThreadState( 1476): [DN #5] BR_CLEAR_DEATH_NOTIFICATION_DONE cookie 0x5d135f98
D/InputReader( 1476): AP_PROF:AppLaunch_dispatchPtr:Up:292063
D/IPCThreadState( 1476): [DN #5] BR_CLEAR_DEATH_NOTIFICATION_DONE cookie 0x5c63ab28
D/IPCThreadState( 1476): [DN #5] BR_CLEAR_DEATH_NOTIFICATION_DONE cookie 0x5d029088
D/IPCThreadState( 1476): [DN #5] BR_CLEAR_DEATH_NOTIFICATION_DONE cookie 0x59b898a0
D/IPCThreadState( 1476): [DN #5] BR_CLEAR_DEATH_NOTIFICATION_DONE cookie 0x5c27de10
D/IPCThreadState( 1476): [DN #5] BR_CLEAR_DEATH_NOTIFICATION_DONE cookie 0x592220c8
V/MediatekGlowPadView( 1476): *** MOVE ***
V/MediatekGlowPadView( 1476): *** UP ***
V/MediatekGlowPadView( 1476): ** Handle RELEASE
V/MediatekGlowPadView( 1476): Finish with target hit = true
V/Provider/Settings( 1476): get setting for user -2 by user 0 so skipping cache
V/SettingsProvider( 1476): access setting for user 0
D/SettingsProvider( 1476): call request for 0
V/SettingsProvider( 1476): call(system:haptic_feedback_enabled) for 0
D/SettingsProvider( 1476): lookupValue table system cache contains Key haptic_feedback_enabled , value = Bundle[{value=1}]
V/Provider/Settings( 1476): from db cache, name = haptic_feedback_enabled , value = 1
D/IPCThreadState( 1476): [DN #5] BR_CLEAR_DEATH_NOTIFICATION_DONE cookie 0x59c16e90
I/Provider/Settings( 1476): call-query of user -2 by 0 so not updating cache
D/IPCThreadState( 1476): [DN #5] BR_CLEAR_DEATH_NOTIFICATION_DONE cookie 0x5c6f6b20
D/PowerManagerService( 1476): userActivityNoUpdateLocked: eventTime=292096, event=0, flags=0x0, uid=1000
D/PowerManagerNotifier( 1476): onUserActivity: event=0, uid=1000
D/PowerManagerService( 1476): updateUserActivitySummaryLocked: mWakefulness=Awake, mUserActivitySummary=0x1, nextTimeout=300096 (in 8000 ms)
D/PowerManagerService( 1476): newScreenState = 2
D/PowerManagerDisplayController( 1476): requestPowerState: screenState=2, useProximitySensor=false, screenBrightness=204, screenAutoBrightnessAdjustment=0.0, useAutoBrightness=false, useEcoBrightness=false, blockScreenOn=false, waitForNegativeProximity=false
I/PowerManagerService( 1476): setBrightness mButtonLight 0.
D/PowerManagerService( 1476): updateScreenStateLocked: mDisplayReady=true, newScreenState=2, mWakefulness=1, mWakeLockSummary=0x1, mUserActivitySummary=0x1, mBootCompleted=true
D/PowerManagerService( 1476): handleSandman: canDream=true, mWakefulness=Awake
D/KeyguardHostView( 1476): showNextSecurityScreenOrFinish(false)
D/KeyguardUpdateMonitor( 1476): mSimState = READY
D/KeyguardUpdateMonitor( 1476): mSim2State = ABSENT
D/KeyguardViewMediator( 1476): keyguardDone(true)
D/PowerManagerService( 1476): userActivityNoUpdateLocked: eventTime=292100, event=0, flags=0x0, uid=1000
D/PowerManagerNotifier( 1476): onUserActivity: event=0, uid=1000
D/PowerManagerService( 1476): updateUserActivitySummaryLocked: mWakefulness=Awake, mUserActivitySummary=0x1, nextTimeout=300100 (in 7999 ms)
D/PowerManagerService( 1476): newScreenState = 2
D/PowerManagerDisplayController( 1476): requestPowerState: screenState=2, useProximitySensor=false, screenBrightness=204, screenAutoBrightnessAdjustment=0.0, useAutoBrightness=false, useEcoBrightness=false, blockScreenOn=false, waitForNegativeProximity=false
I/PowerManagerService( 1476): setBrightness mButtonLight 0.
D/PowerManagerService( 1476): updateScreenStateLocked: mDisplayReady=true, newScreenState=2, mWakefulness=1, mWakeLockSummary=0x1, mUserActivitySummary=0x1, mBootCompleted=true
D/PowerManagerService( 1476): handleSandman: canDream=true, mWakefulness=Awake
D/MediatekGlowPadView( 1476): showAllNewEventViews
D/KeyguardViewMediator( 1476): handleMessage enter msg name=KEYGUARD_DONE
D/KeyguardViewMediator( 1476): handleKeyguardDone, wakeup=true
D/KeyguardViewMediator( 1476): handleHide
D/SettingsProvider( 1476): call request for 0
V/SettingsProvider( 1476): call(system:lockscreen_sounds_enabled) for 0
D/SettingsProvider( 1476): lookupValue table system cache contains Key lockscreen_sounds_enabled , value = Bundle[{value=1}]
V/Provider/Settings( 1476): from db cache, name = lockscreen_sounds_enabled , value = 1
D/AudioYusuPolicyManager( 110): getDeviceForStrategy() from cache strategy 0, device 2, mAvailableOutputDevices = 3
D/AudioYusuPolicyManager( 110): getOutput() stream 1, samplingRate 0, format 0, channelMask 3, flags 0
D/AudioYusuPolicyManager( 110): getOutput() returns output 2
D/AudioYusuPolicyManager( 110): getDeviceForStrategy() from cache strategy 0, device 2, mAvailableOutputDevices = 3
D/AudioYusuPolicyManager( 110): getOutput() stream 1, samplingRate 0, format 0, channelMask 3, flags 0
D/AudioYusuPolicyManager( 110): getOutput() returns output 2
D/AudioTrack( 1476): audiotrack 0x5ca8f870 set Type 1, rate 44100, fmt 1, chn 1, fcnt 8192, flag 4
D/AudioYusuPolicyManager( 110): getDeviceForStrategy() from cache strategy 0, device 2, mAvailableOutputDevices = 3
D/AudioYusuPolicyManager( 110): getOutput() stream 1, samplingRate 0, format 0, channelMask 3, flags 0
D/AudioYusuPolicyManager( 110): getOutput() returns output 2
D/AudioYusuPolicyManager( 110): getDeviceForStrategy() from cache strategy 0, device 2, mAvailableOutputDevices = 3
D/AudioYusuPolicyManager( 110): getOutput() stream 1, samplingRate 44100, format 1, channelMask 1, flags 4
D/AudioYusuPolicyManager( 110): getOutput() returns output 2
D/AudioFlinger( 110): createTrack() sessionId: 0
D/AudioFlinger( 110): createTrack() lSessionId: 13
D/AudioFlinger( 110): AUDIO_OUTPUT_FLAG_FAST denied: isTimed=0 sharedBuffer=0x0 frameCount=8192 mFrameCount=2048 format=1 isLinear=1 channelMask=0x1 sampleRate=44100 mSampleRate=44100 hasFastMixer=0 tid=3554 fastTrackAvailMask=0xfe
D/AudioFlinger( 110): Track constructor name 4098, calling pid 1476
D/AudioTrack( 1476): sched_setscheduler to rt, priority: 1
D/AudioFlinger( 110): acquiring 13 from 1476
D/AudioFlinger( 110): added new entry for 13
D/AudioTrack( 1476): start 0x5ca8f870
D/AudioFlinger( 110): start(4098), calling pid 1476 session 13
D/AudioFlinger( 110): ? => ACTIVE (4098) on thread 0x42000920
D/IPCThreadState( 1476): [DN #5] BR_CLEAR_DEATH_NOTIFICATION_DONE cookie 0x5c6f9028
D/AudioYusuPolicyManager( 110): startOutput() output 2, stream 1, session 13
D/AudioYusuPolicyManager( 110): changeRefCount() stream 1, count 1
D/AudioYusuPolicyManager( 110): getDeviceForStrategy() from cache strategy 0, device 2, mAvailableOutputDevices = 3
D/AudioYusuPolicyManager( 110): getNewDevice() selected device 2 output= 2
D/AudioYusuPolicyManager( 110): setOutputDevice() output 2 device 0002 delayMs 0
D/AudioYusuPolicyManager( 110): setOutputDevice() output 2 device 0002 delayMs 0 prevDevice 0002 delayMs = 0
D/AudioYusuPolicyManager( 110): checkDeviceMuteStrategies outputDesc = 0x418d3b30 prevDevice = 2 delayMs = 0
D/AudioYusuPolicyManager( 110): getDeviceForStrategy() from cache strategy 7, device 2, mAvailableOutputDevices = 3
D/AudioYusuPolicyManager( 110): getDeviceForStrategy() from cache strategy 6, device 2, mAvailableOutputDevices = 3
D/AudioYusuPolicyManager( 110): getDeviceForStrategy() from cache strategy 5, device 2, mAvailableOutputDevices = 3
D/AudioYusuPolicyManager( 110): getDeviceForStrategy() from cache strategy 4, device 2, mAvailableOutputDevices = 3
D/AudioYusuPolicyManager( 110): getDeviceForStrategy() from cache strategy 0, device 2, mAvailableOutputDevices = 3
D/AudioYusuPolicyManager( 110): getDeviceForStrategy() from cache strategy 3, device 2, mAvailableOutputDevices = 3
D/AudioYusuPolicyManager( 110): getDeviceForStrategy() from cache strategy 2, device 2, mAvailableOutputDevices = 3
D/AudioYusuPolicyManager( 110): getDeviceForStrategy() from cache strategy 2, device 2, mAvailableOutputDevices = 3
D/AudioYusuPolicyManager( 110): getDeviceForStrategy() from cache strategy 1, device 1, mAvailableOutputDevices = 3
D/AudioYusuPolicyManager( 110): getDeviceForStrategy() from cache strategy 0, device 2, mAvailableOutputDevices = 3
D/AudioYusuPolicyManager( 110): setOutputDevice() setting same device 0002 or null device for output 2
D/AudioYusuPolicyManager( 110): getDeviceForStrategy() from cache strategy 0, device 2, mAvailableOutputDevices = 3
D/AudioFlinger( 110): mWaitWorkCV.broadcast
D/AudioFlinger( 110): thread 0x419eba70 type 0 TID 614 waking up
D/PowerManagerService( 1476): acquireWakeLockInternal: lock=1095589744, flags=0x1, tag="AudioOut_2", ws=null, uid=1013, pid=110
D/PowerManagerService( 1476): updateWakeLockSummaryLocked: mWakefulness=Awake, mWakeLockSummary=0x1
D/PowerManagerService( 1476): newScreenState = 2
D/PowerManagerDisplayController( 1476): requestPowerState: screenState=2, useProximitySensor=false, screenBrightness=204, screenAutoBrightnessAdjustment=0.0, useAutoBrightness=false, useEcoBrightness=false, blockScreenOn=false, waitForNegativeProximity=false
I/PowerManagerService( 1476): setBrightness mButtonLight 0.
D/PowerManagerService( 1476): updateScreenStateLocked: mDisplayReady=true, newScreenState=2, mWakefulness=1, mWakeLockSummary=0x1, mUserActivitySummary=0x1, mBootCompleted=true
D/AudioFlinger( 110): acquireWakeLock_l() AudioOut_2 status 0
D/PowerManagerService( 1476): handleSandman: canDream=true, mWakefulness=Awake
D/AudioTrack( 1476): ~audioTrack 0x5ca241b0
D/AudioYusuPolicyManager( 110): getDeviceForStrategy() from cache strategy 0, device 2, mAvailableOutputDevices = 3
D/AudioYusuPolicyManager( 110): getOutput() stream 1, samplingRate 0, format 0, channelMask 3, flags 0
D/AudioYusuPolicyManager( 110): getOutput() returns output 2
D/AudioFlinger( 110): ~TrackHandle trackName=4099
D/AudioYusuPolicyManager( 110): releaseOutput() 2
D/AudioFlinger( 110): releasing 11 from 1476
D/AudioFlinger( 110): decremented refcount to 0
D/AudioYusuPolicyManager( 110): getDeviceForStrategy() from cache strategy 0, device 2, mAvailableOutputDevices = 3
D/AudioYusuPolicyManager( 110): getOutput() stream 1, samplingRate 0, format 0, channelMask 3, flags 0
D/AudioYusuPolicyManager( 110): getOutput() returns output 2
D/AudioFlinger( 110): threadLoop_sleepTime write muted data to hw
D/AudioFlinger( 110): remove track (4099) and delete from mixer
D/AudioFlinger( 110): PlaybackThread::Track destructor
D/AudioYusuPolicyManager( 110): getDeviceForStrategy() from cache strategy 0, device 2, mAvailableOutputDevices = 3
D/AudioYusuPolicyManager( 110): getOutput() stream 1, samplingRate 0, format 0, channelMask 3, flags 0
D/AudioYusuPolicyManager( 110): getOutput() returns output 2
D/AudioYusuPolicyManager( 110): getDeviceForStrategy() from cache strategy 0, device 2, mAvailableOutputDevices = 3
D/AudioYusuPolicyManager( 110): getOutput() stream 1, samplingRate 0, format 0, channelMask 3, flags 0
D/AudioYusuPolicyManager( 110): getOutput() returns output 2
D/AudioFlinger( 110): +purging stale effects
D/AudioFlinger( 110): -purging stale effects
D/AudioYusuStreamOut( 110): AudioHw is standby
D/KeyguardViewManager( 1476): hide() mKeyguardView=com.android.internal.policy.impl.keyguard.KeyguardHostView{419b4c90 V.E..... ......I. 0,0-480,767 #10202b2 android:id/keyguard_host_view}
D/AudioStreamHandler( 110): AddSrcRunningNumber mSrcBlockRunningNum:1
D/Launcher( 1939): Launcher, (Launcher)onStart: this = com.android.launcher2.Launcher@414ee250
D/AudioCompensationFilter( 110): AudioCompensationFilter mWorkMode=5, Channel_Num=2, Sample_Rate=44100
D/AudioCompensationFilter( 110): AudioCompensationFilter::Start()
D/AudioCompensationFilter( 110): AudioCompensationFilter mWorkMode=4, Channel_Num=2, Sample_Rate=44100
D/AudioCompensationFilter( 110): AudioCompensationFilter::Start()
D/AudioCompensationFilter( 110): AudioCompensationFilter::Stop()
D/AudioYusuStreamOut( 110): startAudioHw
D/IPCThreadState( 1476): [DN #5] BR_CLEAR_DEATH_NOTIFICATION_DONE cookie 0x57a08080
D/AudioYusuStreamOut( 110): RestoreOutSamplerate
D/AudioStreamHandler( 110): +AudioStartRunning InterruptCounter = 1024
D/AudioStreamHandler( 110): AudioStartRunning, Get HardwareOnOffMutex
D/AudioYusuHardware( 110): setMasterVolume=1.000000, device=0x2, mMode:0
D/AudioYusuVolumeController( 110): setMasterVolume mode=0, routes=2
D/AudioYusuVolumeController( 110): ApplyGain Setting_value=e
D/AudioStreamHandler( 110): AudioStartRunning::Con1(0xe),Con2(0xe)
D/AudioStreamHandler( 110): AudioStartRunning, +Afe_DL_Start
D/AudioAnalogAFE( 110): !!! AnalogAFE_Open pinmux=0
D/AudioAnalogAFE( 110): AnalogAFE_ChangeMux pinmux=0
D/AudioAnalogAFE( 110): AnalogAFE_ChangeMux pinmux=0
D/AudioYusuHardware( 110): toggleDevices devices 2 on 1
D/AudioYusuHardware( 110): EnableSpeaker (enable 1)
D/AudioAMPControl( 110): setSpeaker::mode=0,prestate=0,state=1
I/libPerfService( 1476): 1: set: 2
E/ ( 1476): Could not open '/sys/devices/system/cpu/cpufreq/hotplug/cpu_num_base'
D/InputReader( 1476): InputReader:: getSwitchState lock
D/InputReader( 1476): InputReader::getStateLocked:: return
D/KeyguardUpdateMonitor( 1476): sendKeyguardVisibilityChanged(true)
D/Launcher( 1939): Launcher, (Launcher)onResume: mRestoring = false, mOnResumeNeedsLoad = false,mOrientationChanged = false,mPagesAreRecreated = false, this = com.android.launcher2.Launcher@414ee250
D/KeyguardUpdateMonitor( 1476): sendKeyguardVisibilityChanged(true)
V/Provider/Settings( 1939): invalidate [system]: current 5 != cached 4
D/SettingsProvider( 1476): call request for 0
V/SettingsProvider( 1476): call(system:landscape_launcher) for 0
D/KeyguardViewMediator( 1476): adjustStatusBarLocked: mShowing=false mHidden=false isSecure=false --> flags=0x0
D/SettingsProvider( 1476): lookupValue table system cache contains Key landscape_launcher , value = Bundle[{value=none}]
D/PhoneStatusBar( 1730): disable: < expand icons alerts ticker system_info BACK HOME recent* CLOCK search > D/PowerManagerService( 1476): |----com.android.server.power.PowerManagerService.wakeUpNoUpdateLocked(PowerManagerService.java:1083)
D/PowerManagerService( 1476): |----com.android.server.power.PowerManagerService.wakeUpInternal(PowerManagerService.java:1075)
D/PowerManagerService( 1476): |----com.android.server.power.PowerManagerService.wakeUp(PowerManagerService.java:1061)
D/PowerManagerService( 1476): |----android.os.PowerManager.wakeUp(PowerManager.java:505)
D/PowerManagerService( 1476): |----com.android.internal.policy.impl.keyguard.KeyguardViewMediator.wakeUp(KeyguardViewMediator.java:553)
D/PowerManagerService( 1476): |----com.android.internal.policy.impl.keyguard.KeyguardViewMediator.handleKeyguardDone(KeyguardViewMediator.java:1441)
D/PowerManagerService( 1476): |----com.android.internal.policy.impl.keyguard.KeyguardViewMediator.access$2400(KeyguardViewMediator.java:106)
D/PowerManagerService( 1476): |----com.android.internal.policy.impl.keyguard.KeyguardViewMediator$4.handleMessage(KeyguardViewMediator.java:1384)
D/PowerManagerService( 1476): |----android.os.Handler.dispatchMessage(Handler.java:99)
D/PowerManagerService( 1476): |----android.os.Looper.loop(Looper.java:153)
D/PowerManagerService( 1476): |----android.os.HandlerThread.run(HandlerThread.java:60)
D/PowerManager_performance( 1476): wakeUpNoUpdateLocked: eventTime=292180
V/Provider/Settings( 1939): from db cache, name = landscape_launcher , value = none
V/ActivityManager( 1476): Broadcast: Intent { act=android.intent.action.USER_PRESENT flg=0x28000010 } ordered=false userid=0
D/KeyguardViewMediator( 1476): handleMessage exit msg name=KEYGUARD_DONE
D/WifiStateMachine( 1476): onReceive, action:android.intent.action.USER_PRESENT
D/StateMachine( 1476): handleMessage: E msg.what=131143
D/StateMachine( 1476): processMsg: DriverUnloadedState
D/WifiStateMachine( 1476): DriverUnloadedState{ what=131143 when=-1ms arg1=1 target=Handler (com.android.internal.util.StateMachine$SmHandler) {41600490} }
D/StateMachine( 1476): processMsg: DefaultState
D/WifiStateMachine( 1476): DefaultState{ what=131143 when=-1ms arg1=1 target=Handler (com.android.internal.util.StateMachine$SmHandler) {41600490} }
D/StateMachine( 1476): handleMessage: X
V/WindowManager( 1476): Changing focus from Window{4185f038 u0 Keyguard EXITING} to null
D/KeyguardUpdateMonitor( 1476): sendKeyguardVisibilityChanged(true)
D/KeyguardUpdateMonitor( 1476): handleKeyguardVisibilityChanged(1)
V/KeyguardStatusView( 1476): refresh statusview showing:true
D/KeyguardUpdateMonitor( 1476): sendKeyguardVisibilityChanged(true)
V/Provider/Settings( 1476): get setting for user -2 by user 0 so skipping cache
V/SettingsProvider( 1476): access setting for user 0
D/SettingsProvider( 1476): call request for 0
V/SettingsProvider( 1476): call(system:next_alarm_formatted) for 0
D/SettingsProvider( 1476): lookupValue table system cache contains Key next_alarm_formatted , value = Bundle[{value=}]
V/Provider/Settings( 1476): from db cache, name = next_alarm_formatted , value =
I/Provider/Settings( 1476): call-query of user -2 by 0 so not updating cache
D/KeyguardUpdateMonitor( 1476): handleKeyguardVisibilityChanged(1)
V/KeyguardStatusView( 1476): refresh statusview showing:true
I/WindowManager( 1476): Losing focus: Window{4185f038 u0 Keyguard EXITING}
V/Provider/Settings( 1476): get setting for user -2 by user 0 so skipping cache
V/SettingsProvider( 1476): access setting for user 0
D/SettingsProvider( 1476): call request for 0
V/SettingsProvider( 1476): call(system:next_alarm_formatted) for 0
D/SettingsProvider( 1476): lookupValue table system cache contains Key next_alarm_formatted , value = Bundle[{value=}]
V/Provider/Settings( 1476): from db cache, name = next_alarm_formatted , value =
I/Provider/Settings( 1476): call-query of user -2 by 0 so not updating cache
D/KeyguardUpdateMonitor( 1476): handleKeyguardVisibilityChanged(1)
V/KeyguardStatusView( 1476): refresh statusview showing:true
V/Provider/Settings( 1476): get setting for user -2 by user 0 so skipping cache
V/SettingsProvider( 1476): access setting for user 0
D/SettingsProvider( 1476): call request for 0
V/SettingsProvider( 1476): call(system:next_alarm_formatted) for 0
D/SettingsProvider( 1476): lookupValue table system cache contains Key next_alarm_formatted , value = Bundle[{value=}]
V/Provider/Settings( 1476): from db cache, name = next_alarm_formatted , value =
I/Provider/Settings( 1476): call-query of user -2 by 0 so not updating cache
D/KeyguardViewMediator( 1476): handleMessage enter msg name=SET_HIDDEN
D/KeyguardViewMediator( 1476): handleMessage exit msg name=SET_HIDDEN
D/DRM/UserPreReceiver( 1805): onReceive : USER_PRESENT received.
D/DrmManagerClient( 1805): create DrmManagerClient instance & create event threads.
V/DrmManagerClient( 1805): create info handler thread.
D/dalvikvm( 1805): create interp thread : stack size=32KB
D/dalvikvm( 1805): create new thread
D/dalvikvm( 1805): new thread created
D/dalvikvm( 1805): update thread list
D/dalvikvm( 1805): threadid=21: interp stack at 0x55c22000
D/dalvikvm( 1805): threadid=21: created from interp
I/SurfaceTextureClient( 1939): [STC::queueBuffer] (this:0x52f65d30) fps:0.72, dur:1381.77, max:1381.77, min:1381.77
I/BufferQueue( 106): [com.android.launcher/com.android.launcher2.Launcher](this:0x419dc098,api:1) [queue] fps:0.73, dur:1361.42, max:1361.42, min:1361.42
D/dalvikvm( 1805): start new thread
D/dalvikvm( 1805): threadid=21: notify debugger
D/dalvikvm( 1805): threadid=21 (DrmManagerClient.InfoHandler): calling run()
V/ActivityManager( 1476): Activity idle: Token{41a50d48 ActivityRecord{418c71e0 u0 com.android.launcher/com.android.launcher2.Launcher}}
I/libPerfService( 1476): 1: set: 1
E/ ( 1476): Could not open '/sys/devices/system/cpu/cpufreq/hotplug/cpu_num_base'
D/KeyguardUpdateMonitor( 1476): handleKeyguardVisibilityChanged(1)
V/KeyguardStatusView( 1476): refresh statusview showing:true
I/BufferQueue( 106): [com.android.launcher/com.android.launcher2.Launcher](this:0x419dc098,api:1) [release] fps:0.74, dur:1344.89, max:1344.89, min:1344.89
V/Provider/Settings( 1476): get setting for user -2 by user 0 so skipping cache
V/SettingsProvider( 1476): access setting for user 0
D/SettingsProvider( 1476): call request for 0
V/SettingsProvider( 1476): call(system:next_alarm_formatted) for 0
D/SettingsProvider( 1476): lookupValue table system cache contains Key next_alarm_formatted , value = Bundle[{value=}]
V/Provider/Settings( 1476): from db cache, name = next_alarm_formatted , value =
I/Provider/Settings( 1476): call-query of user -2 by 0 so not updating cache
D/KeyguardHostView( 1476): Window is unfocused
D/CameraWidgetFrame( 1476): onFocusLost at 292221
D/CameraWidgetFrame( 1476): cancelTransitionToCamera at 292221
V/WindowManager( 1476): Changing focus from null to Window{41b22800 u0 com.android.launcher/com.android.launcher2.Launcher}
D/KeyguardUpdateMonitor( 1476): sendKeyguardVisibilityChanged(true)
I/WindowManager( 1476): Gaining focus: Window{41b22800 u0 com.android.launcher/com.android.launcher2.Launcher}
D/KeyguardWidgetPager( 1476): animateOutlinesAndSidePages onAnimationEnd show=false
V/InputMethodManager( 1939): onWindowFocus: null softInputMode=288 first=false flags=#1910100
V/InputMethodManager( 1939): START INPUT: com.android.internal.policy.impl.PhoneWindow$DecorView{415093b8 V.E..... R....... 0,0-480,800} ic=null tba=android.view.inputmethod.EditorInfo@4180f260 controlFlags=#100
V/InputMethodManagerService( 1476): windowGainedFocus: android.os.BinderProxy@41b210f0 controlFlags=#100 softInputMode=#120 windowFlags=#1910100
W/InputMethodManagerService( 1476): Window already focused, ignoring focus gain of: com.android.internal.view.IInputMethodClient$Stub$Proxy@41884830 attribute=android.view.inputmethod.EditorInfo@41514870, token = android.os.BinderProxy@41b225c8
D/AudioStreamHandler( 110): AudioStartRunning mCurrentDevice = 0x2
D/AudioAfe( 110): !!! Afe_DL_Start OpenMode=0
V/InputMethodManager( 1939): Starting input: Bind result=InputBindResult{com.android.internal.view.IInputMethodSession$Stub$Proxy@41857c20 com.android.inputmethod.latin/.LatinIME #6}
D/AudioAfe( 110): Afe_DL_Start AFE_MODE_DAC SR_index = 7 SR_index_mode = 9
V/DrmManagerClient( 1805): create event handler thread.
D/dalvikvm( 1805): create interp thread : stack size=32KB
D/dalvikvm( 1805): create new thread
D/dalvikvm( 1805): new thread created
D/dalvikvm( 1805): update thread list
D/dalvikvm( 1805): threadid=22: interp stack at 0x55c2a000
