D/dalvikvm( 1805): threadid=22: created from interp
D/dalvikvm( 1805): start new thread
D/dalvikvm( 1805): threadid=22: notify debugger
D/dalvikvm( 1805): threadid=22 (DrmManagerClient.EventHandler): calling run()
D/AudioAfe( 110): Afe_DL_Start, +AFE_DL_SRC2_1 (0x73000602)
D/AudioAfe( 110): Afe_DL_Start, -AFE_DL_SRC2_1 (0x73000603)
D/AudioStreamHandler( 110): AudioStartRunning, Release HardwareOnOffMutex
D/KeyguardUpdateMonitor( 1476): sendKeyguardVisibilityChanged(true)
D/KeyguardUpdateMonitor( 1476): handleKeyguardVisibilityChanged(1)
V/KeyguardStatusView( 1476): refresh statusview showing:true
D/PhoneStatusBar( 1730): disable: < expand icons alerts ticker system_info back* home* recent clock* search > V/Provider/Settings( 1476): get setting for user -2 by user 0 so skipping cache
V/SettingsProvider( 1476): access setting for user 0
D/SettingsProvider( 1476): call request for 0
V/SettingsProvider( 1476): call(system:next_alarm_formatted) for 0
D/SettingsProvider( 1476): lookupValue table system cache contains Key next_alarm_formatted , value = Bundle[{value=}]
V/Provider/Settings( 1476): from db cache, name = next_alarm_formatted , value =
I/Provider/Settings( 1476): call-query of user -2 by 0 so not updating cache D/DrmManager(Native)( 109): DrmManager::addUniqueId() : server side generate unique id [3789]
D/WVMDrmPlugIn( 109): WVMDrmPlugin::onInitialize : 3789
D/WVMDrmPlugIn( 109): WVMDrmPlugin::onSetOnInfoListener : add 3789
D/DrmMtkPlugIn( 109): DrmMtkPlugIn::onInitialize : 3789
D/DrmMtkPlugIn( 109): DrmMtkPlugIn::onSetOnInfoListener : 3789
D/KeyguardUpdateMonitor( 1476): handleKeyguardVisibilityChanged(1)
V/KeyguardStatusView( 1476): refresh statusview showing:true
V/Provider/Settings( 1476): get setting for user -2 by user 0 so skipping cache
V/SettingsProvider( 1476): access setting for user 0
D/SettingsProvider( 1476): call request for 0
D/AudioStreamHandler( 110): -AudioStartRunning
V/SettingsProvider( 1476): call(system:next_alarm_formatted) for 0
D/SettingsProvider( 1476): lookupValue table system cache contains Key next_alarm_formatted , value = Bundle[{value=}]
V/Provider/Settings( 1476): from db cache, name = next_alarm_formatted , value =
I/Provider/Settings( 1476): call-query of user -2 by 0 so not updating cache
D/KeyguardViewMediator( 1476): handleMessage enter msg name=SET_HIDDEN
D/KeyguardViewMediator( 1476): handleMessage exit msg name=SET_HIDDEN
D/AudioCompensationFilter( 110): AudioCompensationFilter mWorkMode=5, Channel_Num=2, Sample_Rate=44100
D/AudioCompensationFilter( 110): AudioCompensationFilter::Start()
D/AudioCompensationFilter( 110): AudioCompensationFilter::Stop()
I/SurfaceTextureClient( 1730): [STC::queueBuffer] (this:0x55df9fe8) fps:3.45, dur:1449.72, max:494.96, min:55.38
I/BufferQueue( 106): [StatusBar](this:0x419c99c8,api:1) [queue] fps:3.48, dur:1435.40, max:495.18, min:70.80
I/BufferQueue( 106): [StatusBar](this:0x419c99c8,api:1) [release] fps:3.52, dur:1422.12, max:483.25, min:59.26
D/AudioYusuPolicyManager( 110): getDeviceForStrategy() from cache strategy 0, device 2, mAvailableOutputDevices = 3
D/AudioYusuPolicyManager( 110): getOutput() stream 1, samplingRate 0, format 0, channelMask 3, flags 0
D/AudioYusuPolicyManager( 110): getOutput() returns output 2
D/DrmManagerClient( 1805): event handler processes extra drm info. >>
D/DrmMtkPlugIn( 109): DrmMtkPlugIn::onProcessDrmInfo - Enter : 3789
D/DrmMtkPlugIn( 109): DrmMtkPlugIn::onProcessDrmInfo - received update time base
D/DrmMtkUtil/SecureTimer( 109): updateTimeBase()
D/DrmMtkUtil/SecureTimer( 109): save() : save secure timer.
V/DrmMtkUtil/DrmUtil( 109): readId ---->
V/DrmMtkUtil/DrmUtil( 109): readId: result [868623012421137]
V/DrmMtkUtil/DrmUtil( 109): checkDir ----> [/data/drm/st/]
D/DrmMtkPlugIn( 109): DrmMtkPlugIn::onProcessDrmInfo - Exit
D/AudioYusuPolicyManager( 110): getDeviceForStrategy() from cache strategy 0, device 2, mAvailableOutputDevices = 3
D/AudioYusuPolicyManager( 110): getOutput() stream 1, samplingRate 0, format 0, channelMask 3, flags 0
D/AudioYusuPolicyManager( 110): getOutput() returns output 2
D/IPCThreadState( 1476): [DN #5] BR_CLEAR_DEATH_NOTIFICATION_DONE cookie 0x5c517d58
D/IPCThreadState( 1476): [DN #5] BR_CLEAR_DEATH_NOTIFICATION_DONE cookie 0x59e6fb78
D/AudioYusuPolicyManager( 110): getDeviceForStrategy() from cache strategy 0, device 2, mAvailableOutputDevices = 3
D/AudioYusuPolicyManager( 110): getOutput() stream 1, samplingRate 0, format 0, channelMask 3, flags 0
D/AudioYusuPolicyManager( 110): getOutput() returns output 2
D/IPCThreadState( 1476): [DN #5] BR_CLEAR_DEATH_NOTIFICATION_DONE cookie 0x59c13cb8
D/AudioYusuPolicyManager( 110): getDeviceForStrategy() from cache strategy 0, device 2, mAvailableOutputDevices = 3
D/AudioYusuPolicyManager( 110): getOutput() stream 1, samplingRate 0, format 0, channelMask 3, flags 0
D/AudioYusuPolicyManager( 110): getOutput() returns output 2
D/AudioYusuPolicyManager( 110): getDeviceForStrategy() from cache strategy 0, device 2, mAvailableOutputDevices = 3
D/AudioYusuPolicyManager( 110): getOutput() stream 1, samplingRate 0, format 0, channelMask 3, flags 0
D/AudioYusuPolicyManager( 110): getOutput() returns output 2
D/IPCThreadState( 1476): [DN #5] BR_CLEAR_DEATH_NOTIFICATION_DONE cookie 0x5a5dac08
D/IPCThreadState( 1476): [DN #5] BR_CLEAR_DEATH_NOTIFICATION_DONE cookie 0x5bd43f00
D/AudioYusuPolicyManager( 110): getDeviceForStrategy() from cache strategy 0, device 2, mAvailableOutputDevices = 3
D/AudioYusuPolicyManager( 110): getOutput() stream 1, samplingRate 0, format 0, channelMask 3, flags 0
D/AudioYusuPolicyManager( 110): getOutput() returns output 2
D/IPCThreadState( 1476): [DN #5] BR_CLEAR_DEATH_NOTIFICATION_DONE cookie 0x55faa000
D/IPCThreadState( 1476): [DN #5] BR_CLEAR_DEATH_NOTIFICATION_DONE cookie 0x57979c10
D/AudioYusuPolicyManager( 110): getDeviceForStrategy() from cache strategy 0, device 2, mAvailableOutputDevices = 3
D/AudioYusuPolicyManager( 110): getOutput() stream 1, samplingRate 0, format 0, channelMask 3, flags 0
D/AudioYusuPolicyManager( 110): getOutput() returns output 2
D/IPCThreadState( 1476): [DN #5] BR_CLEAR_DEATH_NOTIFICATION_DONE cookie 0x59b864b0
D/AudioYusuPolicyManager( 110): getDeviceForStrategy() from cache strategy 0, device 2, mAvailableOutputDevices = 3
D/AudioYusuPolicyManager( 110): getOutput() stream 1, samplingRate 0, format 0, channelMask 3, flags 0
D/AudioYusuPolicyManager( 110): getOutput() returns output 2
D/AudioYusuPolicyManager( 110): getDeviceForStrategy() from cache strategy 0, device 2, mAvailableOutputDevices = 3
D/AudioYusuPolicyManager( 110): getOutput() stream 1, samplingRate 0, format 0, channelMask 3, flags 0
D/AudioYusuPolicyManager( 110): getOutput() returns output 2
D/IPCThreadState( 1476): [DN #5] BR_CLEAR_DEATH_NOTIFICATION_DONE cookie 0x5c700f00
D/IPCThreadState( 1476): [DN #5] BR_CLEAR_DEATH_NOTIFICATION_DONE cookie 0x5c707748
D/AudioYusuPolicyManager( 110): getDeviceForStrategy() from cache strategy 0, device 2, mAvailableOutputDevices = 3
D/AudioYusuPolicyManager( 110): getOutput() stream 1, samplingRate 0, format 0, channelMask 3, flags 0
D/AudioYusuPolicyManager( 110): getOutput() returns output 2
D/AudioYusuPolicyManager( 110): getDeviceForStrategy() from cache strategy 0, device 2, mAvailableOutputDevices = 3
D/AudioYusuPolicyManager( 110): getOutput() stream 1, samplingRate 0, format 0, channelMask 3, flags 0
D/AudioYusuPolicyManager( 110): getOutput() returns output 2
D/AudioFlinger( 110): stop(4098), calling pid 1476
D/AudioFlinger( 110): not stopping/stopped => stopping/stopped (4098) on thread 0x419eba70
D/AudioYusuPolicyManager( 110): stopOutput() output 2, stream 1, session 13
D/AudioYusuPolicyManager( 110): changeRefCount() stream 1, count 0
D/AudioYusuPolicyManager( 110): getNewDevice() selected device 0 output= 2
D/AudioYusuPolicyManager( 110): setOutputDevice() output 2 device 0000 delayMs 92
D/AudioYusuPolicyManager( 110): setOutputDevice() output 2 device 0000 delayMs 92 prevDevice 0002 delayMs = 92
D/AudioYusuPolicyManager( 110): checkDeviceMuteStrategies outputDesc = 0x418d3b30 prevDevice = 2 delayMs = 92
D/AudioYusuPolicyManager( 110): getDeviceForStrategy() from cache strategy 7, device 2, mAvailableOutputDevices = 3
D/AudioYusuPolicyManager( 110): getDeviceForStrategy() from cache strategy 6, device 2, mAvailableOutputDevices = 3
D/AudioYusuPolicyManager( 110): getDeviceForStrategy() from cache strategy 5, device 2, mAvailableOutputDevices = 3
D/AudioYusuPolicyManager( 110): getDeviceForStrategy() from cache strategy 4, device 2, mAvailableOutputDevices = 3
D/AudioYusuPolicyManager( 110): getDeviceForStrategy() from cache strategy 0, device 2, mAvailableOutputDevices = 3
D/AudioYusuPolicyManager( 110): getDeviceForStrategy() from cache strategy 3, device 2, mAvailableOutputDevices = 3
D/AudioYusuPolicyManager( 110): getDeviceForStrategy() from cache strategy 2, device 2, mAvailableOutputDevices = 3
D/AudioYusuPolicyManager( 110): getDeviceForStrategy() from cache strategy 2, device 2, mAvailableOutputDevices = 3
D/AudioYusuPolicyManager( 110): getDeviceForStrategy() from cache strategy 1, device 1, mAvailableOutputDevices = 3
D/AudioYusuPolicyManager( 110): getDeviceForStrategy() from cache strategy 0, device 2, mAvailableOutputDevices = 3
D/AudioYusuPolicyManager( 110): setOutputDevice() setting same device 0000 or null device for output 2
D/AudioTrack( 1476): audiotrack 0x5ca8f870 stop done
D/IPCThreadState( 1476): [DN #5] BR_CLEAR_DEATH_NOTIFICATION_DONE cookie 0x5a610ec0
D/IPCThreadState( 1476): [DN #5] BR_CLEAR_DEATH_NOTIFICATION_DONE cookie 0x5a610f20
D/IPCThreadState( 1476): [DN #5] BR_CLEAR_DEATH_NOTIFICATION_DONE cookie 0x59165478
I/SurfaceTextureClient( 106): [STC::queueBuffer] (this:0x41574710) fps:31.68, dur:1010.03, max:83.48, min:9.33
I/BufferQueue( 106): [FramebufferSurface](this:0x41573c08,api:1) [release] fps:31.68, dur:1010.06, max:83.48, min:9.29
I/BufferQueue( 106): [FramebufferSurface](this:0x41573c08,api:1) [queue] fps:31.68, dur:1010.08, max:83.47, min:9.27
I/SurfaceFlinger( 106): [SurfaceFlinger] fps:31.680330,dur:1010.09,max:83.47,min:9.26
D/AudioFlinger( 110): presentationComplete() reset: mPresentationCompleteFrames 12268 audioHalFrames 2028
D/IPCThreadState( 1476): [DN #5] BR_CLEAR_DEATH_NOTIFICATION_DONE cookie 0x54a1ac70
D/IPCThreadState( 1476): [DN #5] BR_CLEAR_DEATH_NOTIFICATION_DONE cookie 0x579e7f98
D/KeyguardUpdateMonitor( 1476): sendKeyguardVisibilityChanged(true)
D/KeyguardUpdateMonitor( 1476): handleKeyguardVisibilityChanged(1)
V/KeyguardStatusView( 1476): refresh statusview showing:true
V/Provider/Settings( 1476): get setting for user -2 by user 0 so skipping cache
V/SettingsProvider( 1476): access setting for user 0
D/SettingsProvider( 1476): call request for 0
V/SettingsProvider( 1476): call(system:next_alarm_formatted) for 0
I/BufferQueue( 106): [Keyguard](this:0x419d4f88,api:2) disconnect: api=2
I/SurfaceTexture( 106): [Keyguard] [virtual android::status_t android::SurfaceTexture::forceAuxConversionLocked()] mCurrentTexture:2, mCurrentBuf:0x419db8a0
I/BufferQueue( 106): [Keyguard](this:0x419d4f88,api:0) getReleasedBuffers: returning mask 0xffffffff
I/SurfaceTexture( 106): [Keyguard](this:0x419c7dd0,api:0) destroying EGLImage dpy=0x1 img=0x419d98a0
I/SurfaceTexture( 106): [Keyguard](this:0x419c7dd0,api:0) destroying EGLImage dpy=0x1 img=0x419db848
D/SettingsProvider( 1476): lookupValue table system cache contains Key next_alarm_formatted , value = Bundle[{value=}]
V/Provider/Settings( 1476): from db cache, name = next_alarm_formatted , value =
I/Provider/Settings( 1476): call-query of user -2 by 0 so not updating cache
D/KeyguardViewMediator( 1476): handleMessage enter msg name=SET_HIDDEN
D/KeyguardViewMediator( 1476): handleMessage exit msg name=SET_HIDDEN
D/AudioFlinger( 110): threadLoop_sleepTime write muted data to hw
I/SurfaceTexture( 106): [Keyguard](this:0x419c7dd0,api:0) destroying EGLImage dpy=0x1 img=0x419d91e0
I/BufferQueue( 106): [Keyguard](this:0x419d4f88,api:0) consumerDisconnect
I/BufferQueue( 106): [Keyguard](this:0x419d4f88,api:0) ~BufferQueue
D/IPCThreadState( 1476): [DN #5] BR_CLEAR_DEATH_NOTIFICATION_DONE cookie 0x54ac0130
D/IPCThreadState( 1476): [DN #5] BR_CLEAR_DEATH_NOTIFICATION_DONE cookie 0x59c13c78
D/AudioFlinger( 110): presentationComplete() session 13 complete: framesWritten 12288
D/AudioFlinger( 110): TrackBase::reset
D/IPCThreadState( 1476): [DN #5] BR_CLEAR_DEATH_NOTIFICATION_DONE cookie 0x59a992f0
D/IPCThreadState( 1476): [DN #5] BR_CLEAR_DEATH_NOTIFICATION_DONE cookie 0x5c636a00
D/AudioFlinger( 110): threadLoop_sleepTime write muted data to hw
D/IPCThreadState( 1476): [DN #5] BR_CLEAR_DEATH_NOTIFICATION_DONE cookie 0x5c74cd90
D/IPCThreadState( 1476): [DN #5] BR_CLEAR_DEATH_NOTIFICATION_DONE cookie 0x54a0c8c8
D/IPCThreadState( 1476): [DN #5] BR_CLEAR_DEATH_NOTIFICATION_DONE cookie 0x59166458
D/AudioFlinger( 110): threadLoop_sleepTime write muted data to hw
D/IPCThreadState( 1476): [DN #5] BR_CLEAR_DEATH_NOTIFICATION_DONE cookie 0x561e26b8
D/IPCThreadState( 1476): [DN #5] BR_CLEAR_DEATH_NOTIFICATION_DONE cookie 0x5916cac0
D/IPCThreadState( 1476): [DN #5] BR_CLEAR_DEATH_NOTIFICATION_DONE cookie 0x5c703d50
D/IPCThreadState( 1476): [DN #5] BR_CLEAR_DEATH_NOTIFICATION_DONE cookie 0x5c7221d0
D/IPCThreadState( 1476): [DN #5] BR_CLEAR_DEATH_NOTIFICATION_DONE cookie 0x5d02ced0
D/IPCThreadState( 1476): [DN #5] BR_CLEAR_DEATH_NOTIFICATION_DONE cookie 0x5c516a00
D/AudioFlinger( 110): threadLoop_sleepTime write muted data to hw
D/IPCThreadState( 1476): [DN #5] BR_CLEAR_DEATH_NOTIFICATION_DONE cookie 0x5c27ae38
D/IPCThreadState( 1476): [DN #5] BR_CLEAR_DEATH_NOTIFICATION_DONE cookie 0x54a181c0
D/IPCThreadState( 1476): [DN #5] BR_CLEAR_DEATH_NOTIFICATION_DONE cookie 0x5c27a820
D/IPCThreadState( 1476): [DN #5] BR_CLEAR_DEATH_NOTIFICATION_DONE cookie 0x591db448
D/AudioFlinger( 110): threadLoop_sleepTime write muted data to hw
D/IPCThreadState( 1476): [DN #5] BR_CLEAR_DEATH_NOTIFICATION_DONE cookie 0x59af8e38
V/ActivityManager( 1476): getTasks: max=1, flags=0, receiver=null
V/ActivityManager( 1476): com.android.launcher/com.android.launcher2.Launcher: task=TaskRecord{41982a80 #2 A com.android.launcher U 0}
V/ActivityManager( 1476): We have pending thumbnails: null
D/IPCThreadState( 1476): [DN #5] BR_CLEAR_DEATH_NOTIFICATION_DONE cookie 0x591dac70
D/KeyguardViewManager( 1476): hide() runnable lastView=com.android.internal.policy.impl.keyguard.KeyguardHostView{419b4c90 V.E..... ......ID 0,0-480,767 #10202b2 android:id/keyguard_host_view}
D/IPCThreadState( 1476): [DN #5] BR_CLEAR_DEATH_NOTIFICATION_DONE cookie 0x5c703e28
V/KeyguardUpdateMonitor( 1476): *** unregister callback for com.android.internal.policy.impl.keyguard.KeyguardSelectorView$2@4185e078
D/SecuritySelectorView( 1476): onPause this=com.android.internal.policy.impl.keyguard.KeyguardSelectorView{419d7ef8 V.E..... ......ID 0,11-480,492 #10202fc android:id/keyguard_selector_view}, mInfoCallback=com.android.internal.policy.impl.keyguard.KeyguardSelectorView$2@4185e078
I/hdmi ( 1476): [HDMI] JNI com.mediatek.hdmi.HDMINative.enableHDMIPortrait(0)
D/SecuritySelectorView( 1476): onPause this=com.android.internal.policy.impl.keyguard.KeyguardSelectorView{419d7ef8 V.E..... ......ID 0,11-480,492 #10202fc android:id/keyguard_selector_view}, hdmiPortraitEnable disable done
V/KeyguardUpdateMonitor( 1476): *** unregister callback for com.android.internal.policy.impl.keyguard.KeyguardWidgetFrame$1@41c4bd28
V/KeyguardUpdateMonitor( 1476): *** unregister callback for com.android.internal.policy.impl.keyguard.KeyguardStatusView$1@41ac54a0
V/KeyguardUpdateMonitor( 1476): *** unregister callback for com.android.internal.policy.impl.keyguard.KeyguardWidgetFrame$1@41b85710
D/KeyguardUpdateMonitor( 1476): sendKeyguardVisibilityChanged(true)
D/CameraWidgetFrame( 1476): onDetachedFromWindow: instance 4192efe0 at 292652
V/KeyguardUpdateMonitor( 1476): *** unregister callback for com.android.internal.policy.impl.keyguard.KeyguardWidgetFrame$1@41c10678
V/KeyguardUpdateMonitor( 1476): *** unregister callback for com.android.internal.policy.impl.keyguard.CameraWidgetFrame$7@41d51960
D/CameraWidgetFrame( 1476): cancelTransitionToCamera at 292653
D/dalvikvm( 1476): threadid=63: exiting
V/KeyguardUpdateMonitor( 1476): *** unregister callback for com.android.internal.policy.impl.keyguard.KeyguardMessageArea$2@41a43f20
D/dalvikvm( 1476): threadid=63: bye!
V/KeyguardUpdateMonitor( 1476): *** unregister callback for com.android.internal.policy.impl.keyguard.MediatekCarrierText$1@419d6f28
V/KeyguardUpdateMonitor( 1476): *** unregister callback for com.android.internal.policy.impl.keyguard.EmergencyButton$1@41d42b18
D/PowerManagerService( 1476): UA TimeoutOverrideFromWindowManagerInternal = -1
D/PowerManagerService( 1476): updateUserActivitySummaryLocked: mWakefulness=Awake, mUserActivitySummary=0x1, nextTimeout=345100 (in 52445 ms)
D/PowerManagerService( 1476): newScreenState = 2
D/PowerManagerDisplayController( 1476): requestPowerState: screenState=2, useProximitySensor=false, screenBrightness=204, screenAutoBrightnessAdjustment=0.0, useAutoBrightness=false, useEcoBrightness=false, blockScreenOn=false, waitForNegativeProximity=false
I/PowerManagerService( 1476): setBrightness mButtonLight 0.
D/PowerManagerService( 1476): updateScreenStateLocked: mDisplayReady=true, newScreenState=2, mWakefulness=1, mWakeLockSummary=0x1, mUserActivitySummary=0x1, mBootCompleted=true
D/PowerManagerService( 1476): handleSandman: canDream=true, mWakefulness=Awake
V/KeyguardUpdateMonitor( 1476): *** unregister callback for com.android.internal.policy.impl.keyguard.KeyguardHostView$1@4159b808
D/KeyguardUpdateMonitor( 1476): sendKeyguardVisibilityChanged(true)
V/TAG ( 1476): bug 7643792: fitSystemWindows([0,0][0,0])
D/KeyguardUpdateMonitor( 1476): handleKeyguardVisibilityChanged(1)
D/KeyguardUpdateMonitor( 1476): handleKeyguardVisibilityChanged(1)
D/KeyguardViewMediator( 1476): handleMessage enter msg name=SET_HIDDEN
D/KeyguardViewMediator( 1476): handleMessage exit msg name=SET_HIDDEN
D/IPCThreadState( 1476): [DN #5] BR_CLEAR_DEATH_NOTIFICATION_DONE cookie 0x5cb67170
D/KeyguardUpdateMonitor( 1476): sendKeyguardVisibilityChanged(true)
D/KeyguardUpdateMonitor( 1476): handleKeyguardVisibilityChanged(1)
D/KeyguardViewMediator( 1476): handleMessage enter msg name=SET_HIDDEN
D/KeyguardViewMediator( 1476): handleMessage exit msg name=SET_HIDDEN
D/AudioFlinger( 110): threadLoop_sleepTime write muted data to hw
D/IPCThreadState( 1476): [DN #5] BR_CLEAR_DEATH_NOTIFICATION_DONE cookie 0x5ca8fb38
D/IPCThreadState( 1476): [DN #5] BR_CLEAR_DEATH_NOTIFICATION_DONE cookie 0x5c705d48
D/IPCThreadState( 1476): [DN #5] BR_CLEAR_DEATH_NOTIFICATION_DONE cookie 0x59c0e3a0
D/IPCThreadState( 1476): [DN #5] BR_CLEAR_DEATH_NOTIFICATION_DONE cookie 0x5c94fbc8
D/IPCThreadState( 1476): [DN #5] BR_CLEAR_DEATH_NOTIFICATION_DONE cookie 0x5d0294b0
D/IPCThreadState( 1476): [DN #5] BR_CLEAR_DEATH_NOTIFICATION_DONE cookie 0x5915a6a8
D/IPCThreadState( 1476): [DN #5] BR_CLEAR_DEATH_NOTIFICATION_DONE cookie 0x59b73668
D/AudioFlinger( 110): threadLoop_sleepTime write muted data to hw
D/IPCThreadState( 1476): [DN #5] BR_CLEAR_DEATH_NOTIFICATION_DONE cookie 0x5c637c90
D/IPCThreadState( 1476): [DN #5] BR_CLEAR_DEATH_NOTIFICATION_DONE cookie 0x53426d38
D/IPCThreadState( 1476): [DN #5] BR_CLEAR_DEATH_NOTIFICATION_DONE cookie 0x5c251200
D/IPCThreadState( 1476): [DN #5] BR_CLEAR_DEATH_NOTIFICATION_DONE cookie 0x5d134950
D/IPCThreadState( 1476): [DN #5] BR_CLEAR_DEATH_NOTIFICATION_DONE cookie 0x579bc3a8
D/AudioFlinger( 110): threadLoop_sleepTime write muted data to hw
D/dalvikvm( 1805): GC_EXPLICIT freed 520K (10668), 23% free 6081K/7848K, paused 2ms+6ms, total 29ms
D/DrmManagerClient( 1805): finalize DrmManagerClient instance.
W/DrmManagerClient( 1805): You should have called release()
D/DrmManagerClient( 1805): release event threads.
V/DrmManagerClient( 1805): quit event handler thread.
D/dalvikvm( 1805): threadid=22: exiting
D/dalvikvm( 1805): threadid=22: bye!
V/DrmManagerClient( 1805): quit info handler thread.
D/IPCThreadState( 1476): [DN #5] BR_CLEAR_DEATH_NOTIFICATION_DONE cookie 0x5be5b840
D/dalvikvm( 1805): threadid=21: exiting
D/dalvikvm( 1805): threadid=21: bye!
D/WVMDrmPlugIn( 109): WVMDrmPlugin::onTerminate : 3789
D/DrmMtkPlugIn( 109): DrmMtkPlugIn::onTerminate : 3789
D/IPCThreadState( 1476): [DN #5] BR_CLEAR_DEATH_NOTIFICATION_DONE cookie 0x5be5b880
D/IPCThreadState( 1476): [DN #5] BR_CLEAR_DEATH_NOTIFICATION_DONE cookie 0x5c71ffa8
D/AudioFlinger( 110): threadLoop_sleepTime write muted data to hw
D/IPCThreadState( 1476): [DN #5] BR_CLEAR_DEATH_NOTIFICATION_DONE cookie 0x5d137d98
D/IPCThreadState( 1476): [DN #5] BR_CLEAR_DEATH_NOTIFICATION_DONE cookie 0x591cf9c8
D/IPCThreadState( 1476): [DN #5] BR_CLEAR_DEATH_NOTIFICATION_DONE cookie 0x591cfa20
D/IPCThreadState( 1476): [DN #5] BR_CLEAR_DEATH_NOTIFICATION_DONE cookie 0x57a08120
D/IPCThreadState( 1476): [DN #5] BR_CLEAR_DEATH_NOTIFICATION_DONE cookie 0x57a08178
D/AudioFlinger( 110): threadLoop_sleepTime write muted data to hw
D/IPCThreadState( 1476): [DN #5] BR_CLEAR_DEATH_NOTIFICATION_DONE cookie 0x59b85f38
D/IPCThreadState( 1476): [DN #5] BR_CLEAR_DEATH_NOTIFICATION_DONE cookie 0x5bd428e0
D/IPCThreadState( 1476): [DN #5] BR_CLEAR_DEATH_NOTIFICATION_DONE cookie 0x5ad4e780
D/IPCThreadState( 1476): [DN #5] BR_CLEAR_DEATH_NOTIFICATION_DONE cookie 0x54ac0e10
D/IPCThreadState( 1476): [DN #5] BR_CLEAR_DEATH_NOTIFICATION_DONE cookie 0x5bd43fc8
D/IPCThreadState( 1476): [DN #5] BR_CLEAR_DEATH_NOTIFICATION_DONE cookie 0x526458a0
D/IPCThreadState( 1476): [DN #5] BR_CLEAR_DEATH_NOTIFICATION_DONE cookie 0x5921c1f0
D/IPCThreadState( 1476): [DN #5] BR_CLEAR_DEATH_NOTIFICATION_DONE cookie 0x59e85780
D/AudioFlinger( 110): threadLoop_sleepTime write muted data to hw
D/IPCThreadState( 1476): [DN #5] BR_CLEAR_DEATH_NOTIFICATION_DONE cookie 0x561d7de0
D/IPCThreadState( 1476): [DN #5] BR_CLEAR_DEATH_NOTIFICATION_DONE cookie 0x59e62190
D/IPCThreadState( 1476): [DN #5] BR_CLEAR_DEATH_NOTIFICATION_DONE cookie 0x55faa8b8
D/IPCThreadState( 1476): [DN #5] BR_CLEAR_DEATH_NOTIFICATION_DONE cookie 0x561e8b88
D/IPCThreadState( 1476): [DN #5] BR_CLEAR_DEATH_NOTIFICATION_DONE cookie 0x5be5b768
D/AudioFlinger( 110): threadLoop_sleepTime write muted data to hw
D/IPCThreadState( 1476): [DN #5] BR_CLEAR_DEATH_NOTIFICATION_DONE cookie 0x5c705140
D/IPCThreadState( 1476): [DN #5] BR_CLEAR_DEATH_NOTIFICATION_DONE cookie 0x5c71e6e0
D/IPCThreadState( 1476): [DN #5] BR_CLEAR_DEATH_NOTIFICATION_DONE cookie 0x561dc540
D/IPCThreadState( 1476): [DN #5] BR_CLEAR_DEATH_NOTIFICATION_DONE cookie 0x5a5df5c0
D/IPCThreadState( 1476): [DN #5] BR_CLEAR_DEATH_NOTIFICATION_DONE cookie 0x5c707620
D/IPCThreadState( 1476): [DN #5] BR_CLEAR_DEATH_NOTIFICATION_DONE cookie 0x59af8358
D/IPCThreadState( 1476): [DN #5] BR_CLEAR_DEATH_NOTIFICATION_DONE cookie 0x5ca241b0
D/IPCThreadState( 1476): [DN #5] BR_CLEAR_DEATH_NOTIFICATION_DONE cookie 0x5cb67950
D/AudioFlinger( 110): threadLoop_sleepTime write muted data to hw
D/IPCThreadState( 1476): [DN #5] BR_CLEAR_DEATH_NOTIFICATION_DONE cookie 0x5be5e758
D/IPCThreadState( 1476): [DN #5] BR_CLEAR_DEATH_NOTIFICATION_DONE cookie 0x57a07538
D/AudioFlinger( 110): threadLoop_sleepTime write muted data to hw
D/dalvikvm( 1476): GC_EXPLICIT freed 356K (7819), 26% free 13082K/17516K, paused 3ms+8ms, total 79ms
D/AudioFlinger( 110): threadLoop_sleepTime write muted data to hw
D/IPCThreadState( 1476): [DN #5] BR_CLEAR_DEATH_NOTIFICATION_DONE cookie 0x5c63cbe8
D/IPCThreadState( 1476): [DN #5] BR_CLEAR_DEATH_NOTIFICATION_DONE cookie 0x5be5e758
D/IPCThreadState( 1476): [DN #5] BR_CLEAR_DEATH_NOTIFICATION_DONE cookie 0x59a992f0
D/IPCThreadState( 1476): [DN #5] BR_CLEAR_DEATH_NOTIFICATION_DONE cookie 0x54ac0130
D/AudioFlinger( 110): threadLoop_sleepTime write muted data to hw
D/IPCThreadState( 1476): [DN #5] BR_CLEAR_DEATH_NOTIFICATION_DONE cookie 0x57a08080
D/IPCThreadState( 1476): [DN #5] BR_CLEAR_DEATH_NOTIFICATION_DONE cookie 0x5c6f9028
D/IPCThreadState( 1476): [DN #5] BR_CLEAR_DEATH_NOTIFICATION_DONE cookie 0x5c6f6b20
D/IPCThreadState( 1476): [DN #5] BR_CLEAR_DEATH_NOTIFICATION_DONE cookie 0x59c16e90
D/IPCThreadState( 1476): [DN #5] BR_CLEAR_DEATH_NOTIFICATION_DONE cookie 0x592220c8
D/IPCThreadState( 1476): [DN #5] BR_CLEAR_DEATH_NOTIFICATION_DONE cookie 0x5c27de10
D/IPCThreadState( 1476): [DN #5] BR_CLEAR_DEATH_NOTIFICATION_DONE cookie 0x59b898a0
D/AudioFlinger( 110): threadLoop_sleepTime write muted data to hw
D/IPCThreadState( 1476): [DN #5] BR_CLEAR_DEATH_NOTIFICATION_DONE cookie 0x5d029088
D/IPCThreadState( 1476): [DN #5] BR_CLEAR_DEATH_NOTIFICATION_DONE cookie 0x5c63ab28
D/IPCThreadState( 1476): [DN #5] BR_CLEAR_DEATH_NOTIFICATION_DONE cookie 0x5d135f98
D/IPCThreadState( 1476): [DN #5] BR_CLEAR_DEATH_NOTIFICATION_DONE cookie 0x59e63bb8
D/IPCThreadState( 1476): [DN #5] BR_CLEAR_DEATH_NOTIFICATION_DONE cookie 0x5a8cdb90
D/NetworkControllerGemini( 1730): PhoneStateListener:onSignalStrengthsChanged, sim1 before.
D/NetworkControllerGemini( 1730): PhoneStateListener:onSignalStrengthsChanged, signalStrength=3
D/NetworkControllerGemini( 1730): updateDataNetType(0), DataNetType=3.
D/NetworkControllerGemini( 1730): updateDataNetType(0), simColorId=0
D/TelephonyManagerEx( 1730): isNetworkRoaming
D/NetworkControllerGemini( 1730): updateDataNetType(0), DataNetType3G=Type_3G tempDataTypeIconId= 2130837873.
D/NetworkControllerGemini( 1730): isSimInserted(0), SimInserted=true
D/NetworkControllerGemini( 1730): updateTelephonySignalStrength(0), regState=1
D/NetworkControllerGemini( 1730): updateTelephonySignalStrength(0), hasService=true
D/TelephonyManagerEx( 1730): isNetworkRoaming
D/NetworkControllerGemini( 1730): updateTelephonySignalStrength(0), isRoaming=false, mInetCondition=0
D/NetworkControllerGemini( 1730): updateTelephonySignalStrength(0), simColorId=0
D/NetworkControllerGemini( 1730): updateTelephonySignalStrength(0), tempDataNetType = Type_3G , simColorId=0 tempPhoneSignalIconId[0] = 2130837950 tempPhoneSignalIconId[1] = 0
D/NetworkControllerGemini( 1730): updateTelephonySignalStrength(0) tempSIMCUSignVisible= true
D/NetworkControllerGemini( 1730): updateTelephonySignalStrength(0) mSIMCUSignVisible = true
D/NetworkControllerGemini( 1730): refreshViews(0), DataConnected=false simColorId = 0
D/TelephonyManagerEx( 1730): isNetworkRoaming
D/NetworkControllerGemini( 1730): refreshViews(0), dataTypeIconId=0
D/SignalClusterViewGemini( 1730): setShowSimIndicator(0), showSimIndicator=false simIndicatorResource = 0
D/SignalClusterViewGemini( 1730): setDataConnected(0), dataConnected=false
D/SignalClusterViewGemini( 1730): setDataNetType3G(0), dataNetType=Type_3G
D/SignalClusterViewGemini( 1730): apply : mShowSimIndicator = false mSimIndicatorResource = 0 mShowSimIndicatorGemini = false mSimIndicatorResourceGemini = 0
D/SignalClusterViewGemini( 1730): apply, mMobileVisible=true mMobileActivityId=0 mMobileTypeId=0 mMobileStrengthId[0] = 2130837950 mMobileStrengthId[1] = 0
V/ActivityManager( 1476): Broadcast sticky: Intent { act=android.intent.action.SIG_STR flg=0x10 (has extras) } ordered=false userid=-1
D/SignalClusterViewGemini( 1730): isSimInserted(0), SimInserted=true
D/SignalClusterViewGemini( 1730): mDataNetType =Type_3G resId= 0 simColorId = 0
D/SignalClusterViewGemini( 1730): apply, mMobileVisibleGemini=true mMobileActivityIdGemini=0 mMobileTypeIdGemini=0 mMobileStrengthIdGemini[0] = 2130837960 mMobileStrengthIdGemini[1] = 0
D/SignalClusterViewGemini( 1730): isSimInserted(1), SimInserted=false
D/SignalClusterViewGemini( 1730): apply, mMobileVisible=true, mWifiVisible=false, mIsAirplaneMode=false
D/AudioFlinger( 110): threadLoop_sleepTime write muted data to hw
D/Bluetooth HS/HF( 1818): [BT][HFG] [API] mStateReceiver.onReceive(android.intent.action.SIG_STR)
D/NetworkControllerGemini( 1730): PhoneStateListener:onSignalStrengthsChanged, sim1 after.
D/Bluetooth HS/HF( 1818): [BT][HFG] [API] mHandler.handleMessage(10)
D/IPCThreadState( 1476): [DN #5] BR_CLEAR_DEATH_NOTIFICATION_DONE cookie 0x5600e3f0
D/TelephonyManager( 1980): getDefaultSim is sim1
D/TelephonyManager( 1980): getDefaultSim is sim1
D/IPCThreadState( 1476): [DN #5] BR_CLEAR_DEATH_NOTIFICATION_DONE cookie 0x5c701ce0
D/IPCThreadState( 1476): [DN #5] BR_CLEAR_DEATH_NOTIFICATION_DONE cookie 0x5c27bde0
D/IPCThreadState( 1476): [DN #5] BR_CLEAR_DEATH_NOTIFICATION_DONE cookie 0x5bd447d0
I/SurfaceTextureClient( 1730): [STC::queueBuffer] (this:0x55df9fe8) fps:2.99, dur:1005.00, max:965.94, min:8.97
I/BufferQueue( 106): [StatusBar](this:0x419c99c8,api:1) [queue] fps:2.98, dur:1005.28, max:965.99, min:8.66
D/IPCThreadState( 1476): [DN #5] BR_CLEAR_DEATH_NOTIFICATION_DONE cookie 0x5c706768
D/IPCThreadState( 1476): [DN #5] BR_CLEAR_DEATH_NOTIFICATION_DONE cookie 0x592253f8
D/AudioFlinger( 110): threadLoop_sleepTime write muted data to hw
I/BufferQueue( 106): [StatusBar](this:0x419c99c8,api:1) [release] fps:2.95, dur:1016.63, max:966.54, min:16.73
D/IPCThreadState( 1476): [DN #5] BR_CLEAR_DEATH_NOTIFICATION_DONE cookie 0x5c70aa80
D/IPCThreadState( 1476): [DN #5] BR_CLEAR_DEATH_NOTIFICATION_DONE cookie 0x5cb67170
D/IPCThreadState( 1476): [DN #5] BR_CLEAR_DEATH_NOTIFICATION_DONE cookie 0x5ca8f238
D/IPCThreadState( 1476): [DN #5] BR_CLEAR_DEATH_NOTIFICATION_DONE cookie 0x5c516a00
D/AudioFlinger( 110): threadLoop_sleepTime write muted data to hw
D/IPCThreadState( 1476): [DN #5] BR_CLEAR_DEATH_NOTIFICATION_DONE cookie 0x5d02ced0
D/IPCThreadState( 1476): [DN #5] BR_CLEAR_DEATH_NOTIFICATION_DONE cookie 0x5c7221d0
D/IPCThreadState( 1476): [DN #5] BR_CLEAR_DEATH_NOTIFICATION_DONE cookie 0x5c703d50
D/IPCThreadState( 1476): [DN #5] BR_CLEAR_DEATH_NOTIFICATION_DONE cookie 0x5916cac0
D/AudioFlinger( 110): threadLoop_sleepTime write muted data to hw
D/IPCThreadState( 1476): [DN #5] BR_CLEAR_DEATH_NOTIFICATION_DONE cookie 0x561e26b8
D/IPCThreadState( 1476): [DN #5] BR_CLEAR_DEATH_NOTIFICATION_DONE cookie 0x59166458
D/IPCThreadState( 1476): [DN #5] BR_CLEAR_DEATH_NOTIFICATION_DONE cookie 0x54a0c8c8
D/IPCThreadState( 1476): [DN #5] BR_CLEAR_DEATH_NOTIFICATION_DONE cookie 0x5c74cd90
D/IPCThreadState( 1476): [DN #5] BR_CLEAR_DEATH_NOTIFICATION_DONE cookie 0x5c636a00
D/IPCThreadState( 1476): [DN #5] BR_CLEAR_DEATH_NOTIFICATION_DONE cookie 0x579e7f98
D/AudioFlinger( 110): threadLoop_sleepTime write muted data to hw
D/IPCThreadState( 1476): [DN #5] BR_CLEAR_DEATH_NOTIFICATION_DONE cookie 0x54a1ac70
D/IPCThreadState( 1476): [DN #5] BR_CLEAR_DEATH_NOTIFICATION_DONE cookie 0x59165478
D/IPCThreadState( 1476): [DN #5] BR_CLEAR_DEATH_NOTIFICATION_DONE cookie 0x5a610f20
D/IPCThreadState( 1476): [DN #5] BR_CLEAR_DEATH_NOTIFICATION_DONE cookie 0x5a610ec0
D/AudioFlinger( 110): threadLoop_sleepTime write muted data to hw
D/IPCThreadState( 1476): [DN #5] BR_CLEAR_DEATH_NOTIFICATION_DONE cookie 0x5c707748
D/IPCThreadState( 1476): [DN #5] BR_CLEAR_DEATH_NOTIFICATION_DONE cookie 0x5c700f00
D/IPCThreadState( 1476): [DN #5] BR_CLEAR_DEATH_NOTIFICATION_DONE cookie 0x59b864b0
D/IPCThreadState( 1476): [DN #5] BR_CLEAR_DEATH_NOTIFICATION_DONE cookie 0x57979c10
D/IPCThreadState( 1476): [DN #5] BR_CLEAR_DEATH_NOTIFICATION_DONE cookie 0x55faa000
D/IPCThreadState( 1476): [DN #5] BR_CLEAR_DEATH_NOTIFICATION_DONE cookie 0x5bd43f00
D/IPCThreadState( 1476): [DN #5] BR_CLEAR_DEATH_NOTIFICATION_DONE cookie 0x5a5dac08
D/IPCThreadState( 1476): [DN #5] BR_CLEAR_DEATH_NOTIFICATION_DONE cookie 0x59e6fb78
D/IPCThreadState( 1476): [DN #5] BR_CLEAR_DEATH_NOTIFICATION_DONE cookie 0x5c517d58
D/AudioFlinger( 110): threadLoop_sleepTime write muted data to hw
D/IPCThreadState( 1476): [DN #5] BR_CLEAR_DEATH_NOTIFICATION_DONE cookie 0x5c643820
D/IPCThreadState( 1476): [DN #5] BR_CLEAR_DEATH_NOTIFICATION_DONE cookie 0x5c71e680
D/IPCThreadState( 1476): [DN #5] BR_CLEAR_DEATH_NOTIFICATION_DONE cookie 0x54a774d0
D/IPCThreadState( 1476): [DN #5] BR_CLEAR_DEATH_NOTIFICATION_DONE cookie 0x5916bc20
D/IPCThreadState( 1476): [DN #5] BR_CLEAR_DEATH_NOTIFICATION_DONE cookie 0x5916a608
D/AudioFlinger( 110): threadLoop_sleepTime write muted data to hw
D/IPCThreadState( 1476): [DN #5] BR_CLEAR_DEATH_NOTIFICATION_DONE cookie 0x5915a6a8
D/IPCThreadState( 1476): [DN #5] BR_CLEAR_DEATH_NOTIFICATION_DONE cookie 0x5c70d5c0
D/IPCThreadState( 1476): [DN #5] BR_CLEAR_DEATH_NOTIFICATION_DONE cookie 0x57977338
D/IPCThreadState( 1476): [DN #5] BR_CLEAR_DEATH_NOTIFICATION_DONE cookie 0x5d029710
D/IPCThreadState( 1476): [DN #5] BR_CLEAR_DEATH_NOTIFICATION_DONE cookie 0x59af8e38
D/AudioFlinger( 110): threadLoop_sleepTime write muted data to hw
D/IPCThreadState( 1476): [DN #5] BR_CLEAR_DEATH_NOTIFICATION_DONE cookie 0x591707c8
D/IPCThreadState( 1476): [DN #5] BR_CLEAR_DEATH_NOTIFICATION_DONE cookie 0x59b73668
D/IPCThreadState( 1476): [DN #5] BR_CLEAR_DEATH_NOTIFICATION_DONE cookie 0x5ad4e768
D/IPCThreadState( 1476): [DN #5] BR_CLEAR_DEATH_NOTIFICATION_DONE cookie 0x5c637c90
D/IPCThreadState( 1476): [DN #5] BR_CLEAR_DEATH_NOTIFICATION_DONE cookie 0x53426d38
D/IPCThreadState( 1476): [DN #5] BR_CLEAR_DEATH_NOTIFICATION_DONE cookie 0x5d134950
D/AudioFlinger( 110): threadLoop_sleepTime write muted data to hw
D/IPCThreadState( 1476): [DN #5] BR_CLEAR_DEATH_NOTIFICATION_DONE cookie 0x5c71ffa8
D/IPCThreadState( 1476): [DN #5] BR_CLEAR_DEATH_NOTIFICATION_DONE cookie 0x5ca8fb08
D/IPCThreadState( 1476): [DN #5] BR_CLEAR_DEATH_NOTIFICATION_DONE cookie 0x5be5b840
D/IPCThreadState( 1476): [DN #5] BR_CLEAR_DEATH_NOTIFICATION_DONE cookie 0x5ad79ee8
D/IPCThreadState( 1476): [DN #5] BR_CLEAR_DEATH_NOTIFICATION_DONE cookie 0x5bd428e0
D/IPCThreadState( 1476): [DN #5] BR_CLEAR_DEATH_NOTIFICATION_DONE cookie 0x57a05e08
D/IPCThreadState( 1476): [DN #5] BR_CLEAR_DEATH_NOTIFICATION_DONE cookie 0x5c70d880
D/AudioFlinger( 110): threadLoop_sleepTime write muted data to hw
D/IPCThreadState( 1476): [DN #5] BR_CLEAR_DEATH_NOTIFICATION_DONE cookie 0x5c70d8d8
D/IPCThreadState( 1476): [DN #5] BR_CLEAR_DEATH_NOTIFICATION_DONE cookie 0x5d022248
D/IPCThreadState( 1476): [DN #5] BR_CLEAR_DEATH_NOTIFICATION_DONE cookie 0x5d0222a0
D/IPCThreadState( 1476): [DN #5] BR_CLEAR_DEATH_NOTIFICATION_DONE cookie 0x591624c0
D/IPCThreadState( 1476): [DN #5] BR_CLEAR_DEATH_NOTIFICATION_DONE cookie 0x57a08120
D/IPCThreadState( 1476): [DN #5] BR_CLEAR_DEATH_NOTIFICATION_DONE cookie 0x57a08178
D/IPCThreadState( 1476): [DN #5] BR_CLEAR_DEATH_NOTIFICATION_DONE cookie 0x591db460
D/AudioFlinger( 110): threadLoop_sleepTime write muted data to hw
D/IPCThreadState( 1476): [DN #5] BR_CLEAR_DEATH_NOTIFICATION_DONE cookie 0x57a07538
D/IPCThreadState( 1476): [DN #5] BR_CLEAR_DEATH_NOTIFICATION_DONE cookie 0x526458a0
D/IPCThreadState( 1476): [DN #5] BR_CLEAR_DEATH_NOTIFICATION_DONE cookie 0x59e66d68
D/IPCThreadState( 1476): [DN #5] BR_CLEAR_DEATH_NOTIFICATION_DONE cookie 0x5d0295e8
I/SurfaceTextureClient( 106): [STC::queueBuffer] (this:0x41574710) fps:12.44, dur:1366.25, max:599.65, min:15.25
I/BufferQueue( 106): [FramebufferSurface](this:0x41573c08,api:1) [release] fps:12.44, dur:1366.22, max:599.66, min:15.27
I/BufferQueue( 106): [FramebufferSurface](this:0x41573c08,api:1) [queue] fps:12.44, dur:1366.23, max:599.67, min:15.29
I/SurfaceFlinger( 106): [SurfaceFlinger] fps:12.443060,dur:1366.22,max:599.67,min:15.30
D/AudioFlinger( 110): threadLoop_sleepTime write muted data to hw
D/IPCThreadState( 1476): [DN #5] BR_CLEAR_DEATH_NOTIFICATION_DONE cookie 0x5cb67d88
D/IPCThreadState( 1476): [DN #5] BR_CLEAR_DEATH_NOTIFICATION_DONE cookie 0x5921c1f0
D/IPCThreadState( 1476): [DN #5] BR_CLEAR_DEATH_NOTIFICATION_DONE cookie 0x59af69b8
D/IPCThreadState( 1476): [DN #5] BR_CLEAR_DEATH_NOTIFICATION_DONE cookie 0x5cb652f8
D/AudioFlinger( 110): threadLoop_sleepTime write muted data to hw
D/IPCThreadState( 1476): [DN #5] BR_CLEAR_DEATH_NOTIFICATION_DONE cookie 0x5cb67d20
D/IPCThreadState( 1476): [DN #5] BR_CLEAR_DEATH_NOTIFICATION_DONE cookie 0x5c700288
D/IPCThreadState( 1476): [DN #5] BR_CLEAR_DEATH_NOTIFICATION_DONE cookie 0x5be5b768
D/IPCThreadState( 1476): [DN #5] BR_CLEAR_DEATH_NOTIFICATION_DONE cookie 0x55faa8b8
D/AudioFlinger( 110): threadLoop_sleepTime write muted data to hw
D/IPCThreadState( 1476): [DN #5] BR_CLEAR_DEATH_NOTIFICATION_DONE cookie 0x5c705140
D/IPCThreadState( 1476): [DN #5] BR_CLEAR_DEATH_NOTIFICATION_DONE cookie 0x59af8358
D/IPCThreadState( 1476): [DN #5] BR_CLEAR_DEATH_NOTIFICATION_DONE cookie 0x59e62190
D/IPCThreadState( 1476): [DN #5] BR_CLEAR_DEATH_NOTIFICATION_DONE cookie 0x5c707620
D/IPCThreadState( 1476): [DN #5] BR_CLEAR_DEATH_NOTIFICATION_DONE cookie 0x5c71e6e0
D/IPCThreadState( 1476): [DN #5] BR_CLEAR_DEATH_NOTIFICATION_DONE cookie 0x561dc540
D/IPCThreadState( 1476): [DN #5] BR_CLEAR_DEATH_NOTIFICATION_DONE cookie 0x5c6377b0
D/AudioFlinger( 110): threadLoop_sleepTime write muted data to hw
D/IPCThreadState( 1476): [DN #5] BR_CLEAR_DEATH_NOTIFICATION_DONE cookie 0x5cb67950
D/IPCThreadState( 1476): [DN #5] BR_CLEAR_DEATH_NOTIFICATION_DONE cookie 0x5ca241b0
D/IPCThreadState( 1476): [DN #5] BR_CLEAR_DEATH_NOTIFICATION_DONE cookie 0x5a5df5c0
D/AudioFlinger( 110): threadLoop_sleepTime write muted data to hw
D/AudioFlinger( 110): threadLoop_sleepTime write muted data to hw
D/dalvikvm( 1476): GC_EXPLICIT freed 132K (3706), 26% free 13072K/17516K, paused 4ms+8ms, total 78ms
D/IPCThreadState( 1476): [DN #5] BR_CLEAR_DEATH_NOTIFICATION_DONE cookie 0x5a680e80
D/IPCThreadState( 1476): [DN #5] BR_CLEAR_DEATH_NOTIFICATION_DONE cookie 0x5c70aa80
D/IPCThreadState( 1476): [DN #5] BR_CLEAR_DEATH_NOTIFICATION_DONE cookie 0x592253f8
D/AudioFlinger( 110): threadLoop_sleepTime write muted data to hw
D/IPCThreadState( 1476): [DN #5] BR_CLEAR_DEATH_NOTIFICATION_DONE cookie 0x5c706768
D/IPCThreadState( 1476): [DN #5] BR_CLEAR_DEATH_NOTIFICATION_DONE cookie 0x5bd447d0
D/IPCThreadState( 1476): [DN #5] BR_CLEAR_DEATH_NOTIFICATION_DONE cookie 0x5c27bde0
D/IPCThreadState( 1476): [DN #5] BR_CLEAR_DEATH_NOTIFICATION_DONE cookie 0x5c701ce0
D/IPCThreadState( 1476): [DN #5] BR_CLEAR_DEATH_NOTIFICATION_DONE cookie 0x5600e3f0
D/IPCThreadState( 1476): [DN #5] BR_CLEAR_DEATH_NOTIFICATION_DONE cookie 0x5a8cdb90
D/IPCThreadState( 1476): [DN #5] BR_CLEAR_DEATH_NOTIFICATION_DONE cookie 0x59e63bb8
D/AudioFlinger( 110): threadLoop_sleepTime write muted data to hw
D/IPCThreadState( 1476): [DN #5] BR_CLEAR_DEATH_NOTIFICATION_DONE cookie 0x5d135f98
D/IPCThreadState( 1476): [DN #5] BR_CLEAR_DEATH_NOTIFICATION_DONE cookie 0x5c63ab28
D/IPCThreadState( 1476): [DN #5] BR_CLEAR_DEATH_NOTIFICATION_DONE cookie 0x5d029088
D/IPCThreadState( 1476): [DN #5] BR_CLEAR_DEATH_NOTIFICATION_DONE cookie 0x59b898a0
D/IPCThreadState( 1476): [DN #5] BR_CLEAR_DEATH_NOTIFICATION_DONE cookie 0x5c27de10
D/IPCThreadState( 1476): [DN #5] BR_CLEAR_DEATH_NOTIFICATION_DONE cookie 0x592220c8
D/AudioFlinger( 110): threadLoop_sleepTime write muted data to hw
D/IPCThreadState( 1476): [DN #5] BR_CLEAR_DEATH_NOTIFICATION_DONE cookie 0x59c16e90
D/IPCThreadState( 1476): [DN #5] BR_CLEAR_DEATH_NOTIFICATION_DONE cookie 0x5c6f6b20
D/IPCThreadState( 1476): [DN #5] BR_CLEAR_DEATH_NOTIFICATION_DONE cookie 0x5c6f9028
D/IPCThreadState( 1476): [DN #5] BR_CLEAR_DEATH_NOTIFICATION_DONE cookie 0x57a08080
D/IPCThreadState( 1476): [DN #5] BR_CLEAR_DEATH_NOTIFICATION_DONE cookie 0x54ac0130
D/IPCThreadState( 1476): [DN #5] BR_CLEAR_DEATH_NOTIFICATION_DONE cookie 0x59a992f0
D/IPCThreadState( 1476): [DN #5] BR_CLEAR_DEATH_NOTIFICATION_DONE cookie 0x54a774d0
D/AudioFlinger( 110): threadLoop_sleepTime write muted data to hw
D/IPCThreadState( 1476): [DN #5] BR_CLEAR_DEATH_NOTIFICATION_DONE cookie 0x5c71e680
D/IPCThreadState( 1476): [DN #5] BR_CLEAR_DEATH_NOTIFICATION_DONE cookie 0x5c643820
D/IPCThreadState( 1476): [DN #5] BR_CLEAR_DEATH_NOTIFICATION_DONE cookie 0x5c517d58
D/IPCThreadState( 1476): [DN #5] BR_CLEAR_DEATH_NOTIFICATION_DONE cookie 0x59e6fb78
D/IPCThreadState( 1476): [DN #5] BR_CLEAR_DEATH_NOTIFICATION_DONE cookie 0x5a5dac08
D/IPCThreadState( 1476): [DN #5] BR_CLEAR_DEATH_NOTIFICATION_DONE cookie 0x5bd43f00
D/IPCThreadState( 1476): [DN #5] BR_CLEAR_DEATH_NOTIFICATION_DONE cookie 0x55faa000
D/IPCThreadState( 1476): [DN #5] BR_CLEAR_DEATH_NOTIFICATION_DONE cookie 0x57979c10
D/AudioFlinger( 110): threadLoop_sleepTime write muted data to hw
D/IPCThreadState( 1476): [DN #5] BR_CLEAR_DEATH_NOTIFICATION_DONE cookie 0x59b864b0
D/IPCThreadState( 1476): [DN #5] BR_CLEAR_DEATH_NOTIFICATION_DONE cookie 0x5c700f00
I/BufferQueue( 106): [StatusBar](this:0x419c99c8,api:1) [release] fps:2.00, dur:1000.02, max:500.02, min:500.01
D/IPCThreadState( 1476): [DN #5] BR_CLEAR_DEATH_NOTIFICATION_DONE cookie 0x5c707748
D/IPCThreadState( 1476): [DN #5] BR_CLEAR_DEATH_NOTIFICATION_DONE cookie 0x5a610ec0
D/IPCThreadState( 1476): [DN #5] BR_CLEAR_DEATH_NOTIFICATION_DONE cookie 0x5a610f20
D/AudioFlinger( 110): threadLoop_sleepTime write muted data to hw
D/IPCThreadState( 1476): [DN #5] BR_CLEAR_DEATH_NOTIFICATION_DONE cookie 0x59165478
D/IPCThreadState( 1476): [DN #5] BR_CLEAR_DEATH_NOTIFICATION_DONE cookie 0x54a1ac70
D/IPCThreadState( 1476): [DN #5] BR_CLEAR_DEATH_NOTIFICATION_DONE cookie 0x579e7f98
D/IPCThreadState( 1476): [DN #5] BR_CLEAR_DEATH_NOTIFICATION_DONE cookie 0x5c636a00
D/IPCThreadState( 1476): [DN #5] BR_CLEAR_DEATH_NOTIFICATION_DONE cookie 0x5c74cd90
D/AudioFlinger( 110): threadLoop_sleepTime write muted data to hw
D/IPCThreadState( 1476): [DN #5] BR_CLEAR_DEATH_NOTIFICATION_DONE cookie 0x54a0c8c8
D/IPCThreadState( 1476): [DN #5] BR_CLEAR_DEATH_NOTIFICATION_DONE cookie 0x59166458
D/IPCThreadState( 1476): [DN #5] BR_CLEAR_DEATH_NOTIFICATION_DONE cookie 0x561e26b8
D/IPCThreadState( 1476): [DN #5] BR_CLEAR_DEATH_NOTIFICATION_DONE cookie 0x5916cac0
D/InputReader( 1476): AP_PROF:AppLaunch_dispatchPtr:Down:294357
I/AP_PROF ( 1476): unable to open /proc/mtprof/status entry
D/PowerManagerService( 1476): userActivityFromNative
D/PowerManagerService( 1476): userActivityNoUpdateLocked: eventTime=294357, event=2, flags=0x0, uid=1000
D/PowerManagerNotifier( 1476): onUserActivity: event=2, uid=1000
D/PowerManagerService( 1476): updateUserActivitySummaryLocked: mWakefulness=Awake, mUserActivitySummary=0x1, nextTimeout=347357 (in 52998 ms)
D/PowerManagerService( 1476): newScreenState = 2
D/PowerManagerDisplayController( 1476): requestPowerState: screenState=2, useProximitySensor=false, screenBrightness=204, screenAutoBrightnessAdjustment=0.0, useAutoBrightness=false, useEcoBrightness=false, blockScreenOn=false, waitForNegativeProximity=false
I/PowerManagerService( 1476): setBrightness mButtonLight 0.
D/PowerManagerService( 1476): updateScreenStateLocked: mDisplayReady=true, newScreenState=2, mWakefulness=1, mWakeLockSummary=0x1, mUserActivitySummary=0x1, mBootCompleted=true
D/PowerManagerService( 1476): handleSandman: canDream=true, mWakefulness=Awake
D/IPCThreadState( 1476): [DN #5] BR_CLEAR_DEATH_NOTIFICATION_DONE cookie 0x59163290
D/AudioFlinger( 110): threadLoop_sleepTime write muted data to hw
D/IPCThreadState( 1476): [DN #5] BR_CLEAR_DEATH_NOTIFICATION_DONE cookie 0x5c516a00
D/IPCThreadState( 1476): [DN #5] BR_CLEAR_DEATH_NOTIFICATION_DONE cookie 0x5c703d50
D/IPCThreadState( 1476): [DN #5] BR_CLEAR_DEATH_NOTIFICATION_DONE cookie 0x5c53bec8
D/AudioFlinger( 110): threadLoop_sleepTime write muted data to hw
D/IPCThreadState( 1476): [DN #5] BR_CLEAR_DEATH_NOTIFICATION_DONE cookie 0x5cb67170
D/IPCThreadState( 1476): [DN #5] BR_CLEAR_DEATH_NOTIFICATION_DONE cookie 0x5ca8f238
V/WindowManager( 1476): Changing focus from Window{41b22800 u0 com.android.launcher/com.android.launcher2.Launcher} to Window{419d9a48 u0 StatusBar}
D/KeyguardUpdateMonitor( 1476): sendKeyguardVisibilityChanged(true)
D/KeyguardUpdateMonitor( 1476): handleKeyguardVisibilityChanged(1)
D/KeyguardViewMediator( 1476): handleMessage enter msg name=SET_HIDDEN
D/KeyguardViewMediator( 1476): handleMessage exit msg name=SET_HIDDEN
D/IPCThreadState( 1476): [DN #5] BR_CLEAR_DEATH_NOTIFICATION_DONE cookie 0x5be5cbd0
D/IPCThreadState( 1476): [DN #5] BR_CLEAR_DEATH_NOTIFICATION_DONE cookie 0x5d029710
D/IPCThreadState( 1476): [DN #5] BR_CLEAR_DEATH_NOTIFICATION_DONE cookie 0x53425080
I/BufferQueue( 106): [StatusBar](this:0x419c99c8,api:1) setDefaultBufferSize: w=480, h=800
I/WindowManager( 1476): Gaining focus: Window{419d9a48 u0 StatusBar}
I/WindowManager( 1476): Losing focus: Window{41b22800 u0 com.android.launcher/com.android.launcher2.Launcher}
D/AudioFlinger( 110): threadLoop_sleepTime write muted data to hw
D/IPCThreadState( 1476): [DN #5] BR_CLEAR_DEATH_NOTIFICATION_DONE cookie 0x5921c1f0
D/BufferQueue( 106): [StatusBar](this:0x419c99c8,api:1) cancelBuffer: slot=1
I/BufferQueue( 106): [StatusBar](this:0x419c99c8,api:1) disconnect: api=1
I/SurfaceTexture( 106): [StatusBar] [virtual android::status_t android::SurfaceTexture::forceAuxConversionLocked()] mCurrentTexture:0, mCurrentBuf:0x419d6518
I/BufferQueue( 106): [StatusBar](this:0x419c99c8,api:0) getReleasedBuffers: returning mask 0xffffffff
I/SurfaceTexture( 106): [StatusBar](this:0x419c8b28,api:0) destroying EGLImage dpy=0x1 img=0x419d4cf8
I/SurfaceTexture( 106): [StatusBar](this:0x419c8b28,api:0) destroying EGLImage dpy=0x1 img=0x419d8048
I/SurfaceTexture( 106): [StatusBar](this:0x419c8b28,api:0) destroying EGLImage dpy=0x1 img=0x419d8580
I/BufferQueue( 106): [StatusBar](this:0x419c99c8,api:0) connect: api=1
I/BufferQueue( 106): [StatusBar](this:0x419c99c8,api:1) setSynchronousMode: enabled=1 (mAllowSynchronousMode=1)
I/BufferQueue( 106): [StatusBar](this:0x419c99c8,api:1) setSynchronousMode: enabled=1 (mAllowSynchronousMode=1)
D/IPCThreadState( 1476): [DN #5] BR_CLEAR_DEATH_NOTIFICATION_DONE cookie 0x5c705d48
D/IPCThreadState( 1476): [DN #5] BR_CLEAR_DEATH_NOTIFICATION_DONE cookie 0x5a8cd5f8
I/BufferQueue( 106): [StatusBar](this:0x419c99c8,api:1) new GraphicBuffer needed
D/BufferQueue( 106): [OLD] gb:NULL
I/GraphicBuffer( 106): allocate buffer (w:480 h:800 f:5) err(0)
I/BufferQueue( 106): [NEW] gb=0x419d3cc8, handle=0x419d8af0, w=480, h=800, s=480, fmt=5
D/IPCThreadState( 1476): [DN #5] BR_CLEAR_DEATH_NOTIFICATION_DONE cookie 0x5916a608
D/InputReader( 1476): AP_PROF:AppLaunch_dispatchPtr:Up:294514
D/IPCThreadState( 1476): [DN #5] BR_CLEAR_DEATH_NOTIFICATION_DONE cookie 0x5c94fbc8
D/AudioFlinger( 110): threadLoop_sleepTime write muted data to hw
D/IPCThreadState( 1476): [DN #5] BR_CLEAR_DEATH_NOTIFICATION_DONE cookie 0x54a25ba8
D/IPCThreadState( 1476): [DN #5] BR_CLEAR_DEATH_NOTIFICATION_DONE cookie 0x5c63cb60
D/IPCThreadState( 1476): [DN #5] BR_CLEAR_DEATH_NOTIFICATION_DONE cookie 0x5c637c90
D/IPCThreadState( 1476): [DN #5] BR_CLEAR_DEATH_NOTIFICATION_DONE cookie 0x5c637cd0
D/IPCThreadState( 1476): [DN #5] BR_CLEAR_DEATH_NOTIFICATION_DONE cookie 0x5d134950
D/AudioFlinger( 110): threadLoop_sleepTime write muted data to hw
D/IPCThreadState( 1476): [DN #5] BR_CLEAR_DEATH_NOTIFICATION_DONE cookie 0x53426d38
D/IPCThreadState( 1476): [DN #5] BR_CLEAR_DEATH_NOTIFICATION_DONE cookie 0x5ad79ee8
I/SurfaceTextureClient( 1730): [STC::queueBuffer] (this:0x55df9fe8) fps:2.23, dur:1344.90, max:500.45, min:345.23
I/BufferQueue( 106): [StatusBar](this:0x419c99c8,api:1) [queue] fps:2.23, dur:1344.50, max:499.94, min:345.35
I/BufferQueue( 106): [StatusBar](this:0x419c99c8,api:1) new GraphicBuffer needed
D/BufferQueue( 106): [OLD] gb:NULL
I/SurfaceTexture( 106): [StatusBar](this:0x419c8b28,api:1) [void* android::SurfaceTexture::createImage(EGLDisplay, const android::sp&)]
D/SurfaceTexture( 106): GraphicBuffer: gb=0x419d3cc8 handle=0x419d8af0
D/SurfaceTexture( 106): EGLImage: dpy=0x1, img=0x419d48f8
I/GraphicBuffer( 106): allocate buffer (w:480 h:800 f:5) err(0)
I/BufferQueue( 106): [NEW] gb=0x419d8418, handle=0x419daa18, w=480, h=800, s=480, fmt=5
D/AudioFlinger( 110): threadLoop_sleepTime write muted data to hw
D/IPCThreadState( 1476): [DN #5] BR_CLEAR_DEATH_NOTIFICATION_DONE cookie 0x5915e680
V/ActivityManager( 1476): getTasks: max=1, flags=0, receiver=null
V/ActivityManager( 1476): com.android.launcher/com.android.launcher2.Launcher: task=TaskRecord{41982a80 #2 A com.android.launcher U 0}
V/ActivityManager( 1476): We have pending thumbnails: null
D/IPCThreadState( 1476): [DN #5] BR_CLEAR_DEATH_NOTIFICATION_DONE cookie 0x52f66930
I/BufferQueue( 106): [StatusBar](this:0x419c99c8,api:1) new GraphicBuffer needed
D/BufferQueue( 106): [OLD] gb:NULL
I/GraphicBuffer( 106): allocate buffer (w:480 h:800 f:5) err(0)
I/BufferQueue( 106): [NEW] gb=0x419ca400, handle=0x419c7a78, w=480, h=800, s=480, fmt=5
D/IPCThreadState( 1476): [DN #5] BR_CLEAR_DEATH_NOTIFICATION_DONE cookie 0x5d137d98
I/SurfaceTexture( 106): [StatusBar](this:0x419c8b28,api:1) [void* android::SurfaceTexture::createImage(EGLDisplay, const android::sp&)]
D/SurfaceTexture( 106): GraphicBuffer: gb=0x419d8418 handle=0x419daa18
D/SurfaceTexture( 106): EGLImage: dpy=0x1, img=0x419d4490
D/AudioFlinger( 110): threadLoop_sleepTime write muted data to hw
I/SurfaceTexture( 106): [StatusBar](this:0x419c8b28,api:1) [void* android::SurfaceTexture::createImage(EGLDisplay, const android::sp&)]
D/SurfaceTexture( 106): GraphicBuffer: gb=0x419ca400 handle=0x419c7a78
D/SurfaceTexture( 106): EGLImage: dpy=0x1, img=0x416c0320
D/AudioFlinger( 110): threadLoop_sleepTime write muted data to hw
D/dalvikvm( 1805): GC_EXPLICIT freed 517K (10603), 23% free 6081K/7848K, paused 2ms+6ms, total 40ms
D/IPCThreadState( 1476): [DN #5] BR_CLEAR_DEATH_NOTIFICATION_DONE cookie 0x579bc3a8
D/IPCThreadState( 1476): [DN #5] BR_CLEAR_DEATH_NOTIFICATION_DONE cookie 0x5bd428e0
D/IPCThreadState( 1476): [DN #5] BR_CLEAR_DEATH_NOTIFICATION_DONE cookie 0x54ab5658
D/IPCThreadState( 1476): [DN #5] BR_CLEAR_DEATH_NOTIFICATION_DONE cookie 0x54ab56b0
D/IPCThreadState( 1476): [DN #5] BR_CLEAR_DEATH_NOTIFICATION_DONE cookie 0x591cf9c8
D/AudioFlinger( 110): threadLoop_sleepTime write muted data to hw
D/IPCThreadState( 1476): [DN #5] BR_CLEAR_DEATH_NOTIFICATION_DONE cookie 0x591cfa20
I/SurfaceTextureClient( 106): [STC::queueBuffer] (this:0x41574710) fps:11.00, dur:1000.06, max:500.15, min:16.54
I/BufferQueue( 106): [FramebufferSurface](this:0x41573c08,api:1) [release] fps:11.00, dur:1000.07, max:500.11, min:16.57
