D/dalvikvm( 1476): threadid=87: exiting
D/dalvikvm( 1476): threadid=87: bye!
D/IPCThreadState( 1476): [DN #5] BR_CLEAR_DEATH_NOTIFICATION_DONE cookie 0x5c703e28
D/IPCThreadState( 1476): [DN #5] BR_CLEAR_DEATH_NOTIFICATION_DONE cookie 0x5b06ec38
D/AbsListView( 2750): checkAbsListViewlLogProperty get invalid command
D/JpeNativeCheck( 2750): before calling ncheckMtk()
V/IntentResolver( 1476): Resolving type null scheme null of intent Intent { act=com.android.settings.ext.IWifiSettingsExt flg=0x8 }
V/IntentResolver( 1476): Action list: null
V/IntentResolver( 1476): Final result list:
I/PluginManager( 2750): mPluginIntent = com.android.settings.ext.IWifiSettingsExt
I/PluginManager( 2750): fillPluginList: []
I/Utils ( 2750): Plugin ObjectCreationException
D/AbsListView( 2750): checkAbsListViewlLogProperty get invalid command
D/IPCThreadState( 1476): [DN #5] BR_CLEAR_DEATH_NOTIFICATION_DONE cookie 0x5915a6a8
D/IPCThreadState( 1476): [DN #5] BR_CLEAR_DEATH_NOTIFICATION_DONE cookie 0x5c705d48
D/VelocityTracker( 2750): Couldn't open '/dev/touch' (No such file or directory)
D/VelocityTracker( 2750): tpd read x fail: Bad file number
D/VelocityTracker( 2750): tpd read y fail: Bad file number
D/JpeNativeCheck( 2750): before calling ncheckMtk()
V/IntentResolver( 1476): Resolving type null scheme null of intent Intent { act=com.android.settings.ext.IWifiExt flg=0x8 }
V/IntentResolver( 1476): Action list: null
V/IntentResolver( 1476): Final result list:
I/PluginManager( 2750): mPluginIntent = com.android.settings.ext.IWifiExt
I/PluginManager( 2750): fillPluginList: []
D/DefaultWifiExt( 2750): DefaultWifiExt
I/Utils ( 2750): Plugin ObjectCreationException
D/StateMachine( 1476): handleMessage: E msg.what=131131
D/StateMachine( 1476): processMsg: DisconnectedState
D/WifiStateMachine( 1476): DisconnectedState{ what=131131 when=-1ms target=Handler (com.android.internal.util.StateMachine$SmHandler) {41600490} }
D/StateMachine( 1476): processMsg: ConnectModeState
D/WifiStateMachine( 1476): ConnectModeState{ what=131131 when=-1ms target=Handler (com.android.internal.util.StateMachine$SmHandler) {41600490} }
D/StateMachine( 1476): processMsg: DriverStartedState
D/WifiStateMachine( 1476): DriverStartedState{ what=131131 when=-2ms target=Handler (com.android.internal.util.StateMachine$SmHandler) {41600490} }
D/StateMachine( 1476): processMsg: SupplicantStartedState
D/WifiStateMachine( 1476): SupplicantStartedState{ what=131131 when=-3ms target=Handler (com.android.internal.util.StateMachine$SmHandler) {41600490} }
D/StateMachine( 1476): handleMessage: X
D/JpeNativeCheck( 2750): before calling ncheckMtk()
V/IntentResolver( 1476): Resolving type null scheme null of intent Intent { act=com.android.settings.ext.IWifiExt flg=0x8 }
V/IntentResolver( 1476): Action list: null
V/IntentResolver( 1476): Final result list:
I/PluginManager( 2750): mPluginIntent = com.android.settings.ext.IWifiExt
I/PluginManager( 2750): fillPluginList: []
D/DefaultWifiExt( 2750): DefaultWifiExt
I/Utils ( 2750): Plugin ObjectCreationException
D/IPCThreadState( 1476): [DN #5] BR_CLEAR_DEATH_NOTIFICATION_DONE cookie 0x5ca8fb48
D/DefaultWifiExt( 2750): getApOrder(),return 0
D/DefaultWifiExt( 2750): getApOrder(),return 0
D/DefaultWifiExt( 2750): getApOrder(),return 0
D/DefaultWifiExt( 2750): getApOrder(),return 0
D/DefaultWifiExt( 2750): getApOrder(),return 0
D/DefaultWifiExt( 2750): getApOrder(),return 0
D/DefaultWifiExt( 2750): getApOrder(),return 0
D/DefaultWifiExt( 2750): getApOrder(),return 0
D/DefaultWifiExt( 2750): getApOrder(),return 0
D/DefaultWifiExt( 2750): getApOrder(),return 0
D/DefaultWifiExt( 2750): getApOrder(),return 0
D/DefaultWifiExt( 2750): getApOrder(),return 0
D/DefaultWifiExt( 2750): getApOrder(),return 0
D/DefaultWifiExt( 2750): getApOrder(),return 0
D/DefaultWifiExt( 2750): getApOrder(),return 0
D/DefaultWifiExt( 2750): getApOrder(),return 0
D/DefaultWifiExt( 2750): getApOrder(),return 0
D/DefaultWifiExt( 2750): getApOrder(),return 0
D/DefaultWifiExt( 2750): getApOrder(),return 0
D/DefaultWifiExt( 2750): getApOrder(),return 0
D/DefaultWifiExt( 2750): getApOrder(),return 0
D/DefaultWifiExt( 2750): getApOrder(),return 0
D/DefaultWifiExt( 2750): getApOrder(),return 0
D/DefaultWifiExt( 2750): getApOrder(),return 0
D/DefaultWifiExt( 2750): getApOrder(),return 0
D/DefaultWifiExt( 2750): getApOrder(),return 0
D/DefaultWifiExt( 2750): getApOrder(),return 0
D/DefaultWifiExt( 2750): getApOrder(),return 0
D/DefaultWifiExt( 2750): getApOrder(),return 0
D/DefaultWifiExt( 2750): getApOrder(),return 0
D/DefaultWifiExt( 2750): getApOrder(),return 0
D/DefaultWifiExt( 2750): getApOrder(),return 0
D/DefaultWifiExt( 2750): getApOrder(),return 0
D/DefaultWifiExt( 2750): getApOrder(),return 0
D/DefaultWifiExt( 2750): getApOrder(),return 0
D/DefaultWifiExt( 2750): getApOrder(),return 0
D/DefaultWifiExt( 2750): getApOrder(),return 0
D/DefaultWifiExt( 2750): getApOrder(),return 0
D/DefaultWifiExt( 2750): getApOrder(),return 0
D/DefaultWifiExt( 2750): getApOrder(),return 0
D/DefaultWifiExt( 2750): getApOrder(),return 0
D/DefaultWifiExt( 2750): getApOrder(),return 0
D/DefaultWifiExt( 2750): getApOrder(),return 0
D/DefaultWifiExt( 2750): getApOrder(),return 0
D/DefaultWifiExt( 2750): getApOrder(),return 0
D/DefaultWifiExt( 2750): getApOrder(),return 0
D/DefaultWifiExt( 2750): getApOrder(),return 0
D/DefaultWifiExt( 2750): getApOrder(),return 0
D/DefaultWifiExt( 2750): getApOrder(),return 0
D/DefaultWifiExt( 2750): getApOrder(),return 0
D/DefaultWifiExt( 2750): getApOrder(),return 0
D/DefaultWifiExt( 2750): getApOrder(),return 0
D/DefaultWifiExt( 2750): getApOrder(),return 0
D/DefaultWifiExt( 2750): getApOrder(),return 0
D/DefaultWifiExt( 2750): getApOrder(),return 0
D/DefaultWifiExt( 2750): getApOrder(),return 0
D/DefaultWifiExt( 2750): getApOrder(),return 0
D/DefaultWifiExt( 2750): getApOrder(),return 0
D/DefaultWifiExt( 2750): getApOrder(),return 0
D/DefaultWifiExt( 2750): getApOrder(),return 0
D/DefaultWifiExt( 2750): getApOrder(),return 0
D/DefaultWifiExt( 2750): getApOrder(),return 0
D/DefaultWifiExt( 2750): getApOrder(),return 0
D/DefaultWifiExt( 2750): getApOrder(),return 0
D/DefaultWifiExt( 2750): getApOrder(),return 0
D/DefaultWifiExt( 2750): getApOrder(),return 0
D/DefaultWifiExt( 2750): getApOrder(),return 0
D/DefaultWifiExt( 2750): getApOrder(),return 0
D/DefaultWifiExt( 2750): getApOrder(),return 0
D/DefaultWifiExt( 2750): getApOrder(),return 0
V/InputMethodManager( 2750): focusOut: android.widget.ListView{414ef5e0 VFED.VC. .F...... 0,0-480,704 #102000a android:id/list} mServedView=android.widget.ListView{414ef5e0 VFED.VC. .F...... 0,0-480,704 #102000a android:id/list} winFocus=false
D/IPCThreadState( 1476): [DN #5] BR_CLEAR_DEATH_NOTIFICATION_DONE cookie 0x54a0cb88
D/DefaultWifiExt( 2750): getApOrder(),return 0
D/DefaultWifiExt( 2750): getApOrder(),return 0
D/DefaultWifiExt( 2750): getApOrder(),return 0
D/DefaultWifiExt( 2750): getApOrder(),return 0
D/DefaultWifiExt( 2750): getApOrder(),return 0
D/DefaultWifiExt( 2750): getApOrder(),return 0
D/DefaultWifiExt( 2750): getApOrder(),return 0
D/DefaultWifiExt( 2750): getApOrder(),return 0
D/IPCThreadState( 1476): [DN #5] BR_CLEAR_DEATH_NOTIFICATION_DONE cookie 0x5c705068
D/IPCThreadState( 1476): [DN #5] BR_CLEAR_DEATH_NOTIFICATION_DONE cookie 0x5c706c80
D/Settings( 2750): apps.size()=1
D/Settings( 2750): receive action=android.intent.action.SIM_INFO_UPDATE
D/DefaultWifiExt( 2750): getSwitchState(), return true
I/WifiEnabler( 2750): [Performance test][Settings][wifi] wifi enable end [1380452100253]
D/StateMachine( 1476): handleMessage: E msg.what=131239
D/StateMachine( 1476): processMsg: DisconnectedState
D/WifiStateMachine( 1476): DisconnectedState{ what=131239 when=0 target=Handler (com.android.internal.util.StateMachine$SmHandler) {41600490} }
D/StateMachine( 1476): processMsg: ConnectModeState
D/WifiStateMachine( 1476): ConnectModeState{ what=131239 when=0 target=Handler (com.android.internal.util.StateMachine$SmHandler) {41600490} }
D/StateMachine( 1476): processMsg: DriverStartedState
D/WifiStateMachine( 1476): DriverStartedState{ what=131239 when=0 target=Handler (com.android.internal.util.StateMachine$SmHandler) {41600490} }
D/StateMachine( 1476): processMsg: SupplicantStartedState
D/WifiStateMachine( 1476): SupplicantStartedState{ what=131239 when=-1ms target=Handler (com.android.internal.util.StateMachine$SmHandler) {41600490} }
D/WifiNative-wlan0( 1476): doString: SIGNAL_POLL
D/WifiCommon( 1476): [wlan0] SET "SIGNAL_POLL"
D/wpa_supplicant( 3563): RX ctrl_iface - hexdump(len=11): 53 49 47 4e 41 4c 5f 50 4f 4c 4c
D/wpa_supplicant( 3563): wlan0: Control interface command 'SIGNAL_POLL'
D/wpa_supplicant( 3563): nl80211: survey data missing!
I/WifiStateMachine( 1476): fetchRssiNative, newRssi:-31
D/StateMachine( 1476): handleMessage: X
D/WifiSettings( 2750): mCurrentConnectedInfo.getSSID() = "FreeWifi_secure"
V/InputMethodManager( 2750): Not IME target window, ignoring
D/IPCThreadState( 1476): [DN #5] BR_CLEAR_DEATH_NOTIFICATION_DONE cookie 0x5d137d98
D/IPCThreadState( 1476): [DN #5] BR_CLEAR_DEATH_NOTIFICATION_DONE cookie 0x59165f60
I/BufferQueue( 106): [unnamed-106-18](this:0x419dc098,api:0) BufferQueue
I/BufferQueue( 106): [unnamed-106-18](this:0x419dc098,api:0) consumerConnect
I/BufferQueue( 106): [unnamed-106-18](this:0x419dc098,api:0) setConsumerName: unnamed-106-18
I/SurfaceTexture( 106): [unnamed-106-18](this:0x419c7668,api:0) SurfaceTexture
I/BufferQueue( 106): [unnamed-106-18](this:0x419dc098,api:0) setSynchronousMode: enabled=1 (mAllowSynchronousMode=1)
I/BufferQueue( 106): [unnamed-106-18](this:0x419dc098,api:0) setDefaultBufferSize: w=1, h=1
I/BufferQueue( 106): [com.android.settings/com.android.settings.SubSettings](this:0x419dc098,api:0) setConsumerName: com.android.settings/com.android.settings.SubSettings
V/WindowManager( 1476): Changing focus from null to Window{41a17c98 u0 com.android.settings/com.android.settings.SubSettings}
D/KeyguardUpdateMonitor( 1476): sendKeyguardVisibilityChanged(true)
D/KeyguardUpdateMonitor( 1476): handleKeyguardVisibilityChanged(1)
D/KeyguardViewMediator( 1476): handleMessage enter msg name=SET_HIDDEN
D/KeyguardViewMediator( 1476): handleMessage exit msg name=SET_HIDDEN
D/IPCThreadState( 1476): [DN #5] BR_CLEAR_DEATH_NOTIFICATION_DONE cookie 0x59222c58
D/IPCThreadState( 1476): [DN #5] BR_CLEAR_DEATH_NOTIFICATION_DONE cookie 0x5a69d7d0
D/IPCThreadState( 1476): [DN #5] BR_CLEAR_DEATH_NOTIFICATION_DONE cookie 0x5cb67d38
I/BufferQueue( 106): [com.android.settings/com.android.settings.SubSettings](this:0x419dc098,api:0) setDefaultBufferSize: w=480, h=800
I/WindowManager( 1476): Gaining focus: Window{41a17c98 u0 com.android.settings/com.android.settings.SubSettings}
I/BufferQueue( 106): [com.android.settings/com.android.settings.SubSettings](this:0x419dc098,api:0) connect: api=1
I/BufferQueue( 106): [com.android.settings/com.android.settings.SubSettings](this:0x419dc098,api:1) setSynchronousMode: enabled=1 (mAllowSynchronousMode=1)
I/BufferQueue( 106): [com.android.settings/com.android.settings.SubSettings](this:0x419dc098,api:1) setSynchronousMode: enabled=1 (mAllowSynchronousMode=1)
I/BufferQueue( 106): [com.android.settings/com.android.settings.SubSettings](this:0x419dc098,api:1) new GraphicBuffer needed
D/BufferQueue( 106): [OLD] gb:NULL
I/GraphicBuffer( 106): allocate buffer (w:480 h:800 f:5) err(0)
D/IPCThreadState( 1476): [DN #5] BR_CLEAR_DEATH_NOTIFICATION_DONE cookie 0x5a67fb68
I/BufferQueue( 106): [NEW] gb=0x419d7258, handle=0x419d8f40, w=480, h=800, s=480, fmt=5
D/IPCThreadState( 1476): [DN #5] BR_CLEAR_DEATH_NOTIFICATION_DONE cookie 0x5cb67d90
I/BufferQueue( 106): [StatusBar](this:0x419c99c8,api:1) [release] fps:4.00, dur:1000.06, max:500.01, min:16.40
I/SurfaceTextureClient( 106): [STC::queueBuffer] (this:0x41574710) fps:6.00, dur:1000.12, max:499.86, min:16.42
I/BufferQueue( 106): [FramebufferSurface](this:0x41573c08,api:1) [release] fps:6.00, dur:1000.12, max:499.80, min:16.43
I/BufferQueue( 106): [FramebufferSurface](this:0x41573c08,api:1) [queue] fps:6.00, dur:1000.11, max:499.76, min:16.42
I/SurfaceFlinger( 106): [SurfaceFlinger] fps:5.999294,dur:1000.12,max:499.74,min:16.44
D/IPCThreadState( 1476): [DN #5] BR_CLEAR_DEATH_NOTIFICATION_DONE cookie 0x54ab5658
D/IPCThreadState( 1476): [DN #5] BR_CLEAR_DEATH_NOTIFICATION_DONE cookie 0x53426bc8
D/IPCThreadState( 1476): [DN #5] BR_CLEAR_DEATH_NOTIFICATION_DONE cookie 0x5c640da0
D/IPCThreadState( 1476): [DN #5] BR_CLEAR_DEATH_NOTIFICATION_DONE cookie 0x5cfd0ee8
D/IPCThreadState( 1476): [DN #5] BR_CLEAR_DEATH_NOTIFICATION_DONE cookie 0x59b3e430
D/IPCThreadState( 1476): [DN #5] BR_CLEAR_DEATH_NOTIFICATION_DONE cookie 0x5cfd0f40
D/IPCThreadState( 1476): [DN #5] BR_CLEAR_DEATH_NOTIFICATION_DONE cookie 0x5c59add0
D/IPCThreadState( 1476): [DN #5] BR_CLEAR_DEATH_NOTIFICATION_DONE cookie 0x5be5b7e0
D/IPCThreadState( 1476): [DN #5] BR_CLEAR_DEATH_NOTIFICATION_DONE cookie 0x5c7002a0
D/StateMachine( 1476): handleMessage: E msg.what=131239
D/StateMachine( 1476): processMsg: DisconnectedState
D/IPCThreadState( 1476): [DN #5] BR_CLEAR_DEATH_NOTIFICATION_DONE cookie 0x5cb65288
D/WifiStateMachine( 1476): DisconnectedState{ what=131239 when=0 target=Handler (com.android.internal.util.StateMachine$SmHandler) {41600490} }
D/StateMachine( 1476): processMsg: ConnectModeState
D/WifiStateMachine( 1476): ConnectModeState{ what=131239 when=0 target=Handler (com.android.internal.util.StateMachine$SmHandler) {41600490} }
D/StateMachine( 1476): processMsg: DriverStartedState
D/WifiStateMachine( 1476): DriverStartedState{ what=131239 when=-1ms target=Handler (com.android.internal.util.StateMachine$SmHandler) {41600490} }
D/StateMachine( 1476): processMsg: SupplicantStartedState
D/WifiStateMachine( 1476): SupplicantStartedState{ what=131239 when=-1ms target=Handler (com.android.internal.util.StateMachine$SmHandler) {41600490} }
D/WifiNative-wlan0( 1476): doString: SIGNAL_POLL
D/WifiCommon( 1476): [wlan0] SET "SIGNAL_POLL"
D/wpa_supplicant( 3563): RX ctrl_iface - hexdump(len=11): 53 49 47 4e 41 4c 5f 50 4f 4c 4c
D/wpa_supplicant( 3563): wlan0: Control interface command 'SIGNAL_POLL'
D/wpa_supplicant( 3563): nl80211: survey data missing!
I/WifiStateMachine( 1476): fetchRssiNative, newRssi:-33
D/StateMachine( 1476): handleMessage: X
D/DefaultWifiExt( 2750): getApOrder(),return 0
D/DefaultWifiExt( 2750): getApOrder(),return 0
D/DefaultWifiExt( 2750): getApOrder(),return 0
D/DefaultWifiExt( 2750): getApOrder(),return 0
D/DefaultWifiExt( 2750): getApOrder(),return 0
D/DefaultWifiExt( 2750): getApOrder(),return 0
D/DefaultWifiExt( 2750): getApOrder(),return 0
D/DefaultWifiExt( 2750): getApOrder(),return 0
D/DefaultWifiExt( 2750): getApOrder(),return 0
D/StateMachine( 1476): handleMessage: E msg.what=131131
D/StateMachine( 1476): processMsg: DisconnectedState
D/WifiStateMachine( 1476): DisconnectedState{ what=131131 when=-1ms target=Handler (com.android.internal.util.StateMachine$SmHandler) {41600490} }
D/StateMachine( 1476): processMsg: ConnectModeState
D/WifiStateMachine( 1476): ConnectModeState{ what=131131 when=-2ms target=Handler (com.android.internal.util.StateMachine$SmHandler) {41600490} }
D/StateMachine( 1476): processMsg: DriverStartedState
D/WifiStateMachine( 1476): DriverStartedState{ what=131131 when=-2ms target=Handler (com.android.internal.util.StateMachine$SmHandler) {41600490} }
D/StateMachine( 1476): processMsg: SupplicantStartedState
D/WifiStateMachine( 1476): SupplicantStartedState{ what=131131 when=-2ms target=Handler (com.android.internal.util.StateMachine$SmHandler) {41600490} }
D/StateMachine( 1476): handleMessage: X
D/IPCThreadState( 1476): [DN #5] BR_CLEAR_DEATH_NOTIFICATION_DONE cookie 0x5921c3d8
D/DefaultWifiExt( 2750): getApOrder(),return 0
D/DefaultWifiExt( 2750): getApOrder(),return 0
D/DefaultWifiExt( 2750): getApOrder(),return 0
D/DefaultWifiExt( 2750): getApOrder(),return 0
D/DefaultWifiExt( 2750): getApOrder(),return 0
D/DefaultWifiExt( 2750): getApOrder(),return 0
D/DefaultWifiExt( 2750): getApOrder(),return 0
D/DefaultWifiExt( 2750): getApOrder(),return 0
D/DefaultWifiExt( 2750): getApOrder(),return 0
D/DefaultWifiExt( 2750): getApOrder(),return 0
D/DefaultWifiExt( 2750): getApOrder(),return 0
D/DefaultWifiExt( 2750): getApOrder(),return 0
D/DefaultWifiExt( 2750): getApOrder(),return 0
D/DefaultWifiExt( 2750): getApOrder(),return 0
D/DefaultWifiExt( 2750): getApOrder(),return 0
D/DefaultWifiExt( 2750): getApOrder(),return 0
D/DefaultWifiExt( 2750): getApOrder(),return 0
D/DefaultWifiExt( 2750): getApOrder(),return 0
D/DefaultWifiExt( 2750): getApOrder(),return 0
D/DefaultWifiExt( 2750): getApOrder(),return 0
D/DefaultWifiExt( 2750): getApOrder(),return 0
D/DefaultWifiExt( 2750): getApOrder(),return 0
D/DefaultWifiExt( 2750): getApOrder(),return 0
D/DefaultWifiExt( 2750): getApOrder(),return 0
D/DefaultWifiExt( 2750): getApOrder(),return 0
D/DefaultWifiExt( 2750): getApOrder(),return 0
D/DefaultWifiExt( 2750): getApOrder(),return 0
D/DefaultWifiExt( 2750): getApOrder(),return 0
D/DefaultWifiExt( 2750): getApOrder(),return 0
D/DefaultWifiExt( 2750): getApOrder(),return 0
D/DefaultWifiExt( 2750): getApOrder(),return 0
D/DefaultWifiExt( 2750): getApOrder(),return 0
D/DefaultWifiExt( 2750): getApOrder(),return 0
D/DefaultWifiExt( 2750): getApOrder(),return 0
D/DefaultWifiExt( 2750): getApOrder(),return 0
D/DefaultWifiExt( 2750): getApOrder(),return 0
D/DefaultWifiExt( 2750): getApOrder(),return 0
D/DefaultWifiExt( 2750): getApOrder(),return 0
D/DefaultWifiExt( 2750): getApOrder(),return 0
D/DefaultWifiExt( 2750): getApOrder(),return 0
D/DefaultWifiExt( 2750): getApOrder(),return 0
D/DefaultWifiExt( 2750): getApOrder(),return 0
D/DefaultWifiExt( 2750): getApOrder(),return 0
D/DefaultWifiExt( 2750): getApOrder(),return 0
D/DefaultWifiExt( 2750): getApOrder(),return 0
D/DefaultWifiExt( 2750): getApOrder(),return 0
D/DefaultWifiExt( 2750): getApOrder(),return 0
D/DefaultWifiExt( 2750): getApOrder(),return 0
D/DefaultWifiExt( 2750): getApOrder(),return 0
D/DefaultWifiExt( 2750): getApOrder(),return 0
D/DefaultWifiExt( 2750): getApOrder(),return 0
D/DefaultWifiExt( 2750): getApOrder(),return 0
D/DefaultWifiExt( 2750): getApOrder(),return 0
D/DefaultWifiExt( 2750): getApOrder(),return 0
D/DefaultWifiExt( 2750): getApOrder(),return 0
D/DefaultWifiExt( 2750): getApOrder(),return 0
D/DefaultWifiExt( 2750): getApOrder(),return 0
D/DefaultWifiExt( 2750): getApOrder(),return 0
D/DefaultWifiExt( 2750): getApOrder(),return 0
D/StateMachine( 1476): handleMessage: E msg.what=131239
D/StateMachine( 1476): processMsg: DisconnectedState
D/WifiStateMachine( 1476): DisconnectedState{ what=131239 when=0 target=Handler (com.android.internal.util.StateMachine$SmHandler) {41600490} }
D/StateMachine( 1476): processMsg: ConnectModeState
D/WifiStateMachine( 1476): ConnectModeState{ what=131239 when=0 target=Handler (com.android.internal.util.StateMachine$SmHandler) {41600490} }
D/StateMachine( 1476): processMsg: DriverStartedState
D/WifiStateMachine( 1476): DriverStartedState{ what=131239 when=-1ms target=Handler (com.android.internal.util.StateMachine$SmHandler) {41600490} }
D/StateMachine( 1476): processMsg: SupplicantStartedState
D/WifiStateMachine( 1476): SupplicantStartedState{ what=131239 when=-1ms target=Handler (com.android.internal.util.StateMachine$SmHandler) {41600490} }
D/WifiNative-wlan0( 1476): doString: SIGNAL_POLL
D/WifiCommon( 1476): [wlan0] SET "SIGNAL_POLL"
D/wpa_supplicant( 3563): RX ctrl_iface - hexdump(len=11): 53 49 47 4e 41 4c 5f 50 4f 4c 4c
D/wpa_supplicant( 3563): wlan0: Control interface command 'SIGNAL_POLL'
D/wpa_supplicant( 3563): nl80211: survey data missing!
I/WifiStateMachine( 1476): fetchRssiNative, newRssi:-33
D/StateMachine( 1476): handleMessage: X
D/IPCThreadState( 1476): [DN #5] BR_CLEAR_DEATH_NOTIFICATION_DONE cookie 0x59b3e3c8
D/Settings( 2750): apps.size()=1
D/WifiService( 1476): startScan, forceActive:true, pid:2750, uid:1000
D/StateMachine( 1476): handleMessage: E msg.what=131143
D/StateMachine( 1476): processMsg: DisconnectedState
D/WifiStateMachine( 1476): DisconnectedState{ what=131143 when=-2ms arg1=1 target=Handler (com.android.internal.util.StateMachine$SmHandler) {41600490} }
D/StateMachine( 1476): processMsg: ConnectModeState
D/WifiStateMachine( 1476): ConnectModeState{ what=131143 when=-3ms arg1=1 target=Handler (com.android.internal.util.StateMachine$SmHandler) {41600490} }
D/StateMachine( 1476): processMsg: DriverStartedState
D/WifiStateMachine( 1476): DriverStartedState{ what=131143 when=-3ms arg1=1 target=Handler (com.android.internal.util.StateMachine$SmHandler) {41600490} }
D/WifiNative-wlan0( 1476): doBoolean: DRIVER SCAN-ACTIVE
D/WifiCommon( 1476): [wlan0] SET "DRIVER SCAN-ACTIVE"
D/wpa_supplicant( 3563): RX ctrl_iface - hexdump(len=18): 44 52 49 56 45 52 20 53 43 41 4e 2d 41 43 54 49 56 45
D/wpa_supplicant( 3563): wlan0: Control interface command 'DRIVER SCAN-ACTIVE'
D/wpa_supplicant( 3563): wpa_driver_nl80211_driver_cmd SCAN-ACTIVE
D/WifiCommon( 1476): [wlan0]SET "DRIVER SCAN-ACTIVE" Failed
D/WifiNative-wlan0( 1476): doBoolean: SCAN
D/WifiCommon( 1476): [wlan0] SET "SCAN"
D/wpa_supplicant( 3563): RX ctrl_iface - hexdump(len=4): 53 43 41 4e
D/wpa_supplicant( 3563): wlan0: Control interface command 'SCAN'
D/wpa_supplicant( 3563): Ongoing scan action - reject new request
D/WifiCommon( 1476): [wlan0]SET "SCAN" Failed
D/WifiNative-wlan0( 1476): doBoolean: DRIVER SCAN-PASSIVE
D/WifiCommon( 1476): [wlan0] SET "DRIVER SCAN-PASSIVE"
D/wpa_supplicant( 3563): RX ctrl_iface - hexdump(len=19): 44 52 49 56 45 52 20 53 43 41 4e 2d 50 41 53 53 49 56 45
D/wpa_supplicant( 3563): wlan0: Control interface command 'DRIVER SCAN-PASSIVE'
D/wpa_supplicant( 3563): wpa_driver_nl80211_driver_cmd SCAN-PASSIVE
D/WifiCommon( 1476): [wlan0]SET "DRIVER SCAN-PASSIVE" Failed
D/StateMachine( 1476): handleMessage: X
D/IPCThreadState( 1476): [DN #5] BR_CLEAR_DEATH_NOTIFICATION_DONE cookie 0x55faa8b8
D/IPCThreadState( 1476): [DN #5] BR_CLEAR_DEATH_NOTIFICATION_DONE cookie 0x5c578d90
D/IPCThreadState( 1476): [DN #5] BR_CLEAR_DEATH_NOTIFICATION_DONE cookie 0x57a06f00
D/IPCThreadState( 1476): [DN #5] BR_CLEAR_DEATH_NOTIFICATION_DONE cookie 0x5c705140
D/IPCThreadState( 1476): [DN #5] BR_CLEAR_DEATH_NOTIFICATION_DONE cookie 0x561dc540
D/IPCThreadState( 1476): [DN #5] BR_CLEAR_DEATH_NOTIFICATION_DONE cookie 0x5916cec8
D/IPCThreadState( 1476): [DN #5] BR_CLEAR_DEATH_NOTIFICATION_DONE cookie 0x5d134040
D/IPCThreadState( 1476): [DN #5] BR_CLEAR_DEATH_NOTIFICATION_DONE cookie 0x5a8cd878
D/IPCThreadState( 1476): [DN #5] BR_CLEAR_DEATH_NOTIFICATION_DONE cookie 0x5c6ff890
D/IPCThreadState( 1476): [DN #5] BR_CLEAR_DEATH_NOTIFICATION_DONE cookie 0x591622e0
I/BufferQueue( 106): [com.android.settings/com.android.settings.SubSettings](this:0x419dc098,api:1) new GraphicBuffer needed
D/BufferQueue( 106): [OLD] gb:NULL
I/GraphicBuffer( 106): allocate buffer (w:480 h:800 f:5) err(0)
I/SurfaceTexture( 106): [com.android.settings/com.android.settings.SubSettings](this:0x419c7668,api:1) [void* android::SurfaceTexture::createImage(EGLDisplay, const android::sp&)]
D/SurfaceTexture( 106): GraphicBuffer: gb=0x419d7258 handle=0x419d8f40
D/SurfaceTexture( 106): EGLImage: dpy=0x1, img=0x419c4d00
I/BufferQueue( 106): [NEW] gb=0x419d85a8, handle=0x419d3350, w=480, h=800, s=480, fmt=5
D/KeyguardUpdateMonitor( 1476): sendKeyguardVisibilityChanged(true)
D/KeyguardUpdateMonitor( 1476): handleKeyguardVisibilityChanged(1)
D/KeyguardViewMediator( 1476): handleMessage enter msg name=SET_HIDDEN
D/KeyguardViewMediator( 1476): handleMessage exit msg name=SET_HIDDEN
D/KeyguardUpdateMonitor( 1476): sendKeyguardVisibilityChanged(true)
D/KeyguardUpdateMonitor( 1476): handleKeyguardVisibilityChanged(1)
D/KeyguardViewMediator( 1476): handleMessage enter msg name=SET_HIDDEN
D/KeyguardViewMediator( 1476): handleMessage exit msg name=SET_HIDDEN
V/InputMethodManager( 2750): onWindowFocus: android.widget.ListView{415f5708 VFED.VCL .F....I. 0,0-480,641 #102000a android:id/list} softInputMode=272 first=true flags=#1810100
V/InputMethodManager( 2750): START INPUT: android.widget.ListView{415f5708 VFED.VCL .F....I. 0,0-480,641 #102000a android:id/list} ic=null tba=android.view.inputmethod.EditorInfo@416c36e8 controlFlags=#105
V/InputMethodManagerService( 1476): windowGainedFocus: android.os.BinderProxy@41a81af8 controlFlags=#105 softInputMode=#110 windowFlags=#1810100
I/ActivityManager( 1476): [AppLaunch] Displayed Displayed com.android.settings/.SubSettings: +582ms
D/ActivityManager( 1476): AP_PROF:AppLaunch_LaunchTime:com.android.settings/.SubSettings:582:306634
D/KeyguardUpdateMonitor( 1476): sendKeyguardVisibilityChanged(true)
D/KeyguardUpdateMonitor( 1476): handleKeyguardVisibilityChanged(1)
D/KeyguardViewMediator( 1476): handleMessage enter msg name=SET_HIDDEN
D/KeyguardViewMediator( 1476): handleMessage exit msg name=SET_HIDDEN
V/InputMethodManager( 2750): Starting input: Bind result=InputBindResult{com.android.internal.view.IInputMethodSession$Stub$Proxy@416c40c0 com.android.inputmethod.latin/.LatinIME #8}
D/DefaultWifiExt( 2750): getApOrder(),return 0
D/DefaultWifiExt( 2750): getApOrder(),return 0
D/DefaultWifiExt( 2750): getApOrder(),return 0
D/DefaultWifiExt( 2750): getApOrder(),return 0
D/DefaultWifiExt( 2750): getApOrder(),return 0
D/DefaultWifiExt( 2750): getApOrder(),return 0
D/DefaultWifiExt( 2750): getApOrder(),return 0
V/ActivityManager( 1476): getTasks: max=1, flags=0, receiver=null
V/ActivityManager( 1476): com.android.settings/.SubSettings: task=TaskRecord{41961c40 #3 A com.android.settings U 0}
V/ActivityManager( 1476): com.android.settings/.Settings: task=TaskRecord{41961c40 #3 A com.android.settings U 0}
V/ActivityManager( 1476): We have pending thumbnails: null
D/dalvikvm( 1476): GC_EXPLICIT freed 461K (6199), 25% free 13139K/17516K, paused 4ms+12ms, total 159ms
D/dalvikvm( 2750): GC_CONCURRENT freed 650K (8254), 14% free 6888K/7944K, paused 5ms+18ms, total 69ms
D/IPCThreadState( 1476): [DN #5] BR_CLEAR_DEATH_NOTIFICATION_DONE cookie 0x5c7058d0
D/IPCThreadState( 1476): [DN #5] BR_CLEAR_DEATH_NOTIFICATION_DONE cookie 0x5c59add0
D/IPCThreadState( 1476): [DN #5] BR_CLEAR_DEATH_NOTIFICATION_DONE cookie 0x5a67fb68
D/IPCThreadState( 1476): [DN #5] BR_CLEAR_DEATH_NOTIFICATION_DONE cookie 0x59222c58
D/IPCThreadState( 1476): [DN #5] BR_CLEAR_DEATH_NOTIFICATION_DONE cookie 0x59165f60
D/IPCThreadState( 1476): [DN #5] BR_CLEAR_DEATH_NOTIFICATION_DONE cookie 0x5ca8fb48
D/IPCThreadState( 1476): [DN #5] BR_CLEAR_DEATH_NOTIFICATION_DONE cookie 0x59a992f0
D/IPCThreadState( 1476): [DN #5] BR_CLEAR_DEATH_NOTIFICATION_DONE cookie 0x561e8be8
D/IPCThreadState( 1476): [DN #5] BR_CLEAR_DEATH_NOTIFICATION_DONE cookie 0x5c6f9028
I/BufferQueue( 106): [com.android.settings/com.android.settings.SubSettings](this:0x419dc098,api:1) new GraphicBuffer needed
D/BufferQueue( 106): [OLD] gb:NULL
D/IPCThreadState( 1476): [DN #5] BR_CLEAR_DEATH_NOTIFICATION_DONE cookie 0x59b898a0
D/IPCThreadState( 1476): [DN #5] BR_CLEAR_DEATH_NOTIFICATION_DONE cookie 0x5c706768
I/GraphicBuffer( 106): allocate buffer (w:480 h:800 f:5) err(0)
I/SurfaceTexture( 106): [com.android.settings/com.android.settings.SubSettings](this:0x419c7668,api:1) [void* android::SurfaceTexture::createImage(EGLDisplay, const android::sp&)]
D/SurfaceTexture( 106): GraphicBuffer: gb=0x419d85a8 handle=0x419d3350
D/SurfaceTexture( 106): EGLImage: dpy=0x1, img=0x419d9c00
I/BufferQueue( 106): [NEW] gb=0x419c7b10, handle=0x419d5940, w=480, h=800, s=480, fmt=5
D/IPCThreadState( 1476): [DN #5] BR_CLEAR_DEATH_NOTIFICATION_DONE cookie 0x5c27de10
D/OpenGLRenderer( 2750): Flushing caches (mode 0)
D/BufferQueue( 106): [com.android.settings/com.android.settings.Settings](this:0x419d19e0,api:1) cancelBuffer: slot=1
I/BufferQueue( 106): [com.android.settings/com.android.settings.Settings](this:0x419d19e0,api:1) disconnect: api=1
I/SurfaceTexture( 106): [com.android.settings/com.android.settings.Settings] [virtual android::status_t android::SurfaceTexture::forceAuxConversionLocked()] mCurrentTexture:0, mCurrentBuf:0x419d90c8
I/BufferQueue( 106): [com.android.settings/com.android.settings.Settings](this:0x419d19e0,api:0) getReleasedBuffers: returning mask 0xffffffff
I/SurfaceTexture( 106): [com.android.settings/com.android.settings.Settings](this:0x419d9300,api:0) destroying EGLImage dpy=0x1 img=0x419db440
I/SurfaceTexture( 106): [com.android.settings/com.android.settings.Settings](this:0x419d9300,api:0) destroying EGLImage dpy=0x1 img=0x419d36a8
I/SurfaceTexture( 106): [com.android.settings/com.android.settings.Settings](this:0x419d9300,api:0) destroying EGLImage dpy=0x1 img=0x415bfcf8
D/KeyguardUpdateMonitor( 1476): sendKeyguardVisibilityChanged(true)
D/KeyguardUpdateMonitor( 1476): handleKeyguardVisibilityChanged(1)
D/KeyguardViewMediator( 1476): handleMessage enter msg name=SET_HIDDEN
D/KeyguardViewMediator( 1476): handleMessage exit msg name=SET_HIDDEN
V/ActivityManager( 1476): Activity idle: Token{41704908 ActivityRecord{419adc00 u0 com.android.settings/.SubSettings}}
I/libPerfService( 1476): 1: set: 1
E/ ( 1476): Could not open '/sys/devices/system/cpu/cpufreq/hotplug/cpu_num_base'
D/PowerManagerService( 1476): releaseWakeLockInternal: lock=1096001096, flags=0x0
D/PowerManagerService( 1476): updateWakeLockSummaryLocked: mWakefulness=Awake, mWakeLockSummary=0x1
D/PowerManagerService( 1476): newScreenState = 2
D/PowerManagerDisplayController( 1476): requestPowerState: screenState=2, useProximitySensor=false, screenBrightness=204, screenAutoBrightnessAdjustment=0.0, useAutoBrightness=false, useEcoBrightness=false, blockScreenOn=false, waitForNegativeProximity=false
I/PowerManagerService( 1476): setBrightness mButtonLight, screenBrightness=204
D/PowerManagerService( 1476): updateScreenStateLocked: mDisplayReady=true, newScreenState=2, mWakefulness=1, mWakeLockSummary=0x1, mUserActivitySummary=0x5, mBootCompleted=true
D/PowerManagerService( 1476): handleSandman: canDream=true, mWakefulness=Awake
V/ActivityManager( 1476): Stopping ActivityRecord{41746fb8 u0 com.android.settings/.Settings}: nowVisible=false waitingVisible=true finishing=false
D/IPCThreadState( 1476): [DN #5] BR_CLEAR_DEATH_NOTIFICATION_DONE cookie 0x53426b00
D/IPCThreadState( 1476): [DN #5] BR_CLEAR_DEATH_NOTIFICATION_DONE cookie 0x5d029088
D/IPCThreadState( 1476): [DN #5] BR_CLEAR_DEATH_NOTIFICATION_DONE cookie 0x5ca24748
D/IPCThreadState( 1476): [DN #5] BR_CLEAR_DEATH_NOTIFICATION_DONE cookie 0x5c63ab28
D/IPCThreadState( 1476): [DN #5] BR_CLEAR_DEATH_NOTIFICATION_DONE cookie 0x5c6f6b20
D/IPCThreadState( 1476): [DN #5] BR_CLEAR_DEATH_NOTIFICATION_DONE cookie 0x59c16e90
D/ActivityManager( 1476): ACT-IDLE_NOW_MSG from windowsVisible() for idle: ActivityRecord{419adc00 u0 com.android.settings/.SubSettings}
V/ActivityManager( 1476): Activity idle: null
V/ActivityManager( 1476): Stopping ActivityRecord{41746fb8 u0 com.android.settings/.Settings}: nowVisible=true waitingVisible=false finishing=false
D/KeyguardUpdateMonitor( 1476): sendKeyguardVisibilityChanged(true)
V/ActivityManager( 1476): Ready to stop: ActivityRecord{41746fb8 u0 com.android.settings/.Settings}
D/KeyguardUpdateMonitor( 1476): handleKeyguardVisibilityChanged(1)
D/KeyguardViewMediator( 1476): handleMessage enter msg name=SET_HIDDEN
D/KeyguardViewMediator( 1476): handleMessage exit msg name=SET_HIDDEN
D/KeyguardUpdateMonitor( 1476): sendKeyguardVisibilityChanged(true)
D/KeyguardUpdateMonitor( 1476): handleKeyguardVisibilityChanged(1)
D/KeyguardViewMediator( 1476): handleMessage enter msg name=SET_HIDDEN
D/KeyguardViewMediator( 1476): handleMessage exit msg name=SET_HIDDEN
D/IPCThreadState( 1476): [DN #5] BR_CLEAR_DEATH_NOTIFICATION_DONE cookie 0x59e63bb8
D/IPCThreadState( 1476): [DN #5] BR_CLEAR_DEATH_NOTIFICATION_DONE cookie 0x5d135f98
I/BufferQueue( 106): [com.android.settings/com.android.settings.Settings](this:0x419d19e0,api:0) consumerDisconnect
I/BufferQueue( 106): [com.android.settings/com.android.settings.Settings](this:0x419d19e0,api:0) ~BufferQueue
D/IPCThreadState( 1476): [DN #5] BR_CLEAR_DEATH_NOTIFICATION_DONE cookie 0x5c70aa80
D/KeyguardUpdateMonitor( 1476): sendKeyguardVisibilityChanged(true)
D/KeyguardUpdateMonitor( 1476): handleKeyguardVisibilityChanged(1)
D/KeyguardViewMediator( 1476): handleMessage enter msg name=SET_HIDDEN
D/KeyguardViewMediator( 1476): handleMessage exit msg name=SET_HIDDEN
V/ActivityManager( 1476): Activity stopped: token=Token{41c231b0 ActivityRecord{41746fb8 u0 com.android.settings/.Settings}}
D/IPCThreadState( 1476): [DN #5] BR_CLEAR_DEATH_NOTIFICATION_DONE cookie 0x592253f8
D/IPCThreadState( 1476): [DN #5] BR_CLEAR_DEATH_NOTIFICATION_DONE cookie 0x5bd447d0
D/IPCThreadState( 1476): [DN #5] BR_CLEAR_DEATH_NOTIFICATION_DONE cookie 0x5a8cdb90
D/IPCThreadState( 1476): [DN #5] BR_CLEAR_DEATH_NOTIFICATION_DONE cookie 0x579e7f98
D/IPCThreadState( 1476): [DN #5] BR_CLEAR_DEATH_NOTIFICATION_DONE cookie 0x5a610f20
D/IPCThreadState( 1476): [DN #5] BR_CLEAR_DEATH_NOTIFICATION_DONE cookie 0x54a1ac70
D/IPCThreadState( 1476): [DN #5] BR_CLEAR_DEATH_NOTIFICATION_DONE cookie 0x5c74cd90
D/IPCThreadState( 1476): [DN #5] BR_CLEAR_DEATH_NOTIFICATION_DONE cookie 0x5a610ec0
D/IPCThreadState( 1476): [DN #5] BR_CLEAR_DEATH_NOTIFICATION_DONE cookie 0x5c7221d0
D/IPCThreadState( 1476): [DN #5] BR_CLEAR_DEATH_NOTIFICATION_DONE cookie 0x5d02ced0
D/IPCThreadState( 1476): [DN #5] BR_CLEAR_DEATH_NOTIFICATION_DONE cookie 0x54a0c8c8
D/IPCThreadState( 1476): [DN #5] BR_CLEAR_DEATH_NOTIFICATION_DONE cookie 0x5c516a00
D/IPCThreadState( 1476): [DN #5] BR_CLEAR_DEATH_NOTIFICATION_DONE cookie 0x5cb67170
D/IPCThreadState( 1476): [DN #5] BR_CLEAR_DEATH_NOTIFICATION_DONE cookie 0x54a774d0
D/IPCThreadState( 1476): [DN #5] BR_CLEAR_DEATH_NOTIFICATION_DONE cookie 0x5c643820
D/IPCThreadState( 1476): [DN #5] BR_CLEAR_DEATH_NOTIFICATION_DONE cookie 0x5c517d58
D/IPCThreadState( 1476): [DN #5] BR_CLEAR_DEATH_NOTIFICATION_DONE cookie 0x59e6fb78
D/IPCThreadState( 1476): [DN #5] BR_CLEAR_DEATH_NOTIFICATION_DONE cookie 0x5c700f00
D/IPCThreadState( 1476): [DN #5] BR_CLEAR_DEATH_NOTIFICATION_DONE cookie 0x5a5dac08
D/IPCThreadState( 1476): [DN #5] BR_CLEAR_DEATH_NOTIFICATION_DONE cookie 0x55faa000
D/IPCThreadState( 1476): [DN #5] BR_CLEAR_DEATH_NOTIFICATION_DONE cookie 0x5bd43f00
D/IPCThreadState( 1476): [DN #5] BR_CLEAR_DEATH_NOTIFICATION_DONE cookie 0x59b864b0
D/IPCThreadState( 1476): [DN #5] BR_CLEAR_DEATH_NOTIFICATION_DONE cookie 0x5600b0e8
D/IPCThreadState( 1476): [DN #5] BR_CLEAR_DEATH_NOTIFICATION_DONE cookie 0x579fe970
D/IPCThreadState( 1476): [DN #5] BR_CLEAR_DEATH_NOTIFICATION_DONE cookie 0x5c636a00
D/IPCThreadState( 1476): [DN #5] BR_CLEAR_DEATH_NOTIFICATION_DONE cookie 0x59163290
D/IPCThreadState( 1476): [DN #5] BR_CLEAR_DEATH_NOTIFICATION_DONE cookie 0x52f6a318
D/IPCThreadState( 1476): [DN #5] BR_CLEAR_DEATH_NOTIFICATION_DONE cookie 0x40ece768
D/IPCThreadState( 1476): [DN #5] BR_CLEAR_DEATH_NOTIFICATION_DONE cookie 0x5c707748
D/IPCThreadState( 1476): [DN #5] BR_CLEAR_DEATH_NOTIFICATION_DONE cookie 0x59165478
D/IPCThreadState( 1476): [DN #5] BR_CLEAR_DEATH_NOTIFICATION_DONE cookie 0x5c703d50
D/IPCThreadState( 1476): [DN #5] BR_CLEAR_DEATH_NOTIFICATION_DONE cookie 0x5916cac0
D/IPCThreadState( 1476): [DN #5] BR_CLEAR_DEATH_NOTIFICATION_DONE cookie 0x561e26b8
D/IPCThreadState( 1476): [DN #5] BR_CLEAR_DEATH_NOTIFICATION_DONE cookie 0x59b8a2f0
D/IPCThreadState( 1476): [DN #5] BR_CLEAR_DEATH_NOTIFICATION_DONE cookie 0x57a07498
D/IPCThreadState( 1476): [DN #5] BR_CLEAR_DEATH_NOTIFICATION_DONE cookie 0x5c705068
D/IPCThreadState( 1476): [DN #5] BR_CLEAR_DEATH_NOTIFICATION_DONE cookie 0x59166000
D/IPCThreadState( 1476): [DN #5] BR_CLEAR_DEATH_NOTIFICATION_DONE cookie 0x5b06ec38
D/IPCThreadState( 1476): [DN #5] BR_CLEAR_DEATH_NOTIFICATION_DONE cookie 0x54a0cb88
I/SurfaceTextureClient( 1730): [STC::queueBuffer] (this:0x55df9fe8) fps:2.67, dur:1500.30, max:999.03, min:12.50
I/BufferQueue( 106): [StatusBar](this:0x419c99c8,api:1) [queue] fps:2.67, dur:1500.39, max:998.97, min:11.33
D/IPCThreadState( 1476): [DN #5] BR_CLEAR_DEATH_NOTIFICATION_DONE cookie 0x591db448
D/IPCThreadState( 1476): [DN #5] BR_CLEAR_DEATH_NOTIFICATION_DONE cookie 0x5c59ad68
D/IPCThreadState( 1476): [DN #5] BR_CLEAR_DEATH_NOTIFICATION_DONE cookie 0x5c2513c0
D/IPCThreadState( 1476): [DN #5] BR_CLEAR_DEATH_NOTIFICATION_DONE cookie 0x5a8cd5f8
D/IPCThreadState( 1476): [DN #5] BR_CLEAR_DEATH_NOTIFICATION_DONE cookie 0x5c705d48
D/IPCThreadState( 1476): [DN #5] BR_CLEAR_DEATH_NOTIFICATION_DONE cookie 0x5915a6a8
D/IPCThreadState( 1476): [DN #5] BR_CLEAR_DEATH_NOTIFICATION_DONE cookie 0x5916a608
D/IPCThreadState( 1476): [DN #5] BR_CLEAR_DEATH_NOTIFICATION_DONE cookie 0x55d51f70
D/IPCThreadState( 1476): [DN #5] BR_CLEAR_DEATH_NOTIFICATION_DONE cookie 0x5cfd0718
D/IPCThreadState( 1476): [DN #5] BR_CLEAR_DEATH_NOTIFICATION_DONE cookie 0x59e83aa0
D/IPCThreadState( 1476): [DN #5] BR_CLEAR_DEATH_NOTIFICATION_DONE cookie 0x59161a58
D/IPCThreadState( 1476): [DN #5] BR_CLEAR_DEATH_NOTIFICATION_DONE cookie 0x5c251200
D/IPCThreadState( 1476): [DN #5] BR_CLEAR_DEATH_NOTIFICATION_DONE cookie 0x5c516e60
D/IPCThreadState( 1476): [DN #5] BR_CLEAR_DEATH_NOTIFICATION_DONE cookie 0x591622e0
D/IPCThreadState( 1476): [DN #5] BR_CLEAR_DEATH_NOTIFICATION_DONE cookie 0x59162320
D/IPCThreadState( 1476): [DN #5] BR_CLEAR_DEATH_NOTIFICATION_DONE cookie 0x5c720100
D/IPCThreadState( 1476): [DN #5] BR_CLEAR_DEATH_NOTIFICATION_DONE cookie 0x5c720140
D/IPCThreadState( 1476): [DN #5] BR_CLEAR_DEATH_NOTIFICATION_DONE cookie 0x5ca24590
D/IPCThreadState( 1476): [DN #5] BR_CLEAR_DEATH_NOTIFICATION_DONE cookie 0x5ca245d0
D/IPCThreadState( 1476): [DN #5] BR_CLEAR_DEATH_NOTIFICATION_DONE cookie 0x591cf2d0
D/IPCThreadState( 1476): [DN #5] BR_CLEAR_DEATH_NOTIFICATION_DONE cookie 0x5cb67d38
D/IPCThreadState( 1476): [DN #5] BR_CLEAR_DEATH_NOTIFICATION_DONE cookie 0x5cb67d90
I/SurfaceTexture( 106): [com.android.settings/com.android.settings.SubSettings](this:0x419c7668,api:1) [void* android::SurfaceTexture::createImage(EGLDisplay, const android::sp&)]
D/SurfaceTexture( 106): GraphicBuffer: gb=0x419c7b10 handle=0x419d5940
D/SurfaceTexture( 106): EGLImage: dpy=0x1, img=0x419d7a38
I/SurfaceTextureClient( 106): [STC::queueBuffer] (this:0x41574710) fps:21.18, dur:1133.21, max:315.14, min:3.88
I/BufferQueue( 106): [FramebufferSurface](this:0x41573c08,api:1) [release] fps:21.18, dur:1133.22, max:315.13, min:3.87
I/BufferQueue( 106): [FramebufferSurface](this:0x41573c08,api:1) [queue] fps:21.18, dur:1133.21, max:315.11, min:3.87
I/SurfaceFlinger( 106): [SurfaceFlinger] fps:21.178852,dur:1133.21,max:315.10,min:3.87
D/IPCThreadState( 1476): [DN #5] BR_CLEAR_DEATH_NOTIFICATION_DONE cookie 0x591cf998
D/IPCThreadState( 1476): [DN #5] BR_CLEAR_DEATH_NOTIFICATION_DONE cookie 0x591cf9f0
D/dalvikvm( 1805): GC_EXPLICIT freed 515K (10590), 23% free 6082K/7848K, paused 2ms+5ms, total 34ms
D/IPCThreadState( 1476): [DN #5] BR_CLEAR_DEATH_NOTIFICATION_DONE cookie 0x59e621f8
D/IPCThreadState( 1476): [DN #5] BR_CLEAR_DEATH_NOTIFICATION_DONE cookie 0x5c70a960
D/IPCThreadState( 1476): [DN #5] BR_CLEAR_DEATH_NOTIFICATION_DONE cookie 0x57a07538
D/IPCThreadState( 1476): [DN #5] BR_CLEAR_DEATH_NOTIFICATION_DONE cookie 0x59162d18
D/IPCThreadState( 1476): [DN #5] BR_CLEAR_DEATH_NOTIFICATION_DONE cookie 0x5c634580
D/IPCThreadState( 1476): [DN #5] BR_CLEAR_DEATH_NOTIFICATION_DONE cookie 0x5a69d778
D/IPCThreadState( 1476): [DN #5] BR_CLEAR_DEATH_NOTIFICATION_DONE cookie 0x561d7dc8
D/IPCThreadState( 1476): [DN #5] BR_CLEAR_DEATH_NOTIFICATION_DONE cookie 0x57a06f00
D/IPCThreadState( 1476): [DN #5] BR_CLEAR_DEATH_NOTIFICATION_DONE cookie 0x55faa8b8
I/SurfaceTextureClient( 2750): [STC::queueBuffer] (this:0x56e46bc0) fps:13.84, dur:1011.81, max:564.61, min:13.16
I/BufferQueue( 106): [com.android.settings/com.android.settings.SubSettings](this:0x419dc098,api:1) [queue] fps:13.83, dur:1011.96, max:564.63, min:12.94
D/IPCThreadState( 1476): [DN #5] BR_CLEAR_DEATH_NOTIFICATION_DONE cookie 0x5c700288
D/IPCThreadState( 1476): [DN #5] BR_CLEAR_DEATH_NOTIFICATION_DONE cookie 0x5c705140
D/IPCThreadState( 1476): [DN #5] BR_CLEAR_DEATH_NOTIFICATION_DONE cookie 0x5916cec8
D/IPCThreadState( 1476): [DN #5] BR_CLEAR_DEATH_NOTIFICATION_DONE cookie 0x5cb67970
D/IPCThreadState( 1476): [DN #5] BR_CLEAR_DEATH_NOTIFICATION_DONE cookie 0x5a8cd878
D/IPCThreadState( 1476): [DN #5] BR_CLEAR_DEATH_NOTIFICATION_DONE cookie 0x5d134040
D/IPCThreadState( 1476): [DN #5] BR_CLEAR_DEATH_NOTIFICATION_DONE cookie 0x5a680e80
D/IPCThreadState( 1476): [DN #5] BR_CLEAR_DEATH_NOTIFICATION_DONE cookie 0x5c53be10
D/PowerManagerService( 1476): handleUserActivityTimeout
D/PowerManagerService( 1476): updateUserActivitySummaryLocked: mWakefulness=Awake, mUserActivitySummary=0x1, nextTimeout=358874 (in 51109 ms)
D/PowerManagerService( 1476): newScreenState = 2
D/PowerManagerDisplayController( 1476): requestPowerState: screenState=2, useProximitySensor=false, screenBrightness=204, screenAutoBrightnessAdjustment=0.0, useAutoBrightness=false, useEcoBrightness=false, blockScreenOn=false, waitForNegativeProximity=false
D/LightsService( 1476): setLight_native: light=2, colorARGB=0x0, flashMode=0, onMS=0, offMS=0, brightnessMode=0
D/lights ( 1476): write_int open fd=263
I/PowerManagerService( 1476): setBrightness mButtonLight 0.
D/PowerManagerService( 1476): updateScreenStateLocked: mDisplayReady=true, newScreenState=2, mWakefulness=1, mWakeLockSummary=0x1, mUserActivitySummary=0x1, mBootCompleted=true
D/PowerManagerService( 1476): handleSandman: canDream=true, mWakefulness=Awake
D/dalvikvm( 1476): GC_EXPLICIT freed 147K (3799), 25% free 13140K/17516K, paused 4ms+8ms, total 84ms
D/IPCThreadState( 1476): [DN #5] BR_CLEAR_DEATH_NOTIFICATION_DONE cookie 0x5c59bde8
D/IPCThreadState( 1476): [DN #5] BR_CLEAR_DEATH_NOTIFICATION_DONE cookie 0x5a8cdb90
I/BufferQueue( 106): [StatusBar](this:0x419c99c8,api:1) [release] fps:1.33, dur:1499.91, max:999.89, min:500.02
D/IPCThreadState( 1476): [DN #5] BR_CLEAR_DEATH_NOTIFICATION_DONE cookie 0x5bd447d0
D/IPCThreadState( 1476): [DN #5] BR_CLEAR_DEATH_NOTIFICATION_DONE cookie 0x592253f8
D/IPCThreadState( 1476): [DN #5] BR_CLEAR_DEATH_NOTIFICATION_DONE cookie 0x5c70aa80
D/IPCThreadState( 1476): [DN #5] BR_CLEAR_DEATH_NOTIFICATION_DONE cookie 0x5d135f98
D/IPCThreadState( 1476): [DN #5] BR_CLEAR_DEATH_NOTIFICATION_DONE cookie 0x59e63bb8
D/IPCThreadState( 1476): [DN #5] BR_CLEAR_DEATH_NOTIFICATION_DONE cookie 0x59c16e90
D/IPCThreadState( 1476): [DN #5] BR_CLEAR_DEATH_NOTIFICATION_DONE cookie 0x5c6f6b20
D/IPCThreadState( 1476): [DN #5] BR_CLEAR_DEATH_NOTIFICATION_DONE cookie 0x5c63ab28
D/IPCThreadState( 1476): [DN #5] BR_CLEAR_DEATH_NOTIFICATION_DONE cookie 0x5ca24748
D/IPCThreadState( 1476): [DN #5] BR_CLEAR_DEATH_NOTIFICATION_DONE cookie 0x5d029088
D/IPCThreadState( 1476): [DN #5] BR_CLEAR_DEATH_NOTIFICATION_DONE cookie 0x53426b00
D/IPCThreadState( 1476): [DN #5] BR_CLEAR_DEATH_NOTIFICATION_DONE cookie 0x5c27de10
D/IPCThreadState( 1476): [DN #5] BR_CLEAR_DEATH_NOTIFICATION_DONE cookie 0x5c706768
D/IPCThreadState( 1476): [DN #5] BR_CLEAR_DEATH_NOTIFICATION_DONE cookie 0x59b898a0
D/IPCThreadState( 1476): [DN #5] BR_CLEAR_DEATH_NOTIFICATION_DONE cookie 0x5c6f9028
D/IPCThreadState( 1476): [DN #5] BR_CLEAR_DEATH_NOTIFICATION_DONE cookie 0x561e8be8
D/IPCThreadState( 1476): [DN #5] BR_CLEAR_DEATH_NOTIFICATION_DONE cookie 0x59a992f0
D/IPCThreadState( 1476): [DN #5] BR_CLEAR_DEATH_NOTIFICATION_DONE cookie 0x5ca8fb48
D/IPCThreadState( 1476): [DN #5] BR_CLEAR_DEATH_NOTIFICATION_DONE cookie 0x59165f60
D/IPCThreadState( 1476): [DN #5] BR_CLEAR_DEATH_NOTIFICATION_DONE cookie 0x59222c58
D/IPCThreadState( 1476): [DN #5] BR_CLEAR_DEATH_NOTIFICATION_DONE cookie 0x5a67fb68
D/IPCThreadState( 1476): [DN #5] BR_CLEAR_DEATH_NOTIFICATION_DONE cookie 0x5c636a00
D/IPCThreadState( 1476): [DN #5] BR_CLEAR_DEATH_NOTIFICATION_DONE cookie 0x579fe970
D/IPCThreadState( 1476): [DN #5] BR_CLEAR_DEATH_NOTIFICATION_DONE cookie 0x5600b0e8
D/IPCThreadState( 1476): [DN #5] BR_CLEAR_DEATH_NOTIFICATION_DONE cookie 0x59b864b0
D/IPCThreadState( 1476): [DN #5] BR_CLEAR_DEATH_NOTIFICATION_DONE cookie 0x5bd43f00
D/IPCThreadState( 1476): [DN #5] BR_CLEAR_DEATH_NOTIFICATION_DONE cookie 0x55faa000
D/IPCThreadState( 1476): [DN #5] BR_CLEAR_DEATH_NOTIFICATION_DONE cookie 0x5a5dac08
D/IPCThreadState( 1476): [DN #5] BR_CLEAR_DEATH_NOTIFICATION_DONE cookie 0x5c700f00
D/IPCThreadState( 1476): [DN #5] BR_CLEAR_DEATH_NOTIFICATION_DONE cookie 0x59e6fb78
D/IPCThreadState( 1476): [DN #5] BR_CLEAR_DEATH_NOTIFICATION_DONE cookie 0x5c517d58
D/IPCThreadState( 1476): [DN #5] BR_CLEAR_DEATH_NOTIFICATION_DONE cookie 0x5c643820
D/IPCThreadState( 1476): [DN #5] BR_CLEAR_DEATH_NOTIFICATION_DONE cookie 0x54a774d0
D/IPCThreadState( 1476): [DN #5] BR_CLEAR_DEATH_NOTIFICATION_DONE cookie 0x5cb67170
D/IPCThreadState( 1476): [DN #5] BR_CLEAR_DEATH_NOTIFICATION_DONE cookie 0x5c516a00
D/IPCThreadState( 1476): [DN #5] BR_CLEAR_DEATH_NOTIFICATION_DONE cookie 0x54a0c8c8
D/IPCThreadState( 1476): [DN #5] BR_CLEAR_DEATH_NOTIFICATION_DONE cookie 0x5d02ced0
D/IPCThreadState( 1476): [DN #5] BR_CLEAR_DEATH_NOTIFICATION_DONE cookie 0x5c7221d0
D/IPCThreadState( 1476): [DN #5] BR_CLEAR_DEATH_NOTIFICATION_DONE cookie 0x5a610ec0
D/IPCThreadState( 1476): [DN #5] BR_CLEAR_DEATH_NOTIFICATION_DONE cookie 0x5c74cd90
D/IPCThreadState( 1476): [DN #5] BR_CLEAR_DEATH_NOTIFICATION_DONE cookie 0x54a1ac70
D/IPCThreadState( 1476): [DN #5] BR_CLEAR_DEATH_NOTIFICATION_DONE cookie 0x5a610f20
D/IPCThreadState( 1476): [DN #5] BR_CLEAR_DEATH_NOTIFICATION_DONE cookie 0x579e7f98
D/IPCThreadState( 1476): [DN #5] BR_CLEAR_DEATH_NOTIFICATION_DONE cookie 0x54a25ba8
D/IPCThreadState( 1476): [DN #5] BR_CLEAR_DEATH_NOTIFICATION_DONE cookie 0x5c74cf38
D/IPCThreadState( 1476): [DN #5] BR_CLEAR_DEATH_NOTIFICATION_DONE cookie 0x5ca8f238
D/IPCThreadState( 1476): [DN #5] BR_CLEAR_DEATH_NOTIFICATION_DONE cookie 0x59b8a2f0
D/IPCThreadState( 1476): [DN #5] BR_CLEAR_DEATH_NOTIFICATION_DONE cookie 0x561e26b8
D/IPCThreadState( 1476): [DN #5] BR_CLEAR_DEATH_NOTIFICATION_DONE cookie 0x5916cac0
D/IPCThreadState( 1476): [DN #5] BR_CLEAR_DEATH_NOTIFICATION_DONE cookie 0x5c703d50
D/IPCThreadState( 1476): [DN #5] BR_CLEAR_DEATH_NOTIFICATION_DONE cookie 0x59165478
D/IPCThreadState( 1476): [DN #5] BR_CLEAR_DEATH_NOTIFICATION_DONE cookie 0x5c707748
D/IPCThreadState( 1476): [DN #5] BR_CLEAR_DEATH_NOTIFICATION_DONE cookie 0x40ece768
D/IPCThreadState( 1476): [DN #5] BR_CLEAR_DEATH_NOTIFICATION_DONE cookie 0x52f6a318
D/IPCThreadState( 1476): [DN #5] BR_CLEAR_DEATH_NOTIFICATION_DONE cookie 0x59163290
D/IPCThreadState( 1476): [DN #5] BR_CLEAR_DEATH_NOTIFICATION_DONE cookie 0x5c70a960
D/IPCThreadState( 1476): [DN #5] BR_CLEAR_DEATH_NOTIFICATION_DONE cookie 0x5c27a820
D/IPCThreadState( 1476): [DN #5] BR_CLEAR_DEATH_NOTIFICATION_DONE cookie 0x591dac70
D/IPCThreadState( 1476): [DN #5] BR_CLEAR_DEATH_NOTIFICATION_DONE cookie 0x5a5df590
D/IPCThreadState( 1476): [DN #5] BR_CLEAR_DEATH_NOTIFICATION_DONE cookie 0x5c7058d0
D/IPCThreadState( 1476): [DN #5] BR_CLEAR_DEATH_NOTIFICATION_DONE cookie 0x5b06ec38
D/IPCThreadState( 1476): [DN #5] BR_CLEAR_DEATH_NOTIFICATION_DONE cookie 0x591db448
D/IPCThreadState( 1476): [DN #5] BR_CLEAR_DEATH_NOTIFICATION_DONE cookie 0x5cfd0718
D/IPCThreadState( 1476): [DN #5] BR_CLEAR_DEATH_NOTIFICATION_DONE cookie 0x55d51f70
D/IPCThreadState( 1476): [DN #5] BR_CLEAR_DEATH_NOTIFICATION_DONE cookie 0x5916a608
D/IPCThreadState( 1476): [DN #5] BR_CLEAR_DEATH_NOTIFICATION_DONE cookie 0x5915a6a8
D/IPCThreadState( 1476): [DN #5] BR_CLEAR_DEATH_NOTIFICATION_DONE cookie 0x5c705d48
D/IPCThreadState( 1476): [DN #5] BR_CLEAR_DEATH_NOTIFICATION_DONE cookie 0x5a8cd5f8
D/IPCThreadState( 1476): [DN #5] BR_CLEAR_DEATH_NOTIFICATION_DONE cookie 0x5c2513c0
D/IPCThreadState( 1476): [DN #5] BR_CLEAR_DEATH_NOTIFICATION_DONE cookie 0x591cf2d0
D/IPCThreadState( 1476): [DN #5] BR_CLEAR_DEATH_NOTIFICATION_DONE cookie 0x5c516e60
D/IPCThreadState( 1476): [DN #5] BR_CLEAR_DEATH_NOTIFICATION_DONE cookie 0x5c63cb60
D/IPCThreadState( 1476): [DN #5] BR_CLEAR_DEATH_NOTIFICATION_DONE cookie 0x5ca24590
D/IPCThreadState( 1476): [DN #5] BR_CLEAR_DEATH_NOTIFICATION_DONE cookie 0x5c720100
D/IPCThreadState( 1476): [DN #5] BR_CLEAR_DEATH_NOTIFICATION_DONE cookie 0x59e83aa0
D/IPCThreadState( 1476): [DN #5] BR_CLEAR_DEATH_NOTIFICATION_DONE cookie 0x53426d38
D/IPCThreadState( 1476): [DN #5] BR_CLEAR_DEATH_NOTIFICATION_DONE cookie 0x5c640ee0
D/IPCThreadState( 1476): [DN #5] BR_CLEAR_DEATH_NOTIFICATION_DONE cookie 0x5a69d778
D/IPCThreadState( 1476): [DN #5] BR_CLEAR_DEATH_NOTIFICATION_DONE cookie 0x5a69d7d0
D/IPCThreadState( 1476): [DN #5] BR_CLEAR_DEATH_NOTIFICATION_DONE cookie 0x5be5b798
D/IPCThreadState( 1476): [DN #5] BR_CLEAR_DEATH_NOTIFICATION_DONE cookie 0x53426bc8
D/IPCThreadState( 1476): [DN #5] BR_CLEAR_DEATH_NOTIFICATION_DONE cookie 0x5ca8e1c0
D/IPCThreadState( 1476): [DN #5] BR_CLEAR_DEATH_NOTIFICATION_DONE cookie 0x5ca8e218
D/IPCThreadState( 1476): [DN #5] BR_CLEAR_DEATH_NOTIFICATION_DONE cookie 0x5cfd0ee8
D/IPCThreadState( 1476): [DN #5] BR_CLEAR_DEATH_NOTIFICATION_DONE cookie 0x5c578d90
D/IPCThreadState( 1476): [DN #5] BR_CLEAR_DEATH_NOTIFICATION_DONE cookie 0x5cb652f0
D/IPCThreadState( 1476): [DN #5] BR_CLEAR_DEATH_NOTIFICATION_DONE cookie 0x5c578de8
D/IPCThreadState( 1476): [DN #5] BR_CLEAR_DEATH_NOTIFICATION_DONE cookie 0x5c634580
D/IPCThreadState( 1476): [DN #5] BR_CLEAR_DEATH_NOTIFICATION_DONE cookie 0x59162d18
D/IPCThreadState( 1476): [DN #5] BR_CLEAR_DEATH_NOTIFICATION_DONE cookie 0x5c63cda8
D/IPCThreadState( 1476): [DN #5] BR_CLEAR_DEATH_NOTIFICATION_DONE cookie 0x5cb65288
D/IPCThreadState( 1476): [DN #5] BR_CLEAR_DEATH_NOTIFICATION_DONE cookie 0x55faa8b8
D/IPCThreadState( 1476): [DN #5] BR_CLEAR_DEATH_NOTIFICATION_DONE cookie 0x57a06f00
D/IPCThreadState( 1476): [DN #5] BR_CLEAR_DEATH_NOTIFICATION_DONE cookie 0x561d7dc8
D/IPCThreadState( 1476): [DN #5] BR_CLEAR_DEATH_NOTIFICATION_DONE cookie 0x5c705140
D/IPCThreadState( 1476): [DN #5] BR_CLEAR_DEATH_NOTIFICATION_DONE cookie 0x561dc540
