D/PowerManagerService( 1476): acquireWakeLockInternal: lock=1100859256, flags=0x1, tag="AWS NW Stats", ws=null, uid=10142, pid=2110
D/PowerManagerService( 1476): updateWakeLockSummaryLocked: mWakefulness=Awake, mWakeLockSummary=0x1
D/PowerManagerService( 1476): newScreenState = 2
D/PowerManagerDisplayController( 1476): requestPowerState: screenState=2, useProximitySensor=false, screenBrightness=204, screenAutoBrightnessAdjustment=0.0, useAutoBrightness=false, useEcoBrightness=false, blockScreenOn=false, waitForNegativeProximity=false
I/PowerManagerService( 1476): setBrightness mButtonLight 0.
D/PowerManagerService( 1476): updateScreenStateLocked: mDisplayReady=true, newScreenState=2, mWakefulness=1, mWakeLockSummary=0x1, mUserActivitySummary=0x1, mBootCompleted=true
D/NetworkControllerGemini( 1730): PhoneStateListener:onDataConnectionStateChanged, sim1 before.
I/BufferQueue( 106): [StatusBar](this:0x419c99c8,api:1) [release] fps:2.52, dur:1584.31, max:584.34, min:83.32
D/PowerManagerService( 1476): handleSandman: canDream=true, mWakefulness=Awake
D/NetworkControllerGemini( 1730): PhoneStateListener:onDataConnectionStateChanged, state=-1 type=10
D/NetworkControllerGemini( 1730): updateDataNetType(0), DataNetType=10.
I/SurfaceTextureClient( 106): [STC::queueBuffer] (this:0x41574710) fps:2.52, dur:1584.48, max:584.56, min:83.33
I/BufferQueue( 106): [FramebufferSurface](this:0x41573c08,api:1) [release] fps:2.52, dur:1584.50, max:584.61, min:83.33
I/BufferQueue( 106): [FramebufferSurface](this:0x41573c08,api:1) [queue] fps:2.52, dur:1584.51, max:584.66, min:83.33
I/SurfaceFlinger( 106): [SurfaceFlinger] fps:2.524425,dur:1584.52,max:584.69,min:83.33
D/NetworkControllerGemini( 1730): updateDataNetType(0), simColorId=0
D/TelephonyManagerEx( 1730): isNetworkRoaming
D/NetworkControllerGemini( 1730): updateDataNetType(0) RoamingresId= 2130837933 simColorId = 0
D/NetworkControllerGemini( 1730): updateDataNetType(0), DataNetType3G=Type_3G tempDataTypeIconId= 2130837914.
D/NetworkControllerGemini( 1730): updateDataIcon(0), SimState=UNKNOWN, DataState=-1, DataActivity=0, tempNetType3G=Type_3G
D/PhoneInterfaceManager( 1818): [PhoneIntfMgr] getCallStateGemini simId: 0
D/PhoneInterfaceManager( 1818): [PhoneIntfMgr] getCallStateGemini simId: 1
D/PowerManagerService( 1476): releaseWakeLockInternal: lock=1101013952, flags=0x0
D/PowerManagerService( 1476): updateWakeLockSummaryLocked: mWakefulness=Awake, mWakeLockSummary=0x1
D/PowerManagerService( 1476): newScreenState = 2
D/PowerManagerDisplayController( 1476): requestPowerState: screenState=2, useProximitySensor=false, screenBrightness=204, screenAutoBrightnessAdjustment=0.0, useAutoBrightness=false, useEcoBrightness=false, blockScreenOn=false, waitForNegativeProximity=false
I/PowerManagerService( 1476): setBrightness mButtonLight 0.
D/PowerManagerService( 1476): updateScreenStateLocked: mDisplayReady=true, newScreenState=2, mWakefulness=1, mWakeLockSummary=0x1, mUserActivitySummary=0x1, mBootCompleted=true
D/IPCThreadState( 1476): [DN #5] BR_CLEAR_DEATH_NOTIFICATION_DONE cookie 0x561e8be8
D/NetworkControllerGemini( 1730): updateDataIcon(0), callState1 is 0, callState2 is 0.
D/PowerManagerService( 1476): handleSandman: canDream=true, mWakefulness=Awake
D/TelephonyManager( 1980): getDefaultSim is sim1
D/TelephonyManager( 1980): getDefaultSim is sim1
D/TelephonyManagerEx( 1730): getNetworkType
D/TelephonyManager( 1980): getDefaultSim is sim1
D/NetworkControllerGemini( 1730): updateDataIcon(0), iconId=0, visible=false
D/NetworkControllerGemini( 1730): refreshViews(0), DataConnected=false simColorId = 0
D/TelephonyManagerEx( 1730): isNetworkRoaming
D/NetworkControllerGemini( 1730): refreshViews(0) RoamingresId= 2130837933 simColorId = 0
D/NetworkControllerGemini( 1730): refreshViews(0), dataTypeIconId=0
D/SignalClusterViewGemini( 1730): setShowSimIndicator(0), showSimIndicator=false simIndicatorResource = 0
D/SignalClusterViewGemini( 1730): setDataConnected(0), dataConnected=false
D/SignalClusterViewGemini( 1730): setDataNetType3G(0), dataNetType=Type_3G
D/SignalClusterViewGemini( 1730): apply : mShowSimIndicator = false mSimIndicatorResource = 0 mShowSimIndicatorGemini = false mSimIndicatorResourceGemini = 0
D/SignalClusterViewGemini( 1730): apply, mMobileVisible=true mMobileActivityId=0 mMobileTypeId=0 mMobileStrengthId[0] = 2130837950 mMobileStrengthId[1] = 0
D/TelephonyManager( 1980): getDefaultSim is sim1
D/SignalClusterViewGemini( 1730): isSimInserted(0), SimInserted=true
D/SignalClusterViewGemini( 1730): mDataNetType =Type_3G resId= 0 simColorId = 0
D/SignalClusterViewGemini( 1730): apply, mMobileVisibleGemini=true mMobileActivityIdGemini=0 mMobileTypeIdGemini=0 mMobileStrengthIdGemini[0] = 2130837960 mMobileStrengthIdGemini[1] = 0
D/TelephonyManager( 2110): getDefaultSim is sim1
D/SignalClusterViewGemini( 1730): isSimInserted(1), SimInserted=false
D/SignalClusterViewGemini( 1730): apply, mMobileVisible=true, mWifiVisible=false, mIsAirplaneMode=false
D/NetworkControllerGemini( 1730): PhoneStateListener:onDataConnectionStateChanged, sim1 after.
V/AppWidgetContext( 1730): package name: org.projectvoodoo.freeornot
V/AppWidgetContext( 1730): context permission not changed
D/ConnectivityService( 1476): getActiveNetworkInfo:null
D/PowerManagerService( 1476): releaseWakeLockInternal: lock=1100859256, flags=0x0
D/PowerManagerService( 1476): updateWakeLockSummaryLocked: mWakefulness=Awake, mWakeLockSummary=0x1
D/PowerManagerService( 1476): newScreenState = 2
D/PowerManagerDisplayController( 1476): requestPowerState: screenState=2, useProximitySensor=false, screenBrightness=204, screenAutoBrightnessAdjustment=0.0, useAutoBrightness=false, useEcoBrightness=false, blockScreenOn=false, waitForNegativeProximity=false
I/PowerManagerService( 1476): setBrightness mButtonLight 0.
D/PowerManagerService( 1476): updateScreenStateLocked: mDisplayReady=true, newScreenState=2, mWakefulness=1, mWakeLockSummary=0x1, mUserActivitySummary=0x1, mBootCompleted=true
D/IPCThreadState( 1476): [DN #5] BR_CLEAR_DEATH_NOTIFICATION_DONE cookie 0x54a23a68
D/GsmCellLocation( 1818): fillInNotifierBundle:Bundle[{type=1, cid=3188525, lac=1052, psc=-1}]
D/PowerManagerService( 1476): handleSandman: canDream=true, mWakefulness=Awake
E/CellLocation( 1980): create GsmCellLocation
D/TelephonyManager( 1980): getDefaultSim is sim1
D/SettingsProvider( 1476): call request for 0
V/SettingsProvider( 1476): call(system:time_12_24) for 0
D/SettingsProvider( 1476): lookupValue table system cache contains Key time_12_24 , value = null
D/SettingsProvider( 1476): lookupValue table system cache.fullyMatchesDisk() time_12_24
V/Provider/Settings( 1730): from db cache, name = time_12_24 , value = null
V/AppWidgetContext( 1730): package name: org.projectvoodoo.freeornot
V/AppWidgetContext( 1730): context permission not changed
D/GsmCellLocation( 1818): fillInNotifierBundle:Bundle[{type=1, cid=3188525, lac=1052, psc=-1}]
D/TelephonyManager( 1980): getDefaultSim is sim1
D/TelephonyManager( 1980): getDefaultSim is sim1
E/CellLocation( 1980): create GsmCellLocation
D/TelephonyManager( 1980): getDefaultSim is sim1
D/TelephonyManager( 1980): getDefaultSim is sim1
V/Provider/Settings( 1730): from settings cache , name = time_12_24 , value = null
D/TelephonyManager( 1980): getDefaultSim is sim1
D/TelephonyManager( 1980): getDefaultSim is sim1
D/PowerManagerService( 1476): acquireWakeLockInternal: lock=1101013952, flags=0x1, tag="RILJ", ws=null, uid=1001, pid=1818
D/PowerManagerService( 1476): updateWakeLockSummaryLocked: mWakefulness=Awake, mWakeLockSummary=0x1
D/PowerManagerService( 1476): newScreenState = 2
D/PowerManagerDisplayController( 1476): requestPowerState: screenState=2, useProximitySensor=false, screenBrightness=204, screenAutoBrightnessAdjustment=0.0, useAutoBrightness=false, useEcoBrightness=false, blockScreenOn=false, waitForNegativeProximity=false
I/PowerManagerService( 1476): setBrightness mButtonLight 0.
D/PowerManagerService( 1476): updateScreenStateLocked: mDisplayReady=true, newScreenState=2, mWakefulness=1, mWakeLockSummary=0x1, mUserActivitySummary=0x1, mBootCompleted=true
D/PowerManagerService( 1476): handleSandman: canDream=true, mWakefulness=Awake
D/PowerManagerService( 1476): acquireWakeLockInternal: lock=1101013952, flags=0x1, tag="RILJ", ws=null, uid=1001, pid=1818
D/PowerManagerService( 1476): updateWakeLockSummaryLocked: mWakefulness=Awake, mWakeLockSummary=0x1
D/PowerManagerService( 1476): newScreenState = 2
D/PowerManagerDisplayController( 1476): requestPowerState: screenState=2, useProximitySensor=false, screenBrightness=204, screenAutoBrightnessAdjustment=0.0, useAutoBrightness=false, useEcoBrightness=false, blockScreenOn=false, waitForNegativeProximity=false
I/PowerManagerService( 1476): setBrightness mButtonLight 0.
D/PowerManagerService( 1476): updateScreenStateLocked: mDisplayReady=true, newScreenState=2, mWakefulness=1, mWakeLockSummary=0x1, mUserActivitySummary=0x1, mBootCompleted=true
D/PowerManagerService( 1476): handleSandman: canDream=true, mWakefulness=Awake
D/PowerManagerService( 1476): releaseWakeLockInternal: lock=1101013952, flags=0x0
D/PowerManagerService( 1476): updateWakeLockSummaryLocked: mWakefulness=Awake, mWakeLockSummary=0x1
D/PowerManagerService( 1476): newScreenState = 2
D/PowerManagerDisplayController( 1476): requestPowerState: screenState=2, useProximitySensor=false, screenBrightness=204, screenAutoBrightnessAdjustment=0.0, useAutoBrightness=false, useEcoBrightness=false, blockScreenOn=false, waitForNegativeProximity=false
I/PowerManagerService( 1476): setBrightness mButtonLight 0.
D/PowerManagerService( 1476): updateScreenStateLocked: mDisplayReady=true, newScreenState=2, mWakefulness=1, mWakeLockSummary=0x1, mUserActivitySummary=0x1, mBootCompleted=true
D/IPCThreadState( 1476): [DN #5] BR_CLEAR_DEATH_NOTIFICATION_DONE cookie 0x561e8be8
D/PowerManagerService( 1476): handleSandman: canDream=true, mWakefulness=Awake
D/TelephonyManager( 1980): getDefaultSim is sim1
D/TelephonyManager( 1980): getDefaultSim is sim1
D/GsmCellLocation( 1818): fillInNotifierBundle:Bundle[{type=1, cid=3188525, lac=1052, psc=-1}]
E/CellLocation( 1980): create GsmCellLocation
D/TelephonyManager( 1980): getDefaultSim is sim1
D/TelephonyManager( 1980): getDefaultSim is sim1
D/IPCThreadState( 1476): [DN #5] BR_CLEAR_DEATH_NOTIFICATION_DONE cookie 0x5d029088
D/IPCThreadState( 1476): [DN #5] BR_CLEAR_DEATH_NOTIFICATION_DONE cookie 0x5bd447d0
D/IPCThreadState( 1476): [DN #5] BR_CLEAR_DEATH_NOTIFICATION_DONE cookie 0x59c16e90
D/ActivityThread( 1476): BDC-Calling onReceive: intent=Intent { act=android.intent.action.ANY_DATA_STATE_MOBILE flg=0x10 (has extras) }, ordered=true, receiver=android.net.MobileDataStateTracker$MobileDataStateReceiver@419e49c8, IIntentReceiver=419e4bb0
D/MobileDataStateTracker( 1476): MobileDataStateReceiver received: ACTION_ANY_DATA_CONNECTION_STATE_CHANGED_MOBILE [default]
D/MobileDataStateTracker( 1476): default: Intent from SIM 0, current SIM 0, current DataState DISCONNECTED
D/MobileDataStateTracker( 1476): default: default setting isAvailable to false
D/MobileDataStateTracker( 1476): default: Received state=DISCONNECTED, old=DISCONNECTED, reason=nwTypeChanged
D/ActivityThread( 1476): BDC-Calling finishReceiver: IIntentReceiver=419e4bb0
D/TelephonyRegistry( 1476): Received ACTION_ANY_DATA_CONNECTION_STATE_CHANGED_MOBILE
W/ContextImpl( 1476): Calling a method in the system process without a qualified user: android.app.ContextImpl.sendStickyBroadcast:1239 com.android.server.TelephonyRegistry$3.onReceive:801 android.app.LoadedApk$ReceiverDispatcher$Args.run:788 android.os.Handler.handleCallback:725 android.os.Handler.dispatchMessage:92
V/ActivityManager( 1476): Broadcast sticky: Intent { act=android.intent.action.ANY_DATA_STATE flg=0x10 (has extras) } ordered=false userid=0
D/QuickSettingsConnectionModel( 1730): onReceive called, action is android.intent.action.ANY_DATA_STATE
D/ExtensionManager( 1818): PhoneGlobalsBroadcastReceiverExtension()
D/QuickSettingsConnectionModel( 1730): isApnType = true , state = DISCONNECTED , mMobileStateTracker.mGprsTargSim = false , mMobileStateTracker.mIsMmsOngoing = false
D/QuickSettingsConnectionModel( 1730): mobileStateToFiveState simSlotId is : 0
D/QuickSettingsConnectionModel( 1730): mobileStateToFiveState state is : DISCONNECTED
D/PhonePluginExtensionContainer( 1818): getPhoneGlobalsBroadcastReceiverExtension()
V/StateTracker( 1730): setCurrentState: newState is 0 D/PhoneGlobalsBroadcastReceiverExtensionContainer( 1818): onReceive(), sub extension list is null, just return
V/Provider/Settings( 1730): from settings cache , name = gprs_connection_sim_setting , value = 0
D/QuickSettingsConnectionModel( 1730): MobileStateTracker.getActualState called, simId is0
I/StateTracker( 1730): com.android.systemui.statusbar.toolbar.QuickSettingsConnectionModel$MobileStateTracker@414f2458setImageViewResources state is 0
V/Provider/Settings( 1730): from settings cache , name = gprs_connection_sim_setting , value = 0
D/PhoneGlobals( 1818): PhoneGlobalsBroadcastReceiver -----action=android.intent.action.ANY_DATA_STATE
D/QuickSettingsConnectionModel( 1730): MobileStateTracker.getActualState called, simId is0
D/QuickSettingsConnectionModel( 1730): mobile mHasSim is true, mIsAirlineMode is false, mIsMmsOngoing is false, mIsUserSwitching is false
V/Provider/Settings( 1730): from settings cache , name = dual_sim_mode_setting , value = 1
D/QuickSettingsConnectionModel( 1730): isAllRadioOff=false
I/StateTracker( 1730): com.android.systemui.statusbar.toolbar.QuickSettingsConnectionModel$MobileStateTracker@414f2458 mIsUserSwitching is false
D/SimSwitchPanelView( 1730): sim state changed
D/PhoneGlobals( 1818): mReceiver: ACTION_ANY_DATA_CONNECTION_STATE_CHANGED state:DISCONNECTED reason:nwTypeChanged
D/SimSwitchPanelView( 1730): mDataConnectionReceiver simId is : 0
D/SimSwitchPanelView( 1730): mDataConnectionReceiver state is : DISCONNECTED
D/SimSwitchPanelView( 1730): mDataConnectionReceiver reason is : nwTypeChanged
D/NotificationMgr( 1818): hideDataDisconnectedRoaming()...
D/IPCThreadState( 1476): [DN #5] BR_CLEAR_DEATH_NOTIFICATION_DONE cookie 0x5916cac0
D/IPCThreadState( 1476): [DN #5] BR_CLEAR_DEATH_NOTIFICATION_DONE cookie 0x5a5dac08
D/IPCThreadState( 1476): [DN #5] BR_CLEAR_DEATH_NOTIFICATION_DONE cookie 0x579e7f98
D/IPCThreadState( 1476): [DN #5] BR_CLEAR_DEATH_NOTIFICATION_DONE cookie 0x5c700f00
D/IPCThreadState( 1476): [DN #5] BR_CLEAR_DEATH_NOTIFICATION_DONE cookie 0x5c643820
D/IPCThreadState( 1476): [DN #5] BR_CLEAR_DEATH_NOTIFICATION_DONE cookie 0x54a774d0
D/IPCThreadState( 1476): [DN #5] BR_CLEAR_DEATH_NOTIFICATION_DONE cookie 0x561e26b8
D/IPCThreadState( 1476): [DN #5] BR_CLEAR_DEATH_NOTIFICATION_DONE cookie 0x5c703d50
D/IPCThreadState( 1476): [DN #5] BR_CLEAR_DEATH_NOTIFICATION_DONE cookie 0x59165478
D/IPCThreadState( 1476): [DN #5] BR_CLEAR_DEATH_NOTIFICATION_DONE cookie 0x40ece768
D/IPCThreadState( 1476): [DN #5] BR_CLEAR_DEATH_NOTIFICATION_DONE cookie 0x5c636a00
D/IPCThreadState( 1476): [DN #5] BR_CLEAR_DEATH_NOTIFICATION_DONE cookie 0x5a610f20
D/IPCThreadState( 1476): [DN #5] BR_CLEAR_DEATH_NOTIFICATION_DONE cookie 0x5d02ced0
D/IPCThreadState( 1476): [DN #5] BR_CLEAR_DEATH_NOTIFICATION_DONE cookie 0x5c7221d0
D/IPCThreadState( 1476): [DN #5] BR_CLEAR_DEATH_NOTIFICATION_DONE cookie 0x5a610ec0
D/IPCThreadState( 1476): [DN #5] BR_CLEAR_DEATH_NOTIFICATION_DONE cookie 0x54a1ac70
D/IPCThreadState( 1476): [DN #5] BR_CLEAR_DEATH_NOTIFICATION_DONE cookie 0x5ca8f238
D/IPCThreadState( 1476): [DN #5] BR_CLEAR_DEATH_NOTIFICATION_DONE cookie 0x5c516a00
D/IPCThreadState( 1476): [DN #5] BR_CLEAR_DEATH_NOTIFICATION_DONE cookie 0x54a0c8c8
D/IPCThreadState( 1476): [DN #5] BR_CLEAR_DEATH_NOTIFICATION_DONE cookie 0x5c517d58
D/IPCThreadState( 1476): [DN #5] BR_CLEAR_DEATH_NOTIFICATION_DONE cookie 0x59e6fb78
D/IPCThreadState( 1476): [DN #5] BR_CLEAR_DEATH_NOTIFICATION_DONE cookie 0x54a25ba8
D/IPCThreadState( 1476): [DN #5] BR_CLEAR_DEATH_NOTIFICATION_DONE cookie 0x5c74cf38
D/IPCThreadState( 1476): [DN #5] BR_CLEAR_DEATH_NOTIFICATION_DONE cookie 0x5bd43f00
D/IPCThreadState( 1476): [DN #5] BR_CLEAR_DEATH_NOTIFICATION_DONE cookie 0x59b8a2f0
D/InputReader( 1476): InputReader::monitor: lock
D/InputReader( 1476): InputReader::monitor: wait
D/InputReader( 1476): InputReader::monitor: unlock
D/InputReader( 1476): InputReader::monitor: done
D/IPCThreadState( 1476): [DN #5] BR_CLEAR_DEATH_NOTIFICATION_DONE cookie 0x5c707748
D/IPCThreadState( 1476): [DN #5] BR_CLEAR_DEATH_NOTIFICATION_DONE cookie 0x52f6a318
D/IPCThreadState( 1476): [DN #5] BR_CLEAR_DEATH_NOTIFICATION_DONE cookie 0x59163290
D/IPCThreadState( 1476): [DN #5] BR_CLEAR_DEATH_NOTIFICATION_DONE cookie 0x5cb67170
D/IPCThreadState( 1476): [DN #5] BR_CLEAR_DEATH_NOTIFICATION_DONE cookie 0x579fe970
D/IPCThreadState( 1476): [DN #5] BR_CLEAR_DEATH_NOTIFICATION_DONE cookie 0x5600b0e8
D/IPCThreadState( 1476): [DN #5] BR_CLEAR_DEATH_NOTIFICATION_DONE cookie 0x59b864b0
D/IPCThreadState( 1476): [DN #5] BR_CLEAR_DEATH_NOTIFICATION_DONE cookie 0x55faa000
D/IPCThreadState( 1476): [DN #5] BR_CLEAR_DEATH_NOTIFICATION_DONE cookie 0x5c74cd90
D/IPCThreadState( 1476): [DN #5] BR_CLEAR_DEATH_NOTIFICATION_DONE cookie 0x54a0cb88
D/IPCThreadState( 1476): [DN #5] BR_CLEAR_DEATH_NOTIFICATION_DONE cookie 0x54a193e0
D/IPCThreadState( 1476): [DN #5] BR_CLEAR_DEATH_NOTIFICATION_DONE cookie 0x59af7970
D/IPCThreadState( 1476): [DN #5] BR_CLEAR_DEATH_NOTIFICATION_DONE cookie 0x59e83768
D/IPCThreadState( 1476): [DN #5] BR_CLEAR_DEATH_NOTIFICATION_DONE cookie 0x5c703e28
D/IPCThreadState( 1476): [DN #5] BR_CLEAR_DEATH_NOTIFICATION_DONE cookie 0x55d51f70
D/IPCThreadState( 1476): [DN #5] BR_CLEAR_DEATH_NOTIFICATION_DONE cookie 0x5c2513c0
D/IPCThreadState( 1476): [DN #5] BR_CLEAR_DEATH_NOTIFICATION_DONE cookie 0x59e83aa0
D/IPCThreadState( 1476): [DN #5] BR_CLEAR_DEATH_NOTIFICATION_DONE cookie 0x5a8cd5f8
D/IPCThreadState( 1476): [DN #5] BR_CLEAR_DEATH_NOTIFICATION_DONE cookie 0x59c0e3a0
D/IPCThreadState( 1476): [DN #5] BR_CLEAR_DEATH_NOTIFICATION_DONE cookie 0x5c705d48
D/IPCThreadState( 1476): [DN #5] BR_CLEAR_DEATH_NOTIFICATION_DONE cookie 0x5c59ad68
D/IPCThreadState( 1476): [DN #5] BR_CLEAR_DEATH_NOTIFICATION_DONE cookie 0x59b3e3f8
D/IPCThreadState( 1476): [DN #5] BR_CLEAR_DEATH_NOTIFICATION_DONE cookie 0x5c516e60
D/IPCThreadState( 1476): [DN #5] BR_CLEAR_DEATH_NOTIFICATION_DONE cookie 0x5c251200
D/IPCThreadState( 1476): [DN #5] BR_CLEAR_DEATH_NOTIFICATION_DONE cookie 0x5c706c80
D/IPCThreadState( 1476): [DN #5] BR_CLEAR_DEATH_NOTIFICATION_DONE cookie 0x5c706cc0
D/IPCThreadState( 1476): [DN #5] BR_CLEAR_DEATH_NOTIFICATION_DONE cookie 0x59c13c78
D/IPCThreadState( 1476): [DN #5] BR_CLEAR_DEATH_NOTIFICATION_DONE cookie 0x59c13cb8
D/IPCThreadState( 1476): [DN #5] BR_CLEAR_DEATH_NOTIFICATION_DONE cookie 0x591cf8d0
D/IPCThreadState( 1476): [DN #5] BR_CLEAR_DEATH_NOTIFICATION_DONE cookie 0x5be5b798
D/IPCThreadState( 1476): [DN #5] BR_CLEAR_DEATH_NOTIFICATION_DONE cookie 0x5be5b7f0
D/IPCThreadState( 1476): [DN #5] BR_CLEAR_DEATH_NOTIFICATION_DONE cookie 0x5d137d98
D/IPCThreadState( 1476): [DN #5] BR_CLEAR_DEATH_NOTIFICATION_DONE cookie 0x5d022248
D/IPCThreadState( 1476): [DN #5] BR_CLEAR_DEATH_NOTIFICATION_DONE cookie 0x5d0222a0
D/IPCThreadState( 1476): [DN #5] BR_CLEAR_DEATH_NOTIFICATION_DONE cookie 0x5ca8e1c0
D/IPCThreadState( 1476): [DN #5] BR_CLEAR_DEATH_NOTIFICATION_DONE cookie 0x591cf910
D/IPCThreadState( 1476): [DN #5] BR_CLEAR_DEATH_NOTIFICATION_DONE cookie 0x5cb652f0
D/IPCThreadState( 1476): [DN #5] BR_CLEAR_DEATH_NOTIFICATION_DONE cookie 0x5c705068
D/IPCThreadState( 1476): [DN #5] BR_CLEAR_DEATH_NOTIFICATION_DONE cookie 0x59162d18
D/IPCThreadState( 1476): [DN #5] BR_CLEAR_DEATH_NOTIFICATION_DONE cookie 0x5c63cda8
D/IPCThreadState( 1476): [DN #5] BR_CLEAR_DEATH_NOTIFICATION_DONE cookie 0x57a06f00
D/IPCThreadState( 1476): [DN #5] BR_CLEAR_DEATH_NOTIFICATION_DONE cookie 0x5cb65288
D/IPCThreadState( 1476): [DN #5] BR_CLEAR_DEATH_NOTIFICATION_DONE cookie 0x561d7dc8
D/IPCThreadState( 1476): [DN #5] BR_CLEAR_DEATH_NOTIFICATION_DONE cookie 0x5c705140
D/IPCThreadState( 1476): [DN #5] BR_CLEAR_DEATH_NOTIFICATION_DONE cookie 0x5916cec8
D/IPCThreadState( 1476): [DN #5] BR_CLEAR_DEATH_NOTIFICATION_DONE cookie 0x561dc540
D/IPCThreadState( 1476): [DN #5] BR_CLEAR_DEATH_NOTIFICATION_DONE cookie 0x5c53be10
D/IPCThreadState( 1476): [DN #5] BR_CLEAR_DEATH_NOTIFICATION_DONE cookie 0x5c707200
D/IPCThreadState( 1476): [DN #5] BR_CLEAR_DEATH_NOTIFICATION_DONE cookie 0x5c7072c8
D/IPCThreadState( 1476): [DN #5] BR_CLEAR_DEATH_NOTIFICATION_DONE cookie 0x59162380
D/dalvikvm( 1476): GC_EXPLICIT freed 328K (6112), 26% free 13130K/17516K, paused 4ms+8ms, total 81ms
D/IPCThreadState( 1476): [DN #5] BR_CLEAR_DEATH_NOTIFICATION_DONE cookie 0x591dac88
D/IPCThreadState( 1476): [DN #5] BR_CLEAR_DEATH_NOTIFICATION_DONE cookie 0x59c16e90
D/IPCThreadState( 1476): [DN #5] BR_CLEAR_DEATH_NOTIFICATION_DONE cookie 0x5bd447d0
D/IPCThreadState( 1476): [DN #5] BR_CLEAR_DEATH_NOTIFICATION_DONE cookie 0x5d029088
D/IPCThreadState( 1476): [DN #5] BR_CLEAR_DEATH_NOTIFICATION_DONE cookie 0x54a23a68
D/IPCThreadState( 1476): [DN #5] BR_CLEAR_DEATH_NOTIFICATION_DONE cookie 0x5c6f9028
D/IPCThreadState( 1476): [DN #5] BR_CLEAR_DEATH_NOTIFICATION_DONE cookie 0x59222c58
D/IPCThreadState( 1476): [DN #5] BR_CLEAR_DEATH_NOTIFICATION_DONE cookie 0x5ca8fb48
D/IPCThreadState( 1476): [DN #5] BR_CLEAR_DEATH_NOTIFICATION_DONE cookie 0x5c63ab28
D/IPCThreadState( 1476): [DN #5] BR_CLEAR_DEATH_NOTIFICATION_DONE cookie 0x53426b00
D/IPCThreadState( 1476): [DN #5] BR_CLEAR_DEATH_NOTIFICATION_DONE cookie 0x561e8be8
D/IPCThreadState( 1476): [DN #5] BR_CLEAR_DEATH_NOTIFICATION_DONE cookie 0x592253f8
D/IPCThreadState( 1476): [DN #5] BR_CLEAR_DEATH_NOTIFICATION_DONE cookie 0x5a8cdb90
D/IPCThreadState( 1476): [DN #5] BR_CLEAR_DEATH_NOTIFICATION_DONE cookie 0x5c70aa80
D/IPCThreadState( 1476): [DN #5] BR_CLEAR_DEATH_NOTIFICATION_DONE cookie 0x59e63bb8
D/IPCThreadState( 1476): [DN #5] BR_CLEAR_DEATH_NOTIFICATION_DONE cookie 0x59a992f0
D/IPCThreadState( 1476): [DN #5] BR_CLEAR_DEATH_NOTIFICATION_DONE cookie 0x59b898a0
D/IPCThreadState( 1476): [DN #5] BR_CLEAR_DEATH_NOTIFICATION_DONE cookie 0x5c706768
D/IPCThreadState( 1476): [DN #5] BR_CLEAR_DEATH_NOTIFICATION_DONE cookie 0x59165f60
D/IPCThreadState( 1476): [DN #5] BR_CLEAR_DEATH_NOTIFICATION_DONE cookie 0x5c27de10
D/IPCThreadState( 1476): [DN #5] BR_CLEAR_DEATH_NOTIFICATION_DONE cookie 0x5a67fb68
D/IPCThreadState( 1476): [DN #5] BR_CLEAR_DEATH_NOTIFICATION_DONE cookie 0x5ca24748
D/IPCThreadState( 1476): [DN #5] BR_CLEAR_DEATH_NOTIFICATION_DONE cookie 0x5c6f6b20
D/IPCThreadState( 1476): [DN #5] BR_CLEAR_DEATH_NOTIFICATION_DONE cookie 0x5d135f98
D/IPCThreadState( 1476): [DN #5] BR_CLEAR_DEATH_NOTIFICATION_DONE cookie 0x5c74cd90
D/IPCThreadState( 1476): [DN #5] BR_CLEAR_DEATH_NOTIFICATION_DONE cookie 0x55faa000
D/IPCThreadState( 1476): [DN #5] BR_CLEAR_DEATH_NOTIFICATION_DONE cookie 0x59b864b0
D/IPCThreadState( 1476): [DN #5] BR_CLEAR_DEATH_NOTIFICATION_DONE cookie 0x5600b0e8
D/IPCThreadState( 1476): [DN #5] BR_CLEAR_DEATH_NOTIFICATION_DONE cookie 0x579fe970
D/IPCThreadState( 1476): [DN #5] BR_CLEAR_DEATH_NOTIFICATION_DONE cookie 0x5cb67170
D/IPCThreadState( 1476): [DN #5] BR_CLEAR_DEATH_NOTIFICATION_DONE cookie 0x59163290
D/IPCThreadState( 1476): [DN #5] BR_CLEAR_DEATH_NOTIFICATION_DONE cookie 0x52f6a318
D/IPCThreadState( 1476): [DN #5] BR_CLEAR_DEATH_NOTIFICATION_DONE cookie 0x5c707748
D/IPCThreadState( 1476): [DN #5] BR_CLEAR_DEATH_NOTIFICATION_DONE cookie 0x59b8a2f0
D/IPCThreadState( 1476): [DN #5] BR_CLEAR_DEATH_NOTIFICATION_DONE cookie 0x5bd43f00
D/IPCThreadState( 1476): [DN #5] BR_CLEAR_DEATH_NOTIFICATION_DONE cookie 0x5c74cf38
D/IPCThreadState( 1476): [DN #5] BR_CLEAR_DEATH_NOTIFICATION_DONE cookie 0x54a25ba8
D/IPCThreadState( 1476): [DN #5] BR_CLEAR_DEATH_NOTIFICATION_DONE cookie 0x59e6fb78
D/IPCThreadState( 1476): [DN #5] BR_CLEAR_DEATH_NOTIFICATION_DONE cookie 0x5c517d58
D/IPCThreadState( 1476): [DN #5] BR_CLEAR_DEATH_NOTIFICATION_DONE cookie 0x54a0c8c8
D/IPCThreadState( 1476): [DN #5] BR_CLEAR_DEATH_NOTIFICATION_DONE cookie 0x5c516a00
I/SurfaceTextureClient( 1730): [STC::queueBuffer] (this:0x55df9fe8) fps:2.84, dur:1407.18, max:500.02, min:59.99
I/BufferQueue( 106): [StatusBar](this:0x419c99c8,api:1) [queue] fps:2.85, dur:1404.24, max:500.06, min:57.24
D/IPCThreadState( 1476): [DN #5] BR_CLEAR_DEATH_NOTIFICATION_DONE cookie 0x5ca8f238
D/IPCThreadState( 1476): [DN #5] BR_CLEAR_DEATH_NOTIFICATION_DONE cookie 0x54a1ac70
I/BufferQueue( 106): [StatusBar](this:0x419c99c8,api:1) [release] fps:2.83, dur:1415.68, max:499.98, min:65.80
I/SurfaceTextureClient( 106): [STC::queueBuffer] (this:0x41574710) fps:2.83, dur:1415.61, max:500.06, min:65.79
I/BufferQueue( 106): [FramebufferSurface](this:0x41573c08,api:1) [release] fps:2.83, dur:1415.65, max:500.16, min:65.74
I/BufferQueue( 106): [FramebufferSurface](this:0x41573c08,api:1) [queue] fps:2.83, dur:1415.64, max:500.19, min:65.71
I/SurfaceFlinger( 106): [SurfaceFlinger] fps:2.825591,dur:1415.63,max:500.20,min:65.70
D/IPCThreadState( 1476): [DN #5] BR_CLEAR_DEATH_NOTIFICATION_DONE cookie 0x5a610ec0
D/IPCThreadState( 1476): [DN #5] BR_CLEAR_DEATH_NOTIFICATION_DONE cookie 0x5c7221d0
D/IPCThreadState( 1476): [DN #5] BR_CLEAR_DEATH_NOTIFICATION_DONE cookie 0x5d02ced0
D/IPCThreadState( 1476): [DN #5] BR_CLEAR_DEATH_NOTIFICATION_DONE cookie 0x5a610f20
D/IPCThreadState( 1476): [DN #5] BR_CLEAR_DEATH_NOTIFICATION_DONE cookie 0x5c636a00
D/IPCThreadState( 1476): [DN #5] BR_CLEAR_DEATH_NOTIFICATION_DONE cookie 0x40ece768
D/IPCThreadState( 1476): [DN #5] BR_CLEAR_DEATH_NOTIFICATION_DONE cookie 0x59165478
D/IPCThreadState( 1476): [DN #5] BR_CLEAR_DEATH_NOTIFICATION_DONE cookie 0x5c703d50
D/IPCThreadState( 1476): [DN #5] BR_CLEAR_DEATH_NOTIFICATION_DONE cookie 0x561e26b8
D/IPCThreadState( 1476): [DN #5] BR_CLEAR_DEATH_NOTIFICATION_DONE cookie 0x54a774d0
D/IPCThreadState( 1476): [DN #5] BR_CLEAR_DEATH_NOTIFICATION_DONE cookie 0x5c643820
D/IPCThreadState( 1476): [DN #5] BR_CLEAR_DEATH_NOTIFICATION_DONE cookie 0x5c700f00
D/IPCThreadState( 1476): [DN #5] BR_CLEAR_DEATH_NOTIFICATION_DONE cookie 0x579e7f98
D/IPCThreadState( 1476): [DN #5] BR_CLEAR_DEATH_NOTIFICATION_DONE cookie 0x5a5dac08
D/IPCThreadState( 1476): [DN #5] BR_CLEAR_DEATH_NOTIFICATION_DONE cookie 0x5916cac0
D/IPCThreadState( 1476): [DN #5] BR_CLEAR_DEATH_NOTIFICATION_DONE cookie 0x5c27a820
D/WifiService( 1476): startScan, forceActive:true, pid:2750, uid:1000
D/StateMachine( 1476): handleMessage: E msg.what=131143
D/StateMachine( 1476): processMsg: DisconnectedState
D/WifiStateMachine( 1476): DisconnectedState{ what=131143 when=-1ms arg1=1 target=Handler (com.android.internal.util.StateMachine$SmHandler) {41600490} }
D/StateMachine( 1476): processMsg: ConnectModeState
D/WifiStateMachine( 1476): ConnectModeState{ what=131143 when=-1ms arg1=1 target=Handler (com.android.internal.util.StateMachine$SmHandler) {41600490} }
D/StateMachine( 1476): processMsg: DriverStartedState
D/WifiStateMachine( 1476): DriverStartedState{ what=131143 when=-1ms arg1=1 target=Handler (com.android.internal.util.StateMachine$SmHandler) {41600490} }
D/WifiNative-wlan0( 1476): doBoolean: DRIVER SCAN-ACTIVE
D/WifiCommon( 1476): [wlan0] SET "DRIVER SCAN-ACTIVE"
D/wpa_supplicant( 3563): RX ctrl_iface - hexdump(len=18): 44 52 49 56 45 52 20 53 43 41 4e 2d 41 43 54 49 56 45
D/wpa_supplicant( 3563): wlan0: Control interface command 'DRIVER SCAN-ACTIVE'
D/wpa_supplicant( 3563): wpa_driver_nl80211_driver_cmd SCAN-ACTIVE
D/WifiCommon( 1476): [wlan0]SET "DRIVER SCAN-ACTIVE" Failed
D/WifiNative-wlan0( 1476): doBoolean: SCAN
D/WifiCommon( 1476): [wlan0] SET "SCAN"
D/wpa_supplicant( 3563): RX ctrl_iface - hexdump(len=4): 53 43 41 4e
D/wpa_supplicant( 3563): wlan0: Control interface command 'SCAN'
D/wpa_supplicant( 3563): Ongoing scan action - reject new request
D/WifiCommon( 1476): [wlan0]SET "SCAN" Failed
D/WifiNative-wlan0( 1476): doBoolean: DRIVER SCAN-PASSIVE
D/WifiCommon( 1476): [wlan0] SET "DRIVER SCAN-PASSIVE"
D/wpa_supplicant( 3563): RX ctrl_iface - hexdump(len=19): 44 52 49 56 45 52 20 53 43 41 4e 2d 50 41 53 53 49 56 45
D/wpa_supplicant( 3563): wlan0: Control interface command 'DRIVER SCAN-PASSIVE'
D/wpa_supplicant( 3563): wpa_driver_nl80211_driver_cmd SCAN-PASSIVE
D/WifiCommon( 1476): [wlan0]SET "DRIVER SCAN-PASSIVE" Failed
D/StateMachine( 1476): handleMessage: X
D/IPCThreadState( 1476): [DN #5] BR_CLEAR_DEATH_NOTIFICATION_DONE cookie 0x54a0cb88
D/IPCThreadState( 1476): [DN #5] BR_CLEAR_DEATH_NOTIFICATION_DONE cookie 0x5a5df590
D/IPCThreadState( 1476): [DN #5] BR_CLEAR_DEATH_NOTIFICATION_DONE cookie 0x5cfd5e00
D/IPCThreadState( 1476): [DN #5] BR_CLEAR_DEATH_NOTIFICATION_DONE cookie 0x5c705d48
D/IPCThreadState( 1476): [DN #5] BR_CLEAR_DEATH_NOTIFICATION_DONE cookie 0x59c0e3a0
D/IPCThreadState( 1476): [DN #5] BR_CLEAR_DEATH_NOTIFICATION_DONE cookie 0x5a8cd5f8
D/IPCThreadState( 1476): [DN #5] BR_CLEAR_DEATH_NOTIFICATION_DONE cookie 0x59e83aa0
D/IPCThreadState( 1476): [DN #5] BR_CLEAR_DEATH_NOTIFICATION_DONE cookie 0x5915a6a8
D/IPCThreadState( 1476): [DN #5] BR_CLEAR_DEATH_NOTIFICATION_DONE cookie 0x55d51f70
D/IPCThreadState( 1476): [DN #5] BR_CLEAR_DEATH_NOTIFICATION_DONE cookie 0x59e83768
D/IPCThreadState( 1476): [DN #5] BR_CLEAR_DEATH_NOTIFICATION_DONE cookie 0x59af7970
D/IPCThreadState( 1476): [DN #5] BR_CLEAR_DEATH_NOTIFICATION_DONE cookie 0x53425080
D/IPCThreadState( 1476): [DN #5] BR_CLEAR_DEATH_NOTIFICATION_DONE cookie 0x5c251200
D/IPCThreadState( 1476): [DN #5] BR_CLEAR_DEATH_NOTIFICATION_DONE cookie 0x5c516e60
D/IPCThreadState( 1476): [DN #5] BR_CLEAR_DEATH_NOTIFICATION_DONE cookie 0x59b3e3f8
D/IPCThreadState( 1476): [DN #5] BR_CLEAR_DEATH_NOTIFICATION_DONE cookie 0x5c706c80
D/IPCThreadState( 1476): [DN #5] BR_CLEAR_DEATH_NOTIFICATION_DONE cookie 0x59c13c78
D/IPCThreadState( 1476): [DN #5] BR_CLEAR_DEATH_NOTIFICATION_DONE cookie 0x5ad4e738
D/IPCThreadState( 1476): [DN #5] BR_CLEAR_DEATH_NOTIFICATION_DONE cookie 0x591cf8d0
D/IPCThreadState( 1476): [DN #5] BR_CLEAR_DEATH_NOTIFICATION_DONE cookie 0x5d022248
D/IPCThreadState( 1476): [DN #5] BR_CLEAR_DEATH_NOTIFICATION_DONE cookie 0x5d0222a0
D/IPCThreadState( 1476): [DN #5] BR_CLEAR_DEATH_NOTIFICATION_DONE cookie 0x59161a58
D/IPCThreadState( 1476): [DN #5] BR_CLEAR_DEATH_NOTIFICATION_DONE cookie 0x5cfd0ee8
V/ActivityManager( 1476): getTasks: max=1, flags=0, receiver=null
V/ActivityManager( 1476): com.android.settings/.SubSettings: task=TaskRecord{41961c40 #3 A com.android.settings U 0}
V/ActivityManager( 1476): com.android.settings/.Settings: task=TaskRecord{41961c40 #3 A com.android.settings U 0}
V/ActivityManager( 1476): We have pending thumbnails: null
D/IPCThreadState( 1476): [DN #5] BR_CLEAR_DEATH_NOTIFICATION_DONE cookie 0x5cfd0f40
D/IPCThreadState( 1476): [DN #5] BR_CLEAR_DEATH_NOTIFICATION_DONE cookie 0x5ca24590
D/IPCThreadState( 1476): [DN #5] BR_CLEAR_DEATH_NOTIFICATION_DONE cookie 0x5c2598d0
D/IPCThreadState( 1476): [DN #5] BR_CLEAR_DEATH_NOTIFICATION_DONE cookie 0x5c705068
D/IPCThreadState( 1476): [DN #5] BR_CLEAR_DEATH_NOTIFICATION_DONE cookie 0x59162d18
D/IPCThreadState( 1476): [DN #5] BR_CLEAR_DEATH_NOTIFICATION_DONE cookie 0x59166000
D/dalvikvm( 1805): GC_EXPLICIT freed 507K (10514), 23% free 6082K/7848K, paused 2ms+5ms, total 28ms
D/IPCThreadState( 1476): [DN #5] BR_CLEAR_DEATH_NOTIFICATION_DONE cookie 0x5c63cda8
D/IPCThreadState( 1476): [DN #5] BR_CLEAR_DEATH_NOTIFICATION_DONE cookie 0x5cb67d90
D/IPCThreadState( 1476): [DN #5] BR_CLEAR_DEATH_NOTIFICATION_DONE cookie 0x5cb67970
D/IPCThreadState( 1476): [DN #5] BR_CLEAR_DEATH_NOTIFICATION_DONE cookie 0x59e62190
D/IPCThreadState( 1476): [DN #5] BR_CLEAR_DEATH_NOTIFICATION_DONE cookie 0x5d137d98
D/IPCThreadState( 1476): [DN #5] BR_CLEAR_DEATH_NOTIFICATION_DONE cookie 0x5c700288
D/IPCThreadState( 1476): [DN #5] BR_CLEAR_DEATH_NOTIFICATION_DONE cookie 0x561d7dc8
D/IPCThreadState( 1476): [DN #5] BR_CLEAR_DEATH_NOTIFICATION_DONE cookie 0x57a06f00
D/IPCThreadState( 1476): [DN #5] BR_CLEAR_DEATH_NOTIFICATION_DONE cookie 0x5be5b768
D/IPCThreadState( 1476): [DN #5] BR_CLEAR_DEATH_NOTIFICATION_DONE cookie 0x55faa8b8
D/IPCThreadState( 1476): [DN #5] BR_CLEAR_DEATH_NOTIFICATION_DONE cookie 0x5c705140
D/IPCThreadState( 1476): [DN #5] BR_CLEAR_DEATH_NOTIFICATION_DONE cookie 0x561dc540
D/IPCThreadState( 1476): [DN #5] BR_CLEAR_DEATH_NOTIFICATION_DONE cookie 0x5916cec8
D/dalvikvm( 1476): GC_EXPLICIT freed 126K (3376), 26% free 13127K/17516K, paused 4ms+7ms, total 77ms
D/IPCThreadState( 1476): [DN #5] BR_CLEAR_DEATH_NOTIFICATION_DONE cookie 0x5c259868
D/IPCThreadState( 1476): [DN #5] BR_CLEAR_DEATH_NOTIFICATION_DONE cookie 0x5d135f98
D/IPCThreadState( 1476): [DN #5] BR_CLEAR_DEATH_NOTIFICATION_DONE cookie 0x5c6f6b20
D/IPCThreadState( 1476): [DN #5] BR_CLEAR_DEATH_NOTIFICATION_DONE cookie 0x5ca24748
D/IPCThreadState( 1476): [DN #5] BR_CLEAR_DEATH_NOTIFICATION_DONE cookie 0x5a67fb68
D/IPCThreadState( 1476): [DN #5] BR_CLEAR_DEATH_NOTIFICATION_DONE cookie 0x5c27de10
D/IPCThreadState( 1476): [DN #5] BR_CLEAR_DEATH_NOTIFICATION_DONE cookie 0x59165f60
D/IPCThreadState( 1476): [DN #5] BR_CLEAR_DEATH_NOTIFICATION_DONE cookie 0x5c706768
D/IPCThreadState( 1476): [DN #5] BR_CLEAR_DEATH_NOTIFICATION_DONE cookie 0x59b898a0
D/IPCThreadState( 1476): [DN #5] BR_CLEAR_DEATH_NOTIFICATION_DONE cookie 0x59a992f0
D/IPCThreadState( 1476): [DN #5] BR_CLEAR_DEATH_NOTIFICATION_DONE cookie 0x59e63bb8
D/IPCThreadState( 1476): [DN #5] BR_CLEAR_DEATH_NOTIFICATION_DONE cookie 0x5c70aa80
D/IPCThreadState( 1476): [DN #5] BR_CLEAR_DEATH_NOTIFICATION_DONE cookie 0x5a8cdb90
D/IPCThreadState( 1476): [DN #5] BR_CLEAR_DEATH_NOTIFICATION_DONE cookie 0x592253f8
D/IPCThreadState( 1476): [DN #5] BR_CLEAR_DEATH_NOTIFICATION_DONE cookie 0x561e8be8
D/IPCThreadState( 1476): [DN #5] BR_CLEAR_DEATH_NOTIFICATION_DONE cookie 0x53426b00
D/IPCThreadState( 1476): [DN #5] BR_CLEAR_DEATH_NOTIFICATION_DONE cookie 0x5c63ab28
D/IPCThreadState( 1476): [DN #5] BR_CLEAR_DEATH_NOTIFICATION_DONE cookie 0x5ca8fb48
D/IPCThreadState( 1476): [DN #5] BR_CLEAR_DEATH_NOTIFICATION_DONE cookie 0x59222c58
D/NetworkControllerGemini( 1730): PhoneStateListener:onSignalStrengthsChanged, sim1 before.
D/NetworkControllerGemini( 1730): PhoneStateListener:onSignalStrengthsChanged, signalStrength=3
D/NetworkControllerGemini( 1730): updateDataNetType(0), DataNetType=10.
D/NetworkControllerGemini( 1730): updateDataNetType(0), simColorId=0
D/TelephonyManagerEx( 1730): isNetworkRoaming
D/NetworkControllerGemini( 1730): updateDataNetType(0) RoamingresId= 2130837933 simColorId = 0
V/ActivityManager( 1476): Broadcast sticky: Intent { act=android.intent.action.SIG_STR flg=0x10 (has extras) } ordered=false userid=-1
D/NetworkControllerGemini( 1730): updateDataNetType(0), DataNetType3G=Type_3G tempDataTypeIconId= 2130837914.
D/NetworkControllerGemini( 1730): isSimInserted(0), SimInserted=true
D/NetworkControllerGemini( 1730): updateTelephonySignalStrength(0), regState=5
D/NetworkControllerGemini( 1730): updateTelephonySignalStrength(0), hasService=true
D/TelephonyManagerEx( 1730): isNetworkRoaming
D/NetworkControllerGemini( 1730): updateTelephonySignalStrength(0), isRoaming=true, mInetCondition=0
D/NetworkControllerGemini( 1730): updateTelephonySignalStrength(0), simColorId=0
D/NetworkControllerGemini( 1730): updateTelephonySignalStrength(0), tempDataNetType = Type_3G , simColorId=0 tempPhoneSignalIconId[0] = 2130837950 tempPhoneSignalIconId[1] = 0
D/NetworkControllerGemini( 1730): updateTelephonySignalStrength(0) tempSIMCUSignVisible= true
D/NetworkControllerGemini( 1730): updateTelephonySignalStrength(0) mSIMCUSignVisible = true
D/NetworkControllerGemini( 1730): refreshViews(0), DataConnected=false simColorId = 0
D/TelephonyManagerEx( 1730): isNetworkRoaming
D/NetworkControllerGemini( 1730): refreshViews(0) RoamingresId= 2130837933 simColorId = 0
D/NetworkControllerGemini( 1730): refreshViews(0), dataTypeIconId=0
D/SignalClusterViewGemini( 1730): setShowSimIndicator(0), showSimIndicator=false simIndicatorResource = 0
D/SignalClusterViewGemini( 1730): setDataConnected(0), dataConnected=false
D/SignalClusterViewGemini( 1730): setDataNetType3G(0), dataNetType=Type_3G
D/SignalClusterViewGemini( 1730): apply : mShowSimIndicator = false mSimIndicatorResource = 0 mShowSimIndicatorGemini = false mSimIndicatorResourceGemini = 0
D/SignalClusterViewGemini( 1730): apply, mMobileVisible=true mMobileActivityId=0 mMobileTypeId=0 mMobileStrengthId[0] = 2130837950 mMobileStrengthId[1] = 0
D/Bluetooth HS/HF( 1818): [BT][HFG] [API] mStateReceiver.onReceive(android.intent.action.SIG_STR)
D/Bluetooth HS/HF( 1818): [BT][HFG] [API] mHandler.handleMessage(10)
D/SignalClusterViewGemini( 1730): isSimInserted(0), SimInserted=true
D/SignalClusterViewGemini( 1730): mDataNetType =Type_3G resId= 0 simColorId = 0
D/SignalClusterViewGemini( 1730): apply, mMobileVisibleGemini=true mMobileActivityIdGemini=0 mMobileTypeIdGemini=0 mMobileStrengthIdGemini[0] = 2130837960 mMobileStrengthIdGemini[1] = 0
D/SignalClusterViewGemini( 1730): isSimInserted(1), SimInserted=false
D/SignalClusterViewGemini( 1730): apply, mMobileVisible=true, mWifiVisible=false, mIsAirplaneMode=false
D/NetworkControllerGemini( 1730): PhoneStateListener:onSignalStrengthsChanged, sim1 after.
D/TelephonyManager( 1980): getDefaultSim is sim1
D/TelephonyManager( 1980): getDefaultSim is sim1
D/IPCThreadState( 1476): [DN #5] BR_CLEAR_DEATH_NOTIFICATION_DONE cookie 0x54a23a68
D/IPCThreadState( 1476): [DN #5] BR_CLEAR_DEATH_NOTIFICATION_DONE cookie 0x5d029088
I/SurfaceTextureClient( 1730): [STC::queueBuffer] (this:0x55df9fe8) fps:2.00, dur:1000.01, max:970.09, min:29.92
D/IPCThreadState( 1476): [DN #5] BR_CLEAR_DEATH_NOTIFICATION_DONE cookie 0x5bd447d0
D/IPCThreadState( 1476): [DN #5] BR_CLEAR_DEATH_NOTIFICATION_DONE cookie 0x59c16e90
D/IPCThreadState( 1476): [DN #5] BR_CLEAR_DEATH_NOTIFICATION_DONE cookie 0x5c6f9028
D/IPCThreadState( 1476): [DN #5] BR_CLEAR_DEATH_NOTIFICATION_DONE cookie 0x5c2598d0
D/IPCThreadState( 1476): [DN #5] BR_CLEAR_DEATH_NOTIFICATION_DONE cookie 0x5600b0e8
D/IPCThreadState( 1476): [DN #5] BR_CLEAR_DEATH_NOTIFICATION_DONE cookie 0x59b864b0
D/IPCThreadState( 1476): [DN #5] BR_CLEAR_DEATH_NOTIFICATION_DONE cookie 0x55faa000
D/IPCThreadState( 1476): [DN #5] BR_CLEAR_DEATH_NOTIFICATION_DONE cookie 0x5c74cd90
D/IPCThreadState( 1476): [DN #5] BR_CLEAR_DEATH_NOTIFICATION_DONE cookie 0x579fe970
D/IPCThreadState( 1476): [DN #5] BR_CLEAR_DEATH_NOTIFICATION_DONE cookie 0x5916cac0
D/IPCThreadState( 1476): [DN #5] BR_CLEAR_DEATH_NOTIFICATION_DONE cookie 0x5a5dac08
D/IPCThreadState( 1476): [DN #5] BR_CLEAR_DEATH_NOTIFICATION_DONE cookie 0x579e7f98
D/IPCThreadState( 1476): [DN #5] BR_CLEAR_DEATH_NOTIFICATION_DONE cookie 0x5c700f00
D/IPCThreadState( 1476): [DN #5] BR_CLEAR_DEATH_NOTIFICATION_DONE cookie 0x5c643820
D/IPCThreadState( 1476): [DN #5] BR_CLEAR_DEATH_NOTIFICATION_DONE cookie 0x54a774d0
D/IPCThreadState( 1476): [DN #5] BR_CLEAR_DEATH_NOTIFICATION_DONE cookie 0x561e26b8
D/IPCThreadState( 1476): [DN #5] BR_CLEAR_DEATH_NOTIFICATION_DONE cookie 0x5c703d50
D/IPCThreadState( 1476): [DN #5] BR_CLEAR_DEATH_NOTIFICATION_DONE cookie 0x59165478
D/IPCThreadState( 1476): [DN #5] BR_CLEAR_DEATH_NOTIFICATION_DONE cookie 0x40ece768
D/IPCThreadState( 1476): [DN #5] BR_CLEAR_DEATH_NOTIFICATION_DONE cookie 0x5c636a00
D/IPCThreadState( 1476): [DN #5] BR_CLEAR_DEATH_NOTIFICATION_DONE cookie 0x5a610f20
D/IPCThreadState( 1476): [DN #5] BR_CLEAR_DEATH_NOTIFICATION_DONE cookie 0x5d02ced0
D/IPCThreadState( 1476): [DN #5] BR_CLEAR_DEATH_NOTIFICATION_DONE cookie 0x5c7221d0
D/IPCThreadState( 1476): [DN #5] BR_CLEAR_DEATH_NOTIFICATION_DONE cookie 0x5a610ec0
D/IPCThreadState( 1476): [DN #5] BR_CLEAR_DEATH_NOTIFICATION_DONE cookie 0x54a1ac70
D/IPCThreadState( 1476): [DN #5] BR_CLEAR_DEATH_NOTIFICATION_DONE cookie 0x5ca8f238
D/IPCThreadState( 1476): [DN #5] BR_CLEAR_DEATH_NOTIFICATION_DONE cookie 0x5c516a00
D/IPCThreadState( 1476): [DN #5] BR_CLEAR_DEATH_NOTIFICATION_DONE cookie 0x54a0c8c8
D/IPCThreadState( 1476): [DN #5] BR_CLEAR_DEATH_NOTIFICATION_DONE cookie 0x5c517d58
D/IPCThreadState( 1476): [DN #5] BR_CLEAR_DEATH_NOTIFICATION_DONE cookie 0x59e6fb78
D/IPCThreadState( 1476): [DN #5] BR_CLEAR_DEATH_NOTIFICATION_DONE cookie 0x54a25ba8
D/IPCThreadState( 1476): [DN #5] BR_CLEAR_DEATH_NOTIFICATION_DONE cookie 0x5c74cf38
D/IPCThreadState( 1476): [DN #5] BR_CLEAR_DEATH_NOTIFICATION_DONE cookie 0x5bd43f00
D/IPCThreadState( 1476): [DN #5] BR_CLEAR_DEATH_NOTIFICATION_DONE cookie 0x59b8a2f0
D/IPCThreadState( 1476): [DN #5] BR_CLEAR_DEATH_NOTIFICATION_DONE cookie 0x5c707748
D/IPCThreadState( 1476): [DN #5] BR_CLEAR_DEATH_NOTIFICATION_DONE cookie 0x52f6a318
D/IPCThreadState( 1476): [DN #5] BR_CLEAR_DEATH_NOTIFICATION_DONE cookie 0x59163290
D/IPCThreadState( 1476): [DN #5] BR_CLEAR_DEATH_NOTIFICATION_DONE cookie 0x5cb67170
D/IPCThreadState( 1476): [DN #5] BR_CLEAR_DEATH_NOTIFICATION_DONE cookie 0x5a680e80
D/IPCThreadState( 1476): [DN #5] BR_CLEAR_DEATH_NOTIFICATION_DONE cookie 0x54a0cb88
D/IPCThreadState( 1476): [DN #5] BR_CLEAR_DEATH_NOTIFICATION_DONE cookie 0x5c2513c0
D/IPCThreadState( 1476): [DN #5] BR_CLEAR_DEATH_NOTIFICATION_DONE cookie 0x53425080
D/IPCThreadState( 1476): [DN #5] BR_CLEAR_DEATH_NOTIFICATION_DONE cookie 0x59af7970
D/IPCThreadState( 1476): [DN #5] BR_CLEAR_DEATH_NOTIFICATION_DONE cookie 0x59e83768
I/BufferQueue( 106): [StatusBar](this:0x419c99c8,api:1) [queue] fps:2.00, dur:1499.85, max:970.00, min:29.95
I/BufferQueue( 106): [StatusBar](this:0x419c99c8,api:1) [release] fps:2.00, dur:1500.00, max:966.65, min:33.33
D/IPCThreadState( 1476): [DN #5] BR_CLEAR_DEATH_NOTIFICATION_DONE cookie 0x59229c58
I/SurfaceTextureClient( 106): [STC::queueBuffer] (this:0x41574710) fps:2.00, dur:1500.02, max:966.58, min:33.28
I/BufferQueue( 106): [FramebufferSurface](this:0x41573c08,api:1) [release] fps:2.00, dur:1499.98, max:966.48, min:33.28
I/BufferQueue( 106): [FramebufferSurface](this:0x41573c08,api:1) [queue] fps:2.00, dur:1499.99, max:966.45, min:33.28
I/SurfaceFlinger( 106): [SurfaceFlinger] fps:1.999995,dur:1500.00,max:966.43,min:33.28
D/IPCThreadState( 1476): [DN #5] BR_CLEAR_DEATH_NOTIFICATION_DONE cookie 0x5915a6a8
D/IPCThreadState( 1476): [DN #5] BR_CLEAR_DEATH_NOTIFICATION_DONE cookie 0x59e83aa0
D/IPCThreadState( 1476): [DN #5] BR_CLEAR_DEATH_NOTIFICATION_DONE cookie 0x55d51f70
D/IPCThreadState( 1476): [DN #5] BR_CLEAR_DEATH_NOTIFICATION_DONE cookie 0x59c0e3a0
D/IPCThreadState( 1476): [DN #5] BR_CLEAR_DEATH_NOTIFICATION_DONE cookie 0x5c705d48
D/IPCThreadState( 1476): [DN #5] BR_CLEAR_DEATH_NOTIFICATION_DONE cookie 0x59161a58
D/IPCThreadState( 1476): [DN #5] BR_CLEAR_DEATH_NOTIFICATION_DONE cookie 0x59b3e3f8
D/IPCThreadState( 1476): [DN #5] BR_CLEAR_DEATH_NOTIFICATION_DONE cookie 0x5c516e60
D/IPCThreadState( 1476): [DN #5] BR_CLEAR_DEATH_NOTIFICATION_DONE cookie 0x5c706c80
D/IPCThreadState( 1476): [DN #5] BR_CLEAR_DEATH_NOTIFICATION_DONE cookie 0x5c706cc0
D/IPCThreadState( 1476): [DN #5] BR_CLEAR_DEATH_NOTIFICATION_DONE cookie 0x5a8cd5f8
D/IPCThreadState( 1476): [DN #5] BR_CLEAR_DEATH_NOTIFICATION_DONE cookie 0x53426d38
D/IPCThreadState( 1476): [DN #5] BR_CLEAR_DEATH_NOTIFICATION_DONE cookie 0x53426d78
D/IPCThreadState( 1476): [DN #5] BR_CLEAR_DEATH_NOTIFICATION_DONE cookie 0x5d022248
D/IPCThreadState( 1476): [DN #5] BR_CLEAR_DEATH_NOTIFICATION_DONE cookie 0x53426bc8
D/IPCThreadState( 1476): [DN #5] BR_CLEAR_DEATH_NOTIFICATION_DONE cookie 0x54ab5658
D/IPCThreadState( 1476): [DN #5] BR_CLEAR_DEATH_NOTIFICATION_DONE cookie 0x54ab56b0
D/IPCThreadState( 1476): [DN #5] BR_CLEAR_DEATH_NOTIFICATION_DONE cookie 0x5cfd0ee8
D/IPCThreadState( 1476): [DN #5] BR_CLEAR_DEATH_NOTIFICATION_DONE cookie 0x5c63cc30
D/IPCThreadState( 1476): [DN #5] BR_CLEAR_DEATH_NOTIFICATION_DONE cookie 0x5c63cc88
D/IPCThreadState( 1476): [DN #5] BR_CLEAR_DEATH_NOTIFICATION_DONE cookie 0x591dac88
D/IPCThreadState( 1476): [DN #5] BR_CLEAR_DEATH_NOTIFICATION_DONE cookie 0x59166000
D/IPCThreadState( 1476): [DN #5] BR_CLEAR_DEATH_NOTIFICATION_DONE cookie 0x59162d18
D/IPCThreadState( 1476): [DN #5] BR_CLEAR_DEATH_NOTIFICATION_DONE cookie 0x5c705068
D/IPCThreadState( 1476): [DN #5] BR_CLEAR_DEATH_NOTIFICATION_DONE cookie 0x59e62190
D/IPCThreadState( 1476): [DN #5] BR_CLEAR_DEATH_NOTIFICATION_DONE cookie 0x5cb67970
D/IPCThreadState( 1476): [DN #5] BR_CLEAR_DEATH_NOTIFICATION_DONE cookie 0x591cf998
D/IPCThreadState( 1476): [DN #5] BR_CLEAR_DEATH_NOTIFICATION_DONE cookie 0x55faa8b8
D/IPCThreadState( 1476): [DN #5] BR_CLEAR_DEATH_NOTIFICATION_DONE cookie 0x5be5b768
D/IPCThreadState( 1476): [DN #5] BR_CLEAR_DEATH_NOTIFICATION_DONE cookie 0x57a06f00
D/IPCThreadState( 1476): [DN #5] BR_CLEAR_DEATH_NOTIFICATION_DONE cookie 0x561d7dc8
D/IPCThreadState( 1476): [DN #5] BR_CLEAR_DEATH_NOTIFICATION_DONE cookie 0x5d137d98
D/IPCThreadState( 1476): [DN #5] BR_CLEAR_DEATH_NOTIFICATION_DONE cookie 0x5c705140
D/IPCThreadState( 1476): [DN #5] BR_CLEAR_DEATH_NOTIFICATION_DONE cookie 0x5916cec8
D/dalvikvm( 1476): GC_EXPLICIT freed 116K (3307), 26% free 13128K/17516K, paused 3ms+8ms, total 77ms
D/IPCThreadState( 1476): [DN #5] BR_CLEAR_DEATH_NOTIFICATION_DONE cookie 0x561dc540
D/IPCThreadState( 1476): [DN #5] BR_CLEAR_DEATH_NOTIFICATION_DONE cookie 0x5c2598d0
D/IPCThreadState( 1476): [DN #5] BR_CLEAR_DEATH_NOTIFICATION_DONE cookie 0x5c6f9028
D/IPCThreadState( 1476): [DN #5] BR_CLEAR_DEATH_NOTIFICATION_DONE cookie 0x59c16e90
D/IPCThreadState( 1476): [DN #5] BR_CLEAR_DEATH_NOTIFICATION_DONE cookie 0x5bd447d0
D/IPCThreadState( 1476): [DN #5] BR_CLEAR_DEATH_NOTIFICATION_DONE cookie 0x5d029088
D/IPCThreadState( 1476): [DN #5] BR_CLEAR_DEATH_NOTIFICATION_DONE cookie 0x54a23a68
D/IPCThreadState( 1476): [DN #5] BR_CLEAR_DEATH_NOTIFICATION_DONE cookie 0x59222c58
D/IPCThreadState( 1476): [DN #5] BR_CLEAR_DEATH_NOTIFICATION_DONE cookie 0x5ca8fb48
D/IPCThreadState( 1476): [DN #5] BR_CLEAR_DEATH_NOTIFICATION_DONE cookie 0x5c63ab28
D/IPCThreadState( 1476): [DN #5] BR_CLEAR_DEATH_NOTIFICATION_DONE cookie 0x53426b00
D/IPCThreadState( 1476): [DN #5] BR_CLEAR_DEATH_NOTIFICATION_DONE cookie 0x561e8be8
D/IPCThreadState( 1476): [DN #5] BR_CLEAR_DEATH_NOTIFICATION_DONE cookie 0x592253f8
D/IPCThreadState( 1476): [DN #5] BR_CLEAR_DEATH_NOTIFICATION_DONE cookie 0x5a8cdb90
D/IPCThreadState( 1476): [DN #5] BR_CLEAR_DEATH_NOTIFICATION_DONE cookie 0x5c70aa80
D/IPCThreadState( 1476): [DN #5] BR_CLEAR_DEATH_NOTIFICATION_DONE cookie 0x59e63bb8
D/IPCThreadState( 1476): [DN #5] BR_CLEAR_DEATH_NOTIFICATION_DONE cookie 0x59a992f0
D/IPCThreadState( 1476): [DN #5] BR_CLEAR_DEATH_NOTIFICATION_DONE cookie 0x59b898a0
D/IPCThreadState( 1476): [DN #5] BR_CLEAR_DEATH_NOTIFICATION_DONE cookie 0x5c706768
D/IPCThreadState( 1476): [DN #5] BR_CLEAR_DEATH_NOTIFICATION_DONE cookie 0x59165f60
D/IPCThreadState( 1476): [DN #5] BR_CLEAR_DEATH_NOTIFICATION_DONE cookie 0x5c27de10
D/IPCThreadState( 1476): [DN #5] BR_CLEAR_DEATH_NOTIFICATION_DONE cookie 0x5a67fb68
D/IPCThreadState( 1476): [DN #5] BR_CLEAR_DEATH_NOTIFICATION_DONE cookie 0x5ca24748
D/IPCThreadState( 1476): [DN #5] BR_CLEAR_DEATH_NOTIFICATION_DONE cookie 0x5c6f6b20
D/IPCThreadState( 1476): [DN #5] BR_CLEAR_DEATH_NOTIFICATION_DONE cookie 0x5d135f98
D/IPCThreadState( 1476): [DN #5] BR_CLEAR_DEATH_NOTIFICATION_DONE cookie 0x561e26b8
D/IPCThreadState( 1476): [DN #5] BR_CLEAR_DEATH_NOTIFICATION_DONE cookie 0x54a774d0
D/IPCThreadState( 1476): [DN #5] BR_CLEAR_DEATH_NOTIFICATION_DONE cookie 0x5c643820
D/IPCThreadState( 1476): [DN #5] BR_CLEAR_DEATH_NOTIFICATION_DONE cookie 0x5c700f00
D/IPCThreadState( 1476): [DN #5] BR_CLEAR_DEATH_NOTIFICATION_DONE cookie 0x579e7f98
D/IPCThreadState( 1476): [DN #5] BR_CLEAR_DEATH_NOTIFICATION_DONE cookie 0x5a5dac08
D/IPCThreadState( 1476): [DN #5] BR_CLEAR_DEATH_NOTIFICATION_DONE cookie 0x579fe970
D/IPCThreadState( 1476): [DN #5] BR_CLEAR_DEATH_NOTIFICATION_DONE cookie 0x5c74cd90
D/IPCThreadState( 1476): [DN #5] BR_CLEAR_DEATH_NOTIFICATION_DONE cookie 0x55faa000
D/IPCThreadState( 1476): [DN #5] BR_CLEAR_DEATH_NOTIFICATION_DONE cookie 0x59b864b0
D/IPCThreadState( 1476): [DN #5] BR_CLEAR_DEATH_NOTIFICATION_DONE cookie 0x5600b0e8
D/IPCThreadState( 1476): [DN #5] BR_CLEAR_DEATH_NOTIFICATION_DONE cookie 0x5916cac0
D/IPCThreadState( 1476): [DN #5] BR_CLEAR_DEATH_NOTIFICATION_DONE cookie 0x5cb67170
D/IPCThreadState( 1476): [DN #5] BR_CLEAR_DEATH_NOTIFICATION_DONE cookie 0x59163290
D/IPCThreadState( 1476): [DN #5] BR_CLEAR_DEATH_NOTIFICATION_DONE cookie 0x52f6a318
D/IPCThreadState( 1476): [DN #5] BR_CLEAR_DEATH_NOTIFICATION_DONE cookie 0x5c707748
D/IPCThreadState( 1476): [DN #5] BR_CLEAR_DEATH_NOTIFICATION_DONE cookie 0x59b8a2f0
D/IPCThreadState( 1476): [DN #5] BR_CLEAR_DEATH_NOTIFICATION_DONE cookie 0x5bd43f00
D/IPCThreadState( 1476): [DN #5] BR_CLEAR_DEATH_NOTIFICATION_DONE cookie 0x5c74cf38
D/IPCThreadState( 1476): [DN #5] BR_CLEAR_DEATH_NOTIFICATION_DONE cookie 0x54a25ba8
V/ActivityManager( 1476): getTasks: max=1, flags=0, receiver=null
V/ActivityManager( 1476): com.android.settings/.SubSettings: task=TaskRecord{41961c40 #3 A com.android.settings U 0}
V/ActivityManager( 1476): com.android.settings/.Settings: task=TaskRecord{41961c40 #3 A com.android.settings U 0}
V/ActivityManager( 1476): We have pending thumbnails: null
D/IPCThreadState( 1476): [DN #5] BR_CLEAR_DEATH_NOTIFICATION_DONE cookie 0x59e6fb78
D/IPCThreadState( 1476): [DN #5] BR_CLEAR_DEATH_NOTIFICATION_DONE cookie 0x5c517d58
D/IPCThreadState( 1476): [DN #5] BR_CLEAR_DEATH_NOTIFICATION_DONE cookie 0x54a0c8c8
D/IPCThreadState( 1476): [DN #5] BR_CLEAR_DEATH_NOTIFICATION_DONE cookie 0x5c516a00
D/IPCThreadState( 1476): [DN #5] BR_CLEAR_DEATH_NOTIFICATION_DONE cookie 0x5ca8f238
D/IPCThreadState( 1476): [DN #5] BR_CLEAR_DEATH_NOTIFICATION_DONE cookie 0x54a1ac70
D/IPCThreadState( 1476): [DN #5] BR_CLEAR_DEATH_NOTIFICATION_DONE cookie 0x5a610ec0
D/IPCThreadState( 1476): [DN #5] BR_CLEAR_DEATH_NOTIFICATION_DONE cookie 0x5c7221d0
D/IPCThreadState( 1476): [DN #5] BR_CLEAR_DEATH_NOTIFICATION_DONE cookie 0x5d02ced0
D/IPCThreadState( 1476): [DN #5] BR_CLEAR_DEATH_NOTIFICATION_DONE cookie 0x5a610f20
