D/DefaultWifiExt( 2750): getApOrder(),return 0
D/DefaultWifiExt( 2750): getApOrder(),return 0
D/StateMachine( 1476): handleMessage: E msg.what=131239
D/StateMachine( 1476): processMsg: DisconnectedState
D/TelephonyManager( 2110): getDefaultSim is sim1
D/WifiStateMachine( 1476): DisconnectedState{ what=131239 when=-2ms target=Handler (com.android.internal.util.StateMachine$SmHandler) {41600490} }
D/StateMachine( 1476): processMsg: ConnectModeState
D/WifiStateMachine( 1476): ConnectModeState{ what=131239 when=-3ms target=Handler (com.android.internal.util.StateMachine$SmHandler) {41600490} }
D/StateMachine( 1476): processMsg: DriverStartedState
D/WifiStateMachine( 1476): DriverStartedState{ what=131239 when=-4ms target=Handler (com.android.internal.util.StateMachine$SmHandler) {41600490} }
D/StateMachine( 1476): processMsg: SupplicantStartedState
D/WifiStateMachine( 1476): SupplicantStartedState{ what=131239 when=-5ms target=Handler (com.android.internal.util.StateMachine$SmHandler) {41600490} }
D/WifiNative-wlan0( 1476): doString: SIGNAL_POLL
D/WifiCommon( 1476): [wlan0] SET "SIGNAL_POLL"
D/wpa_supplicant( 3563): RX ctrl_iface - hexdump(len=11): 53 49 47 4e 41 4c 5f 50 4f 4c 4c
D/wpa_supplicant( 3563): wlan0: Control interface command 'SIGNAL_POLL'
D/wpa_supplicant( 3563): nl80211: survey data missing!
I/WifiStateMachine( 1476): fetchRssiNative, newRssi:-81
D/StateMachine( 1476): handleMessage: X
D/PowerManagerService-JNI( 1476): Excessive delay in autosuspend_disable() while turning screen on: 658ms
D/PowerManagerService( 1476): unblankAllDisplays 1
D/SurfaceFlinger( 106): Screen acquired, type=0 flinger=0x4129f358
I/SurfaceTextureClient( 106): [STC::queueBuffer] (this:0x41574710) fps:5.53, dur:2350.09, max:2150.32, min:16.52
I/BufferQueue( 106): [FramebufferSurface](this:0x41573c08,api:1) [release] fps:5.53, dur:2350.11, max:2150.39, min:16.51
I/BufferQueue( 106): [FramebufferSurface](this:0x41573c08,api:1) [queue] fps:5.53, dur:2350.10, max:2150.42, min:16.51
I/SurfaceFlinger( 106): [SurfaceFlinger] fps:5.531713,dur:2350.09,max:2150.44,min:16.51
D/Settings( 2750): apps.size()=1
D/WifiService( 1476): startScan, forceActive:true, pid:2750, uid:1000
D/StateMachine( 1476): handleMessage: E msg.what=131143
D/StateMachine( 1476): processMsg: DisconnectedState
D/WifiStateMachine( 1476): DisconnectedState{ what=131143 when=-1ms arg1=1 target=Handler (com.android.internal.util.StateMachine$SmHandler) {41600490} }
D/StateMachine( 1476): processMsg: ConnectModeState
D/WifiStateMachine( 1476): ConnectModeState{ what=131143 when=-1ms arg1=1 target=Handler (com.android.internal.util.StateMachine$SmHandler) {41600490} }
D/StateMachine( 1476): processMsg: DriverStartedState
D/WifiStateMachine( 1476): DriverStartedState{ what=131143 when=-2ms arg1=1 target=Handler (com.android.internal.util.StateMachine$SmHandler) {41600490} }
D/WifiNative-wlan0( 1476): doBoolean: DRIVER SCAN-ACTIVE
D/WifiCommon( 1476): [wlan0] SET "DRIVER SCAN-ACTIVE"
D/wpa_supplicant( 3563): RX ctrl_iface - hexdump(len=18): 44 52 49 56 45 52 20 53 43 41 4e 2d 41 43 54 49 56 45
D/wpa_supplicant( 3563): wlan0: Control interface command 'DRIVER SCAN-ACTIVE'
D/wpa_supplicant( 3563): wpa_driver_nl80211_driver_cmd SCAN-ACTIVE
D/PowerManagerService( 1476): unblankAllDisplays 2
I/TV/JNI ( 1476): [TVOut] jboolean tvoutPowerEnable(JNIEnv*, jobject, jboolean)(1) ret = 0
I/hdmi ( 1476): [HDMI] JNI com.mediatek.hdmi.HDMINative.enableHDMIPOWER(1)
D/PowerManager_performance( 1476): unblankAllDisplays out ...
D/PowerManagerDisplayState( 1476): mTask: on = true, mActualOn = true, backlight = 0, mActualBacklight = 0
D/PowerManagerDisplayController( 1476): mProximity = -1
D/PowerManagerDisplayController( 1476): setScreenOn true
D/PowerManagerDisplayController( 1476): Unblocked screen on after 710 ms
D/PowerManagerDisplayState( 1476): setElectronBeamLevel: level=1.0
D/KeyguardUpdateMonitor( 1476): sendKeyguardVisibilityChanged(true)
D/WifiCommon( 1476): [wlan0]SET "DRIVER SCAN-ACTIVE" Failed
D/WifiNative-wlan0( 1476): doBoolean: SCAN
D/WifiCommon( 1476): [wlan0] SET "SCAN"
D/wpa_supplicant( 3563): RX ctrl_iface - hexdump(len=4): 53 43 41 4e
D/wpa_supplicant( 3563): wlan0: Control interface command 'SCAN'
D/wpa_supplicant( 3563): Ongoing scan action - reject new request
D/WifiCommon( 1476): [wlan0]SET "SCAN" Failed
D/WifiNative-wlan0( 1476): doBoolean: DRIVER SCAN-PASSIVE
D/WifiCommon( 1476): [wlan0] SET "DRIVER SCAN-PASSIVE"
D/wpa_supplicant( 3563): RX ctrl_iface - hexdump(len=19): 44 52 49 56 45 52 20 53 43 41 4e 2d 50 41 53 53 49 56 45
D/wpa_supplicant( 3563): wlan0: Control interface command 'DRIVER SCAN-PASSIVE'
D/wpa_supplicant( 3563): wpa_driver_nl80211_driver_cmd SCAN-PASSIVE
D/KeyguardUpdateMonitor( 1476): handleKeyguardVisibilityChanged(1)
D/WifiCommon( 1476): [wlan0]SET "DRIVER SCAN-PASSIVE" Failed
D/StateMachine( 1476): handleMessage: X
D/KeyguardViewMediator( 1476): handleMessage enter msg name=SET_HIDDEN
D/KeyguardViewMediator( 1476): handleMessage exit msg name=SET_HIDDEN
D/BufferQueue( 106): [ElectronBeam](this:0x419c6b80,api:1) cancelBuffer: slot=1
I/BufferQueue( 106): [ElectronBeam](this:0x419c6b80,api:1) disconnect: api=1
I/SurfaceTexture( 106): [ElectronBeam] [virtual android::status_t android::SurfaceTexture::forceAuxConversionLocked()] mCurrentTexture:0, mCurrentBuf:0x419db950
I/BufferQueue( 106): [ElectronBeam](this:0x419c6b80,api:0) getReleasedBuffers: returning mask 0xffffffff
I/SurfaceTexture( 106): [ElectronBeam](this:0x419d9300,api:0) destroying EGLImage dpy=0x1 img=0x419d75a0
I/SurfaceTexture( 106): [ElectronBeam](this:0x419d9300,api:0) destroying EGLImage dpy=0x1 img=0x419db3e8
I/SurfaceTexture( 106): [ElectronBeam](this:0x419d9300,api:0) destroying EGLImage dpy=0x1 img=0x419dade0
D/PowerManagerDisplayController( 1476): updatePowerState: mustNotify=true, mScreenOnWasBlocked=false, mElectronBeamOnAnimator=false, mElectronBeamOffAnimator=false, waitUntilClean=false
I/Choreographer( 1476): Skipped 41 frames! The application may be doing too much work on its main thread.
D/PowerManagerDisplayState( 1476): setScreenBrightness: brightness=167
D/PowerManagerService( 1476): newScreenState = 2
D/PowerManagerDisplayController( 1476): requestPowerState: screenState=2, useProximitySensor=false, screenBrightness=204, screenAutoBrightnessAdjustment=0.0, useAutoBrightness=false, useEcoBrightness=false, blockScreenOn=false, waitForNegativeProximity=false
I/PowerManagerService( 1476): setBrightness mButtonLight 0.
D/PowerManagerService( 1476): updateScreenStateLocked: mDisplayReady=false, newScreenState=2, mWakefulness=1, mWakeLockSummary=0x23, mUserActivitySummary=0x1, mBootCompleted=true
D/PowerManagerService( 1476): handleSandman: canDream=true, mWakefulness=Awake
D/PowerManagerDisplayState( 1476): Requesting new screen state: on=true, backlight=167, mChangeInProgress=false
D/PowerManagerDisplayController( 1476): sendMessage.
D/PowerManagerDisplayState( 1476): on mTask
D/PowerManagerDisplayState( 1476): mTask: on = true, mActualOn = true, backlight = 167, mActualBacklight = 0
D/PowerManagerDisplayState( 1476): mTask: on = true, onChanged = false, backlightChanged = true, backlight = 167
D/LightsService( 1476): setLight_native: light=0, colorARGB=0xffa7a7a7, flashMode=0, onMS=0, offMS=0, brightnessMode=0
D/lights ( 1476): write_int open fd=273
I/BufferQueue( 106): [ElectronBeam](this:0x419c6b80,api:0) consumerDisconnect
I/BufferQueue( 106): [ElectronBeam](this:0x419c6b80,api:0) ~BufferQueue
D/DefaultWifiExt( 2750): getApOrder(),return 0
D/DefaultWifiExt( 2750): getApOrder(),return 0
D/DefaultWifiExt( 2750): getApOrder(),return 0
D/DefaultWifiExt( 2750): getApOrder(),return 0
D/DefaultWifiExt( 2750): getApOrder(),return 0
D/DefaultWifiExt( 2750): getApOrder(),return 0
D/DefaultWifiExt( 2750): getApOrder(),return 0
D/PowerManagerDisplayState( 1476): mTask: on = true, mActualOn = true, backlight = 167, mActualBacklight = 167
D/PowerManagerDisplayController( 1476): mProximity = -1
D/PowerManagerDisplayController( 1476): setScreenOn true
D/PowerManagerDisplayController( 1476): updatePowerState: mustNotify=true, mScreenOnWasBlocked=false, mElectronBeamOnAnimator=false, mElectronBeamOffAnimator=false, waitUntilClean=true
D/PowerManagerDisplayController( 1476): Display ready!
D/PowerManagerDisplayState( 1476): setScreenBrightness: brightness=171
D/PowerManagerService( 1476): newScreenState = 2
D/PowerManagerDisplayController( 1476): requestPowerState: screenState=2, useProximitySensor=false, screenBrightness=204, screenAutoBrightnessAdjustment=0.0, useAutoBrightness=false, useEcoBrightness=false, blockScreenOn=false, waitForNegativeProximity=false
I/PowerManagerService( 1476): setBrightness mButtonLight 0.
D/PowerManagerService( 1476): updateScreenStateLocked: mDisplayReady=true, newScreenState=2, mWakefulness=1, mWakeLockSummary=0x23, mUserActivitySummary=0x1, mBootCompleted=true
D/PowerManagerNotifier( 1476): onWakeUpFinished
D/PowerManagerDisplayState( 1476): Requesting new screen state: on=true, backlight=171, mChangeInProgress=false
D/PowerManagerDisplayState( 1476): on mTask
D/PowerManagerDisplayState( 1476): mTask: on = true, mActualOn = true, backlight = 171, mActualBacklight = 167
D/PowerManagerDisplayState( 1476): mTask: on = true, onChanged = false, backlightChanged = true, backlight = 171
D/LightsService( 1476): setLight_native: light=0, colorARGB=0xffababab, flashMode=0, onMS=0, offMS=0, brightnessMode=0
D/lights ( 1476): write_int open fd=273
D/PowerManagerDisplayState( 1476): mTask: on = true, mActualOn = true, backlight = 171, mActualBacklight = 171
D/PowerManagerDisplayState( 1476): setScreenBrightness: brightness=174
D/PowerManagerDisplayState( 1476): Requesting new screen state: on=true, backlight=174, mChangeInProgress=false
D/PowerManagerDisplayState( 1476): on mTask
D/PowerManagerDisplayState( 1476): mTask: on = true, mActualOn = true, backlight = 174, mActualBacklight = 171
D/PowerManagerDisplayState( 1476): mTask: on = true, onChanged = false, backlightChanged = true, backlight = 174
D/LightsService( 1476): setLight_native: light=0, colorARGB=0xffaeaeae, flashMode=0, onMS=0, offMS=0, brightnessMode=0
D/lights ( 1476): write_int open fd=273
D/PowerManagerDisplayState( 1476): mTask: on = true, mActualOn = true, backlight = 174, mActualBacklight = 174
D/PowerManagerDisplayState( 1476): setScreenBrightness: brightness=178
D/PowerManagerDisplayState( 1476): Requesting new screen state: on=true, backlight=178, mChangeInProgress=false
D/PowerManagerDisplayState( 1476): on mTask
D/PowerManagerDisplayState( 1476): mTask: on = true, mActualOn = true, backlight = 178, mActualBacklight = 174
D/PowerManagerDisplayState( 1476): mTask: on = true, onChanged = false, backlightChanged = true, backlight = 178
D/LightsService( 1476): setLight_native: light=0, colorARGB=0xffb2b2b2, flashMode=0, onMS=0, offMS=0, brightnessMode=0
D/lights ( 1476): write_int open fd=273
D/PowerManagerDisplayState( 1476): mTask: on = true, mActualOn = true, backlight = 178, mActualBacklight = 178
D/PowerManagerDisplayState( 1476): setScreenBrightness: brightness=181
D/PowerManagerDisplayState( 1476): Requesting new screen state: on=true, backlight=181, mChangeInProgress=false
D/PowerManagerDisplayState( 1476): on mTask
D/PowerManagerDisplayState( 1476): mTask: on = true, mActualOn = true, backlight = 181, mActualBacklight = 178
D/PowerManagerDisplayState( 1476): mTask: on = true, onChanged = false, backlightChanged = true, backlight = 181
D/LightsService( 1476): setLight_native: light=0, colorARGB=0xffb5b5b5, flashMode=0, onMS=0, offMS=0, brightnessMode=0
D/lights ( 1476): write_int open fd=273
D/PowerManagerDisplayState( 1476): mTask: on = true, mActualOn = true, backlight = 181, mActualBacklight = 181
D/PowerManagerDisplayState( 1476): setScreenBrightness: brightness=184
D/PowerManagerDisplayState( 1476): Requesting new screen state: on=true, backlight=184, mChangeInProgress=false
D/PowerManagerDisplayState( 1476): on mTask
D/PowerManagerDisplayState( 1476): mTask: on = true, mActualOn = true, backlight = 184, mActualBacklight = 181
D/PowerManagerDisplayState( 1476): mTask: on = true, onChanged = false, backlightChanged = true, backlight = 184
D/NotificationService( 1476): Timeout pkg=com.rechild.advancedtaskkiller callback=android.app.ITransientNotification$Stub$Proxy@41933980
D/LightsService( 1476): setLight_native: light=0, colorARGB=0xffb8b8b8, flashMode=0, onMS=0, offMS=0, brightnessMode=0
D/lights ( 1476): write_int open fd=273
I/BufferQueue( 106): [Toast](this:0x419d1a50,api:2) disconnect: api=2
I/SurfaceTexture( 106): [Toast] [virtual android::status_t android::SurfaceTexture::forceAuxConversionLocked()] mCurrentTexture:1, mCurrentBuf:0x419d2b20
I/BufferQueue( 106): [Toast](this:0x419d1a50,api:0) getReleasedBuffers: returning mask 0xffffffff
I/SurfaceTexture( 106): [Toast](this:0x419c7dd0,api:0) destroying EGLImage dpy=0x1 img=0x419d5ac8
I/SurfaceTexture( 106): [Toast](this:0x419c7dd0,api:0) destroying EGLImage dpy=0x1 img=0x419d7718
D/PowerManagerDisplayState( 1476): mTask: on = true, mActualOn = true, backlight = 184, mActualBacklight = 184
V/ActivityManager( 1476): getTasks: max=1, flags=0, receiver=null
V/ActivityManager( 1476): com.android.settings/.SubSettings: task=TaskRecord{41961c40 #3 A com.android.settings U 0}
V/ActivityManager( 1476): com.android.settings/.Settings: task=TaskRecord{41961c40 #3 A com.android.settings U 0}
V/ActivityManager( 1476): We have pending thumbnails: null
D/KeyguardUpdateMonitor( 1476): sendKeyguardVisibilityChanged(true)
D/KeyguardUpdateMonitor( 1476): handleKeyguardVisibilityChanged(1)
D/KeyguardViewMediator( 1476): handleMessage enter msg name=SET_HIDDEN
D/KeyguardViewMediator( 1476): handleMessage exit msg name=SET_HIDDEN
D/PowerManagerDisplayState( 1476): setScreenBrightness: brightness=188
D/PowerManagerDisplayState( 1476): Requesting new screen state: on=true, backlight=188, mChangeInProgress=false
D/PowerManagerDisplayState( 1476): on mTask
D/PowerManagerDisplayState( 1476): mTask: on = true, mActualOn = true, backlight = 188, mActualBacklight = 184
D/PowerManagerDisplayState( 1476): mTask: on = true, onChanged = false, backlightChanged = true, backlight = 188
D/LightsService( 1476): setLight_native: light=0, colorARGB=0xffbcbcbc, flashMode=0, onMS=0, offMS=0, brightnessMode=0
D/lights ( 1476): write_int open fd=273
D/PowerManagerDisplayState( 1476): mTask: on = true, mActualOn = true, backlight = 188, mActualBacklight = 188
D/PowerManagerDisplayState( 1476): setScreenBrightness: brightness=191
D/PowerManagerDisplayState( 1476): Requesting new screen state: on=true, backlight=191, mChangeInProgress=false
D/PowerManagerDisplayState( 1476): on mTask
D/PowerManagerDisplayState( 1476): mTask: on = true, mActualOn = true, backlight = 191, mActualBacklight = 188
D/PowerManagerDisplayState( 1476): mTask: on = true, onChanged = false, backlightChanged = true, backlight = 191
D/LightsService( 1476): setLight_native: light=0, colorARGB=0xffbfbfbf, flashMode=0, onMS=0, offMS=0, brightnessMode=0
D/lights ( 1476): write_int open fd=263
D/PowerManagerDisplayState( 1476): mTask: on = true, mActualOn = true, backlight = 191, mActualBacklight = 191
D/PowerManagerDisplayState( 1476): setScreenBrightness: brightness=194
D/PowerManagerDisplayState( 1476): Requesting new screen state: on=true, backlight=194, mChangeInProgress=false
D/PowerManagerDisplayState( 1476): on mTask
D/PowerManagerDisplayState( 1476): mTask: on = true, mActualOn = true, backlight = 194, mActualBacklight = 191
D/PowerManagerDisplayState( 1476): mTask: on = true, onChanged = false, backlightChanged = true, backlight = 194
D/LightsService( 1476): setLight_native: light=0, colorARGB=0xffc2c2c2, flashMode=0, onMS=0, offMS=0, brightnessMode=0
D/lights ( 1476): write_int open fd=263
D/PowerManagerDisplayState( 1476): mTask: on = true, mActualOn = true, backlight = 194, mActualBacklight = 194
D/PowerManagerDisplayState( 1476): setScreenBrightness: brightness=198
D/PowerManagerDisplayState( 1476): Requesting new screen state: on=true, backlight=198, mChangeInProgress=false
D/PowerManagerDisplayState( 1476): on mTask
D/PowerManagerDisplayState( 1476): mTask: on = true, mActualOn = true, backlight = 198, mActualBacklight = 194
D/PowerManagerDisplayState( 1476): mTask: on = true, onChanged = false, backlightChanged = true, backlight = 198
D/LightsService( 1476): setLight_native: light=0, colorARGB=0xffc6c6c6, flashMode=0, onMS=0, offMS=0, brightnessMode=0
D/lights ( 1476): write_int open fd=263
D/PowerManagerDisplayState( 1476): mTask: on = true, mActualOn = true, backlight = 198, mActualBacklight = 198
D/PowerManagerDisplayState( 1476): setScreenBrightness: brightness=201
D/PowerManagerDisplayState( 1476): Requesting new screen state: on=true, backlight=201, mChangeInProgress=false
D/PowerManagerDisplayState( 1476): on mTask
D/PowerManagerDisplayState( 1476): mTask: on = true, mActualOn = true, backlight = 201, mActualBacklight = 198
D/PowerManagerDisplayState( 1476): mTask: on = true, onChanged = false, backlightChanged = true, backlight = 201
D/LightsService( 1476): setLight_native: light=0, colorARGB=0xffc9c9c9, flashMode=0, onMS=0, offMS=0, brightnessMode=0
D/lights ( 1476): write_int open fd=263
D/PowerManagerDisplayState( 1476): mTask: on = true, mActualOn = true, backlight = 201, mActualBacklight = 201
D/PowerManagerDisplayState( 1476): setScreenBrightness: brightness=204
D/PowerManagerDisplayState( 1476): Requesting new screen state: on=true, backlight=204, mChangeInProgress=false
D/PowerManagerDisplayState( 1476): on mTask
D/PowerManagerDisplayState( 1476): mTask: on = true, mActualOn = true, backlight = 204, mActualBacklight = 201
D/PowerManagerDisplayState( 1476): mTask: on = true, onChanged = false, backlightChanged = true, backlight = 204
D/LightsService( 1476): setLight_native: light=0, colorARGB=0xffcccccc, flashMode=0, onMS=0, offMS=0, brightnessMode=0
D/lights ( 1476): write_int open fd=263
D/PowerManagerDisplayState( 1476): mTask: on = true, mActualOn = true, backlight = 204, mActualBacklight = 204
V/ActivityManager( 1476): Activity idle: Token{41704908 ActivityRecord{419adc00 u0 com.android.settings/.SubSettings}}
I/libPerfService( 1476): 1: set: 1
E/ ( 1476): Could not open '/sys/devices/system/cpu/cpufreq/hotplug/cpu_num_base'
D/IPCThreadState( 1476): [DN #5] BR_CLEAR_DEATH_NOTIFICATION_DONE cookie 0x5c63f808
D/KeyguardUpdateMonitor( 1476): sendKeyguardVisibilityChanged(true)
I/SurfaceTextureClient( 1730): [STC::queueBuffer] (this:0x55df9fe8) fps:4.21, dur:1187.93, max:759.28, min:29.57
D/KeyguardUpdateMonitor( 1476): handleKeyguardVisibilityChanged(1)
D/KeyguardViewMediator( 1476): handleMessage enter msg name=SET_HIDDEN
D/KeyguardViewMediator( 1476): handleMessage exit msg name=SET_HIDDEN
I/BufferQueue( 106): [StatusBar](this:0x419c99c8,api:1) [queue] fps:4.23, dur:1180.86, max:758.65, min:29.84
D/IPCThreadState( 1476): [DN #5] BR_CLEAR_DEATH_NOTIFICATION_DONE cookie 0x59c11220
D/KeyguardUpdateMonitor( 1476): sendKeyguardVisibilityChanged(true)
D/KeyguardUpdateMonitor( 1476): handleKeyguardVisibilityChanged(1)
D/KeyguardViewMediator( 1476): handleMessage enter msg name=SET_HIDDEN
D/KeyguardViewMediator( 1476): handleMessage exit msg name=SET_HIDDEN
D/PowerManagerService( 1476): userActivityNoUpdateLocked: eventTime=369308, event=0, flags=0x0, uid=1000
D/PowerManagerNotifier( 1476): onUserActivity: event=0, uid=1000
D/PowerManagerService( 1476): updateUserActivitySummaryLocked: mWakefulness=Awake, mUserActivitySummary=0x1, nextTimeout=422308 (in 52999 ms)
D/PowerManagerService( 1476): newScreenState = 2
D/PowerManagerDisplayController( 1476): requestPowerState: screenState=2, useProximitySensor=false, screenBrightness=204, screenAutoBrightnessAdjustment=0.0, useAutoBrightness=false, useEcoBrightness=false, blockScreenOn=false, waitForNegativeProximity=false
I/PowerManagerService( 1476): setBrightness mButtonLight 0.
D/PowerManagerService( 1476): updateScreenStateLocked: mDisplayReady=true, newScreenState=2, mWakefulness=1, mWakeLockSummary=0x23, mUserActivitySummary=0x1, mBootCompleted=true
D/PowerManagerService( 1476): releaseWakeLockInternal: lock=1097972264, flags=0x0
D/PowerManagerService( 1476): userActivityNoUpdateLocked: eventTime=369310, event=0, flags=0x1, uid=1000
D/PowerManagerNotifier( 1476): onUserActivity: event=0, uid=1000
D/PowerManagerService( 1476): updateWakeLockSummaryLocked: mWakefulness=Awake, mWakeLockSummary=0x1
D/PowerManagerService( 1476): updateUserActivitySummaryLocked: mWakefulness=Awake, mUserActivitySummary=0x1, nextTimeout=422308 (in 52998 ms)
D/PowerManagerService( 1476): newScreenState = 2
D/PowerManagerDisplayController( 1476): requestPowerState: screenState=2, useProximitySensor=false, screenBrightness=204, screenAutoBrightnessAdjustment=0.0, useAutoBrightness=false, useEcoBrightness=false, blockScreenOn=false, waitForNegativeProximity=false
I/PowerManagerService( 1476): setBrightness mButtonLight 0.
D/PowerManagerService( 1476): updateScreenStateLocked: mDisplayReady=true, newScreenState=2, mWakefulness=1, mWakeLockSummary=0x1, mUserActivitySummary=0x1, mBootCompleted=true
D/PowerManagerService( 1476): handleSandman: canDream=true, mWakefulness=Awake
I/BufferQueue( 106): [Toast](this:0x419d1a50,api:0) consumerDisconnect
I/BufferQueue( 106): [Toast](this:0x419d1a50,api:0) ~BufferQueue
I/BufferQueue( 106): [StatusBar](this:0x419c99c8,api:1) [release] fps:4.21, dur:1187.32, max:754.43, min:25.14
D/InputReader( 1476): AP_PROF:AppLaunch_dispatchPtr:Down:369480
I/AP_PROF ( 1476): unable to open /proc/mtprof/status entry
D/PowerManagerService( 1476): userActivityFromNative
D/PowerManagerService( 1476): userActivityNoUpdateLocked: eventTime=369480, event=2, flags=0x0, uid=1000
D/PowerManagerNotifier( 1476): onUserActivity: event=2, uid=1000
D/PowerManagerService( 1476): updateUserActivitySummaryLocked: mWakefulness=Awake, mUserActivitySummary=0x1, nextTimeout=422480 (in 52999 ms)
D/PowerManagerService( 1476): newScreenState = 2
D/PowerManagerDisplayController( 1476): requestPowerState: screenState=2, useProximitySensor=false, screenBrightness=204, screenAutoBrightnessAdjustment=0.0, useAutoBrightness=false, useEcoBrightness=false, blockScreenOn=false, waitForNegativeProximity=false
I/PowerManagerService( 1476): setBrightness mButtonLight 0.
D/PowerManagerService( 1476): updateScreenStateLocked: mDisplayReady=true, newScreenState=2, mWakefulness=1, mWakeLockSummary=0x1, mUserActivitySummary=0x1, mBootCompleted=true
D/PowerManagerService( 1476): handleSandman: canDream=true, mWakefulness=Awake
D/VelocityTracker( 2750): Couldn't open '/dev/touch' (No such file or directory)
D/VelocityTracker( 2750): tpd read x fail: Bad file number
D/VelocityTracker( 2750): tpd read y fail: Bad file number
D/InputReader( 1476): AP_PROF:AppLaunch_dispatchPtr:Up:369583
I/SurfaceTextureClient( 2750): [STC::queueBuffer] (this:0x56e46bc0) fps:2.03, dur:1479.27, max:730.68, min:174.59
I/BufferQueue( 106): [com.android.settings/com.android.settings.SubSettings](this:0x419dc098,api:1) [queue] fps:2.03, dur:1479.25, max:731.16, min:174.42
I/BufferQueue( 106): [com.android.settings/com.android.settings.SubSettings](this:0x419dc098,api:1) [release] fps:2.04, dur:1470.58, max:733.15, min:166.78
V/Provider/Settings( 2750): invalidate [system]: current 6 != cached 5
D/SettingsProvider( 1476): call request for 0
V/SettingsProvider( 1476): call(system:sound_effects_enabled) for 0
D/SettingsProvider( 1476): lookupValue table system cache contains Key sound_effects_enabled , value = Bundle[{value=0}]
V/Provider/Settings( 2750): from db cache, name = sound_effects_enabled , value = 0
I/SurfaceTextureClient( 106): [STC::queueBuffer] (this:0x41574710) fps:34.29, dur:1049.79, max:282.59, min:15.87
I/BufferQueue( 106): [FramebufferSurface](this:0x41573c08,api:1) [release] fps:34.29, dur:1049.77, max:282.58, min:15.87
I/BufferQueue( 106): [FramebufferSurface](this:0x41573c08,api:1) [queue] fps:34.29, dur:1049.78, max:282.56, min:15.89
I/SurfaceFlinger( 106): [SurfaceFlinger] fps:34.292732,dur:1049.79,max:282.56,min:15.89
D/JpeNativeCheck( 2750): before calling ncheckMtk()
V/IntentResolver( 1476): Resolving type null scheme null of intent Intent { act=com.android.settings.ext.IWifiExt flg=0x8 }
V/IntentResolver( 1476): Action list: null
V/IntentResolver( 1476): Final result list:
I/PluginManager( 2750): mPluginIntent = com.android.settings.ext.IWifiExt
I/PluginManager( 2750): fillPluginList: []
D/DefaultWifiExt( 2750): DefaultWifiExt
I/Utils ( 2750): Plugin ObjectCreationException
D/WifiConfigController( 2750): priority=40
V/WindowManager( 1476): Changing focus from Window{41a17c98 u0 com.android.settings/com.android.settings.SubSettings} to Window{41c72b18 u0 FreeWifi_secure}
I/WindowManager( 1476): Gaining focus: Window{41c72b18 u0 FreeWifi_secure}
I/BufferQueue( 106): [unnamed-106-21](this:0x419d1a50,api:0) BufferQueue
I/BufferQueue( 106): [unnamed-106-21](this:0x419d1a50,api:0) consumerConnect
I/BufferQueue( 106): [unnamed-106-21](this:0x419d1a50,api:0) setConsumerName: unnamed-106-21
I/SurfaceTexture( 106): [unnamed-106-21](this:0x419d9300,api:0) SurfaceTexture
I/BufferQueue( 106): [unnamed-106-21](this:0x419d1a50,api:0) setSynchronousMode: enabled=1 (mAllowSynchronousMode=1)
I/BufferQueue( 106): [unnamed-106-21](this:0x419d1a50,api:0) setDefaultBufferSize: w=1, h=1
I/BufferQueue( 106): [FreeWifi_secure](this:0x419d1a50,api:0) setConsumerName: FreeWifi_secure
D/KeyguardUpdateMonitor( 1476): sendKeyguardVisibilityChanged(true)
D/KeyguardUpdateMonitor( 1476): handleKeyguardVisibilityChanged(1)
D/KeyguardViewMediator( 1476): handleMessage enter msg name=SET_HIDDEN
D/KeyguardViewMediator( 1476): handleMessage exit msg name=SET_HIDDEN
I/BufferQueue( 106): [FreeWifi_secure](this:0x419d1a50,api:0) setDefaultBufferSize: w=456, h=380
I/BufferQueue( 106): [FreeWifi_secure](this:0x419d1a50,api:0) connect: api=1
I/BufferQueue( 106): [FreeWifi_secure](this:0x419d1a50,api:1) setSynchronousMode: enabled=1 (mAllowSynchronousMode=1)
I/BufferQueue( 106): [FreeWifi_secure](this:0x419d1a50,api:1) setSynchronousMode: enabled=1 (mAllowSynchronousMode=1)
I/BufferQueue( 106): [FreeWifi_secure](this:0x419d1a50,api:1) new GraphicBuffer needed
D/BufferQueue( 106): [OLD] gb:NULL
I/GraphicBuffer( 106): allocate buffer (w:480 h:380 f:5) err(0)
I/BufferQueue( 106): [NEW] gb=0x419d7b90, handle=0x419d41d8, w=456, h=380, s=480, fmt=5
V/InputMethodManager( 2750): onWindowFocus: null softInputMode=272 first=true flags=#1800002
V/InputMethodManager( 2750): START INPUT: com.android.internal.policy.impl.PhoneWindow$DecorView{41640da0 V.E..... R.....ID 0,0-456,380} ic=null tba=android.view.inputmethod.EditorInfo@41619900 controlFlags=#104
V/InputMethodManagerService( 1476): windowGainedFocus: android.os.BinderProxy@41a81af8 controlFlags=#104 softInputMode=#110 windowFlags=#1800002
V/InputMethodManager( 2750): Starting input: Bind result=InputBindResult{com.android.internal.view.IInputMethodSession$Stub$Proxy@416667c8 com.android.inputmethod.latin/.LatinIME #10}
D/IPCThreadState( 1476): [DN #5] BR_CLEAR_DEATH_NOTIFICATION_DONE cookie 0x5d135f98
I/BufferQueue( 106): [FreeWifi_secure](this:0x419d1a50,api:1) new GraphicBuffer needed
D/BufferQueue( 106): [OLD] gb:NULL
I/GraphicBuffer( 106): allocate buffer (w:480 h:380 f:5) err(0)
I/SurfaceTexture( 106): [FreeWifi_secure](this:0x419d9300,api:1) [void* android::SurfaceTexture::createImage(EGLDisplay, const android::sp&)]
D/SurfaceTexture( 106): GraphicBuffer: gb=0x419d7b90 handle=0x419d41d8
D/SurfaceTexture( 106): EGLImage: dpy=0x1, img=0x419d9778
I/BufferQueue( 106): [NEW] gb=0x419d48c0, handle=0x419dacc8, w=456, h=380, s=480, fmt=5
D/KeyguardUpdateMonitor( 1476): sendKeyguardVisibilityChanged(true)
D/KeyguardUpdateMonitor( 1476): handleKeyguardVisibilityChanged(1)
D/KeyguardViewMediator( 1476): handleMessage enter msg name=SET_HIDDEN
D/KeyguardViewMediator( 1476): handleMessage exit msg name=SET_HIDDEN
V/InputMethodManager( 2750): focusOut: android.widget.ListView{415f5708 VFED.VCL .F...... 0,0-480,641 #102000a android:id/list} mServedView=com.android.internal.policy.impl.PhoneWindow$DecorView{41640da0 V.E..... R.....I. 0,0-456,380} winFocus=false
D/KeyguardUpdateMonitor( 1476): sendKeyguardVisibilityChanged(true)
D/KeyguardUpdateMonitor( 1476): handleKeyguardVisibilityChanged(1)
D/KeyguardViewMediator( 1476): handleMessage enter msg name=SET_HIDDEN
D/KeyguardViewMediator( 1476): handleMessage exit msg name=SET_HIDDEN
D/dalvikvm( 1805): GC_CONCURRENT freed 1271K (16510), 26% free 5847K/7848K, paused 4ms+2ms, total 25ms
D/KeyguardUpdateMonitor( 1476): sendKeyguardVisibilityChanged(true)
D/KeyguardUpdateMonitor( 1476): handleKeyguardVisibilityChanged(1)
D/KeyguardViewMediator( 1476): handleMessage enter msg name=SET_HIDDEN
D/KeyguardViewMediator( 1476): handleMessage exit msg name=SET_HIDDEN
D/IPCThreadState( 1476): [DN #5] BR_CLEAR_DEATH_NOTIFICATION_DONE cookie 0x5d029088
D/LocationManagerService( 1476): status timer finished
V/ActivityManager( 1476): getTasks: max=1, flags=0, receiver=null
V/ActivityManager( 1476): com.android.settings/.SubSettings: task=TaskRecord{41961c40 #3 A com.android.settings U 0}
V/ActivityManager( 1476): com.android.settings/.Settings: task=TaskRecord{41961c40 #3 A com.android.settings U 0}
V/ActivityManager( 1476): We have pending thumbnails: null
I/SurfaceTextureClient( 2750): [STC::queueBuffer] (this:0x5688a980) fps:0.92, dur:1089.28, max:1089.28, min:1089.28
I/BufferQueue( 106): [FreeWifi_secure](this:0x419d1a50,api:1) [queue] fps:0.92, dur:1089.28, max:1089.28, min:1089.28
I/BufferQueue( 106): [FreeWifi_secure](this:0x419d1a50,api:1) new GraphicBuffer needed
D/BufferQueue( 106): [OLD] gb:NULL
I/GraphicBuffer( 106): allocate buffer (w:480 h:380 f:5) err(0)
I/BufferQueue( 106): [NEW] gb=0x419d7e90, handle=0x419d5ed8, w=456, h=380, s=480, fmt=5
I/SurfaceTexture( 106): [FreeWifi_secure](this:0x419d9300,api:1) [void* android::SurfaceTexture::createImage(EGLDisplay, const android::sp&)]
D/SurfaceTexture( 106): GraphicBuffer: gb=0x419d48c0 handle=0x419dacc8
D/SurfaceTexture( 106): EGLImage: dpy=0x1, img=0x415bfcf8
I/SurfaceTextureClient( 106): [STC::queueBuffer] (this:0x41574710) fps:15.53, dur:1417.06, max:783.52, min:16.50
I/BufferQueue( 106): [FramebufferSurface](this:0x41573c08,api:1) [release] fps:15.53, dur:1417.06, max:783.57, min:16.49
I/BufferQueue( 106): [FramebufferSurface](this:0x41573c08,api:1) [queue] fps:15.53, dur:1417.06, max:783.60, min:16.50
I/SurfaceFlinger( 106): [SurfaceFlinger] fps:15.525199,dur:1417.05,max:783.62,min:16.50
I/SurfaceTexture( 106): [FreeWifi_secure](this:0x419d9300,api:1) [void* android::SurfaceTexture::createImage(EGLDisplay, const android::sp&)]
D/SurfaceTexture( 106): GraphicBuffer: gb=0x419d7e90 handle=0x419d5ed8
D/SurfaceTexture( 106): EGLImage: dpy=0x1, img=0x419d77e0
D/IPCThreadState( 1476): [DN #5] BR_CLEAR_DEATH_NOTIFICATION_DONE cookie 0x5c706768
I/SurfaceTextureClient( 1730): [STC::queueBuffer] (this:0x55df9fe8) fps:1.50, dur:1998.75, max:1000.79, min:497.88
I/BufferQueue( 106): [StatusBar](this:0x419c99c8,api:1) [queue] fps:1.50, dur:1997.69, max:1000.84, min:496.68
I/BufferQueue( 106): [StatusBar](this:0x419c99c8,api:1) [release] fps:1.50, dur:1999.91, max:1000.10, min:499.79
V/AlarmManager( 1476): Native set alarm :Alarm{41d41688 type 2 com.google.android.gms}
I/AlarmManager( 1476): reset poweroff alarm none
V/ActivityManager( 1476): Broadcast: Intent { act=com.android.internal.policy.impl.PhoneWindowManager.DELAYED_KEYGUARD flg=0x14 (has extras) } ordered=true userid=0
D/PowerManagerService( 1476): acquireWakeLockInternal: lock=1099904408, flags=0x1, tag="AlarmManager", ws={WorkSource: uids=[1000]}, uid=1000, pid=1476
D/PowerManagerService( 1476): updateWakeLockSummaryLocked: mWakefulness=Awake, mWakeLockSummary=0x1
D/PowerManagerService( 1476): newScreenState = 2
D/PowerManagerDisplayController( 1476): requestPowerState: screenState=2, useProximitySensor=false, screenBrightness=204, screenAutoBrightnessAdjustment=0.0, useAutoBrightness=false, useEcoBrightness=false, blockScreenOn=false, waitForNegativeProximity=false
I/PowerManagerService( 1476): setBrightness mButtonLight 0.
D/PowerManagerService( 1476): updateScreenStateLocked: mDisplayReady=true, newScreenState=2, mWakefulness=1, mWakeLockSummary=0x1, mUserActivitySummary=0x1, mBootCompleted=true
D/PowerManagerService( 1476): handleSandman: canDream=true, mWakefulness=Awake
D/ActivityThread( 1476): BDC-Calling onReceive: intent=Intent { act=com.android.internal.policy.impl.PhoneWindowManager.DELAYED_KEYGUARD flg=0x14 (has extras) }, ordered=true, receiver=com.android.internal.policy.impl.keyguard.KeyguardViewMediator$3@417418c8, IIntentReceiver=417f21d0
D/KeyguardViewMediator( 1476): received DELAYED_KEYGUARD_ACTION with seq = 3, mDelayedShowingSequence = 4
D/ActivityThread( 1476): BDC-Calling finishReceiver: IIntentReceiver=417f21d0
D/PowerManagerService( 1476): releaseWakeLockInternal: lock=1099904408, flags=0x0
D/PowerManagerService( 1476): updateWakeLockSummaryLocked: mWakefulness=Awake, mWakeLockSummary=0x1
D/PowerManagerService( 1476): newScreenState = 2
D/PowerManagerDisplayController( 1476): requestPowerState: screenState=2, useProximitySensor=false, screenBrightness=204, screenAutoBrightnessAdjustment=0.0, useAutoBrightness=false, useEcoBrightness=false, blockScreenOn=false, waitForNegativeProximity=false
I/PowerManagerService( 1476): setBrightness mButtonLight 0.
D/PowerManagerService( 1476): updateScreenStateLocked: mDisplayReady=true, newScreenState=2, mWakefulness=1, mWakeLockSummary=0x1, mUserActivitySummary=0x1, mBootCompleted=true
D/PowerManagerService( 1476): handleSandman: canDream=true, mWakefulness=Awake
V/Provider/Settings( 1476): from settings cache , name = read_external_storage_enforced_default , value = null
D/dalvikvm( 107): threadid=2: exiting
D/dalvikvm( 107): threadid=2: bye!
D/dalvikvm( 107): threadid=3: exiting
D/dalvikvm( 107): threadid=3: bye!
D/dalvikvm( 107): threadid=4: exiting
D/dalvikvm( 107): threadid=4: bye!
D/dalvikvm( 107): pre gc
D/dalvikvm( 107): Zygote::ForkAndSpecialize +
D/dalvikvm( 107): Zygote::ForkAndSpecialize : 3601
D/dalvikvm( 3601): Zygote::ForkAndSpecialize : 0
D/dalvikvm( 3601): zygote get new systemTid : 3601
D/dalvikvm( 3601): threadid=2: interp stack at 0x51aa1000
D/dalvikvm( 3601): threadid=3: interp stack at 0x51ba9000
D/jdwp ( 3601): prepping for JDWP over ADB
D/jdwp ( 3601): ADB transport startup
D/dalvikvm( 3601): Elevating priority from 0 to -8
D/dalvikvm( 3601): threadid=4: interp stack at 0x51cb1000
D/jdwp ( 3601): JDWP: thread running
D/jdwp ( 3601): acceptConnection
D/jdwp ( 3601): trying to receive file descriptor from ADB
D/dalvikvm( 3601): threadid=5: interp stack at 0x54bc4000
D/dalvikvm( 3601): zygote get thread init done
D/dalvikvm( 107): create interp thread : stack size=32KB
D/dalvikvm( 107): create new thread
D/dalvikvm( 107): new thread created
D/dalvikvm( 107): update thread list
D/dalvikvm( 3601): create interp thread : stack size=32KB
D/dalvikvm( 3601): create new thread
D/dalvikvm( 3601): new thread created
D/dalvikvm( 3601): update thread list
D/dalvikvm( 3601): threadid=6: interp stack at 0x54bcc000
D/dalvikvm( 3601): threadid=6: created from interp
D/dalvikvm( 107): threadid=2: interp stack at 0x519a1000
D/dalvikvm( 107): threadid=2: created from interp
D/dalvikvm( 107): start new thread
D/dalvikvm( 3601): start new thread
D/dalvikvm( 107): create interp thread : stack size=32KB
D/dalvikvm( 107): create new thread
D/dalvikvm( 107): new thread created
D/dalvikvm( 107): update thread list
D/dalvikvm( 107): threadid=2: notify debugger
D/dalvikvm( 107): threadid=2 (ReferenceQueueDaemon): calling run()
D/dalvikvm( 3601): threadid=6: notify debugger
D/dalvikvm( 3601): threadid=6 (ReferenceQueueDaemon): calling run()
D/dalvikvm( 107): threadid=3: interp stack at 0x51aa9000
D/dalvikvm( 107): threadid=3: created from interp
D/dalvikvm( 107): start new thread
D/dalvikvm( 107): create interp thread : stack size=32KB
D/dalvikvm( 107): create new thread
D/dalvikvm( 107): new thread created
D/dalvikvm( 107): update thread list
D/dalvikvm( 107): threadid=3: notify debugger
D/dalvikvm( 107): threadid=3 (FinalizerDaemon): calling run()
D/dalvikvm( 107): threadid=4: interp stack at 0x51bb1000
D/dalvikvm( 107): threadid=4: created from interp
D/dalvikvm( 107): start new thread
D/dalvikvm( 107): threadid=4: notify debugger
D/dalvikvm( 107): threadid=4 (FinalizerWatchdogDaemon): calling run()
D/dalvikvm( 3601): create interp thread : stack size=32KB
I/ActivityManager( 1476): Start proc cm.aptoide.pt for service cm.aptoide.pt/.services.ServiceManagerDownload: pid=3601 uid=10146 gids={50146, 3003, 1015, 1028}
D/dalvikvm( 3601): create new thread
D/dalvikvm( 3601): new thread created
D/dalvikvm( 3601): update thread list
D/dalvikvm( 3601): threadid=7: interp stack at 0x54cd4000
D/dalvikvm( 3601): threadid=7: created from interp
D/dalvikvm( 3601): start new thread
D/dalvikvm( 3601): threadid=7: notify debugger
D/dalvikvm( 3601): create interp thread : stack size=32KB
D/dalvikvm( 3601): threadid=7 (FinalizerDaemon): calling run()
D/dalvikvm( 3601): create new thread
D/dalvikvm( 3601): new thread created
D/dalvikvm( 3601): update thread list
D/dalvikvm( 3601): threadid=8: interp stack at 0x54ddc000
D/dalvikvm( 3601): threadid=8: created from interp
D/dalvikvm( 3601): start new thread
D/dalvikvm( 3601): threadid=8: notify debugger
D/dalvikvm( 3601): threadid=8 (FinalizerWatchdogDaemon): calling run()
I/dalvikvm( 3601): Turning on JNI app bug workarounds for target SDK version 7...
D/dalvikvm( 3601): threadid=9: interp stack at 0x551e2000
D/dalvikvm( 3601): threadid=10: interp stack at 0x552ea000
V/ActivityManager( 1476): Binding process pid 3601 to record ProcessRecord{41cbc0a0 3601:cm.aptoide.pt/u0a10146}
V/ActivityManager( 1476): New death recipient com.android.server.am.ActivityManagerService$AppDeathRecipient@4193e750 for thread android.os.BinderProxy@41caacf0
V/ActivityManager( 1476): New app record ProcessRecord{41cbc0a0 3601:cm.aptoide.pt/u0a10146} thread=android.os.BinderProxy@41caacf0 pid=3601
D/dalvikvm( 3601): open_cached_dex_file : /data/app/cm.aptoide.pt-1.apk /data/dalvik-cache/data@app@cm.aptoide.pt-1.apk@classes.dex
D/dalvikvm( 3601): create interp thread : stack size=32KB
D/dalvikvm( 3601): create new thread
D/dalvikvm( 3601): new thread created
D/dalvikvm( 3601): update thread list
D/dalvikvm( 3601): threadid=11: interp stack at 0x556ba000
D/dalvikvm( 3601): threadid=11: created from interp
D/dalvikvm( 3601): start new thread
D/ACRA ( 3601): ACRA is enabled for cm.aptoide.pt, intializing...
D/dalvikvm( 3601): threadid=11: notify debugger
D/dalvikvm( 3601): threadid=11 (SharedPreferencesImpl-load): calling run()
D/dalvikvm( 3601): threadid=11: exiting
D/dalvikvm( 3601): threadid=11: bye!
D/ACRA ( 3601): Looking for error files in /data/data/cm.aptoide.pt/files
D/ACRA ( 3601): Looking for error files in /data/data/cm.aptoide.pt/files
D/dalvikvm( 3601): create interp thread : stack size=32KB
D/dalvikvm( 3601): create new thread
D/dalvikvm( 3601): new thread created
D/dalvikvm( 3601): update thread list
D/dalvikvm( 3601): threadid=11: interp stack at 0x556ba000
D/dalvikvm( 3601): threadid=11: created from interp
D/dalvikvm( 3601): start new thread
D/dalvikvm( 3601): threadid=11: notify debugger
D/dalvikvm( 3601): threadid=11 (SharedPreferencesImpl-load): calling run()
D/dalvikvm( 3601): threadid=11: exiting
D/dalvikvm( 3601): threadid=11: bye!
D/Brand ( 3601): brand_aptoide D/Mature content Switch( 3601): true D/Mature content value( 3601): true
D/Multiple stores( 3601): true
D/Search stores( 3601): true D/Custom editors choice( 3601): false
D/Aptoide theme( 3601): default
D/Market name( 3601): Aptoide
D/AdUnitId( 3601): 18947d9a99e511e295fa123138070049
D/Store Theme( 3601): magalhaes
D/Store avatar( 3601): http://cdn1.aptoide.com/includes/themes/default/images/repo_default_icon.png
D/Store description( 3601): Magalhães Market: free educational apps
D/Store view( 3601): list
D/Store items( 3601): applications,games,top_apps,latest_apps,latest_comments,latest_likes,favorites,recommended
V/Aptoide-ManagerPreferences( 3601): gotSharedPreferences: aptoide_preferences
D/Settings/BW( 2297): ReadCodeTask:file size: 4096
D/IPCThreadState( 1476): [DN #5] BR_CLEAR_DEATH_NOTIFICATION_DONE cookie 0x5c27de10
I/SurfaceTextureClient( 106): [STC::queueBuffer] (this:0x41574710) fps:14.80, dur:1216.42, max:499.92, min:16.40
I/BufferQueue( 106): [FramebufferSurface](this:0x41573c08,api:1) [release] fps:14.80, dur:1216.42, max:499.98, min:16.37
I/BufferQueue( 106): [FramebufferSurface](this:0x41573c08,api:1) [queue] fps:14.80, dur:1216.42, max:500.01, min:16.37
I/SurfaceFlinger( 106): [SurfaceFlinger] fps:14.797485,dur:1216.42,max:500.03,min:16.36
V/ActivityManager( 1476): getTasks: max=1, flags=0, receiver=null
V/ActivityManager( 1476): com.android.settings/.SubSettings: task=TaskRecord{41961c40 #3 A com.android.settings U 0}
V/ActivityManager( 1476): com.android.settings/.Settings: task=TaskRecord{41961c40 #3 A com.android.settings U 0}
V/ActivityManager( 1476): We have pending thumbnails: null
D/IPCThreadState( 1476): [DN #5] BR_CLEAR_DEATH_NOTIFICATION_DONE cookie 0x59a992f0
D/NetworkControllerGemini( 1730): PhoneStateListener:onSignalStrengthsChanged, sim1 before.
D/NetworkControllerGemini( 1730): PhoneStateListener:onSignalStrengthsChanged, signalStrength=3
D/NetworkControllerGemini( 1730): updateDataNetType(0), DataNetType=10.
D/NetworkControllerGemini( 1730): updateDataNetType(0), simColorId=0
D/TelephonyManagerEx( 1730): isNetworkRoaming
V/ActivityManager( 1476): Broadcast sticky: Intent { act=android.intent.action.SIG_STR flg=0x10 (has extras) } ordered=false userid=-1
D/NetworkControllerGemini( 1730): updateDataNetType(0) RoamingresId= 2130837933 simColorId = 0
D/NetworkControllerGemini( 1730): updateDataNetType(0), DataNetType3G=Type_3G tempDataTypeIconId= 2130837914.
D/Bluetooth HS/HF( 1818): [BT][HFG] [API] mStateReceiver.onReceive(android.intent.action.SIG_STR)
D/NetworkControllerGemini( 1730): isSimInserted(0), SimInserted=true
D/NetworkControllerGemini( 1730): updateTelephonySignalStrength(0), regState=5
D/NetworkControllerGemini( 1730): updateTelephonySignalStrength(0), hasService=true
D/TelephonyManagerEx( 1730): isNetworkRoaming
D/Bluetooth HS/HF( 1818): [BT][HFG] [API] mHandler.handleMessage(10)
D/NetworkControllerGemini( 1730): updateTelephonySignalStrength(0), isRoaming=true, mInetCondition=0
D/NetworkControllerGemini( 1730): updateTelephonySignalStrength(0), simColorId=0
D/NetworkControllerGemini( 1730): updateTelephonySignalStrength(0), tempDataNetType = Type_3G , simColorId=0 tempPhoneSignalIconId[0] = 2130837950 tempPhoneSignalIconId[1] = 0
D/NetworkControllerGemini( 1730): updateTelephonySignalStrength(0) tempSIMCUSignVisible= true
D/NetworkControllerGemini( 1730): updateTelephonySignalStrength(0) mSIMCUSignVisible = true
D/NetworkControllerGemini( 1730): refreshViews(0), DataConnected=false simColorId = 0
D/TelephonyManagerEx( 1730): isNetworkRoaming
D/NetworkControllerGemini( 1730): refreshViews(0) RoamingresId= 2130837933 simColorId = 0
D/NetworkControllerGemini( 1730): refreshViews(0), dataTypeIconId=0
D/SignalClusterViewGemini( 1730): setShowSimIndicator(0), showSimIndicator=false simIndicatorResource = 0
D/SignalClusterViewGemini( 1730): setDataConnected(0), dataConnected=false
D/SignalClusterViewGemini( 1730): setDataNetType3G(0), dataNetType=Type_3G
D/TelephonyManager( 1980): getDefaultSim is sim1
D/SignalClusterViewGemini( 1730): apply : mShowSimIndicator = false mSimIndicatorResource = 0 mShowSimIndicatorGemini = false mSimIndicatorResourceGemini = 0
D/SignalClusterViewGemini( 1730): apply, mMobileVisible=true mMobileActivityId=0 mMobileTypeId=0 mMobileStrengthId[0] = 2130837950 mMobileStrengthId[1] = 0
D/TelephonyManager( 1980): getDefaultSim is sim1
D/SignalClusterViewGemini( 1730): isSimInserted(0), SimInserted=true
D/SignalClusterViewGemini( 1730): mDataNetType =Type_3G resId= 0 simColorId = 0
D/SignalClusterViewGemini( 1730): apply, mMobileVisibleGemini=true mMobileActivityIdGemini=0 mMobileTypeIdGemini=0 mMobileStrengthIdGemini[0] = 2130837960 mMobileStrengthIdGemini[1] = 0
D/SignalClusterViewGemini( 1730): isSimInserted(1), SimInserted=false
D/SignalClusterViewGemini( 1730): apply, mMobileVisible=true, mWifiVisible=false, mIsAirplaneMode=false
D/NetworkControllerGemini( 1730): PhoneStateListener:onSignalStrengthsChanged, sim1 after.
I/SurfaceTextureClient( 1730): [STC::queueBuffer] (this:0x55df9fe8) fps:1.68, dur:1785.63, max:786.41, min:499.54
I/BufferQueue( 106): [StatusBar](this:0x419c99c8,api:1) [queue] fps:1.68, dur:1785.53, max:786.50, min:499.47
I/BufferQueue( 106): [StatusBar](this:0x419c99c8,api:1) [release] fps:1.68, dur:1783.21, max:783.30, min:499.94
D/dalvikvm( 3213): threadid=20: exiting
D/dalvikvm( 3213): threadid=20: bye!
I/SurfaceTextureClient( 106): [STC::queueBuffer] (this:0x41574710) fps:2.00, dur:1000.03, max:783.38, min:216.65
I/BufferQueue( 106): [FramebufferSurface](this:0x41573c08,api:1) [release] fps:2.00, dur:1000.04, max:783.32, min:216.72
I/BufferQueue( 106): [FramebufferSurface](this:0x41573c08,api:1) [queue] fps:2.00, dur:1000.04, max:783.29, min:216.75
I/SurfaceFlinger( 106): [SurfaceFlinger] fps:1.999932,dur:1000.03,max:783.27,min:216.77
D/IPCThreadState( 1476): [DN #5] BR_CLEAR_DEATH_NOTIFICATION_DONE cookie 0x5c70aa80
D/wpa_supplicant( 3563): wlan0: RX EAPOL from f4:ca:e5:96:cb:fa
D/wpa_supplicant( 3563): EAPOL: Received EAP-Packet frame
D/dalvikvm( 1805): GC_CONCURRENT freed 1161K (15455), 26% free 5842K/7848K, paused 1ms+2ms, total 18ms
D/WindowManager( 1476): interceptKeyTq keycode=4 screenIsOn=true keyguardActive=false policyFlags = #2000100 down =true canceled = false isWakeKey=false
D/PhoneInterfaceManager( 1818): state = IDLE
D/AudioYusuHardware( 110): +getParameters
D/AudioYusuHardware( 110): +getParameters mFmStatus:0, mFmDigitalInStatus:0
D/AudioYusuHardware( 110): MT66xx Get_FMPower_info
E/AudioYusuHardware( 110): open /proc/fm error fd = -1
D/AudioYusuHardware( 110): +getParameters Get_FMPower_info():0
D/AudioYusuHardware( 110): MT66xx Get_FMPower_info
E/AudioYusuHardware( 110): open /proc/fm error fd = -1
D/AudioYusuHardware( 110): -getParameters() GetFmEnable=false
D/AudioManager( 1476): isFmActive GetFmEnable=false
V/Provider/Settings( 1476): get setting for user -2 by user 0 so skipping cache
V/SettingsProvider( 1476): access setting for user 0
D/SettingsProvider( 1476): call request for 0
V/SettingsProvider( 1476): call(system:haptic_feedback_enabled) for 0
D/SettingsProvider( 1476): lookupValue table system cache contains Key haptic_feedback_enabled , value = Bundle[{value=1}]
V/Provider/Settings( 1476): from db cache, name = haptic_feedback_enabled , value = 1
I/Provider/Settings( 1476): call-query of user -2 by 0 so not updating cache
D/PowerManagerService( 1476): acquireWakeLockInternal: lock=1099585056, flags=0x1, tag="*vibrator*", ws={WorkSource: uids=[1000]}, uid=1000, pid=1476
D/PowerManagerService( 1476): updateWakeLockSummaryLocked: mWakefulness=Awake, mWakeLockSummary=0x1
D/PowerManagerService( 1476): newScreenState = 2
D/PowerManagerDisplayController( 1476): requestPowerState: screenState=2, useProximitySensor=false, screenBrightness=204, screenAutoBrightnessAdjustment=0.0, useAutoBrightness=false, useEcoBrightness=false, blockScreenOn=false, waitForNegativeProximity=false
I/PowerManagerService( 1476): setBrightness mButtonLight 0.
D/PowerManagerService( 1476): updateScreenStateLocked: mDisplayReady=true, newScreenState=2, mWakefulness=1, mWakeLockSummary=0x1, mUserActivitySummary=0x1, mBootCompleted=true
D/dalvikvm( 1476): create interp thread : stack size=32KB
D/dalvikvm( 1476): create new thread
D/dalvikvm( 1476): new thread created
D/dalvikvm( 1476): update thread list
D/PowerManagerService( 1476): handleSandman: canDream=true, mWakefulness=Awake
D/dalvikvm( 1476): threadid=87: interp stack at 0x5a023000
D/dalvikvm( 1476): threadid=87: created from interp
D/dalvikvm( 1476): start new thread
V/Provider/Settings( 1476): get setting for user -2 by user 0 so skipping cache
V/SettingsProvider( 1476): access setting for user 0
D/SettingsProvider( 1476): call request for 0
V/SettingsProvider( 1476): call(system:haptic_feedback_enabled) for 0
D/SettingsProvider( 1476): lookupValue table system cache contains Key haptic_feedback_enabled , value = Bundle[{value=1}]
V/Provider/Settings( 1476): from db cache, name = haptic_feedback_enabled , value = 1
I/Provider/Settings( 1476): call-query of user -2 by 0 so not updating cache
D/dalvikvm( 1476): create interp thread : stack size=32KB
D/dalvikvm( 1476): create new thread
D/dalvikvm( 1476): new thread created
D/dalvikvm( 1476): update thread list
D/dalvikvm( 1476): threadid=87: notify debugger
D/dalvikvm( 1476): threadid=87 (Thread-132): calling run()
D/dalvikvm( 1476): threadid=88: interp stack at 0x5a02b000
D/dalvikvm( 1476): threadid=88: created from interp
D/dalvikvm( 1476): start new thread
D/dalvikvm( 1476): threadid=88: notify debugger
D/dalvikvm( 1476): threadid=87: exiting
D/PowerManagerService( 1476): userActivityFromNative
D/dalvikvm( 1476): threadid=87: bye!
D/PowerManagerService( 1476): userActivityNoUpdateLocked: eventTime=373754, event=1, flags=0x0, uid=1000
D/PowerManagerNotifier( 1476): onUserActivity: event=1, uid=1000
D/PowerManagerService( 1476): updateUserActivitySummaryLocked: mWakefulness=Awake, mUserActivitySummary=0x5, nextTimeout=381754 (in 7982 ms)
D/dalvikvm( 1476): threadid=88 (Thread-133): calling run()
D/PowerManagerService( 1476): newScreenState = 2
D/PowerManagerDisplayController( 1476): requestPowerState: screenState=2, useProximitySensor=false, screenBrightness=204, screenAutoBrightnessAdjustment=0.0, useAutoBrightness=false, useEcoBrightness=false, blockScreenOn=false, waitForNegativeProximity=false
