D/PowerManagerService( 1476): updateScreenStateLocked: mDisplayReady=true, newScreenState=0, mWakefulness=0, mWakeLockSummary=0x1, mUserActivitySummary=0x0, mBootCompleted=true
D/PowerManagerService( 1476): handleSandman: canDream=false, mWakefulness=Asleep
D/PowerManagerService( 1476): releaseWakeLockInternal: lock=1100756840, flags=0x0
D/PowerManagerService( 1476): updateWakeLockSummaryLocked: mWakefulness=Asleep, mWakeLockSummary=0x1
D/PowerManagerService( 1476): newScreenState = 0
D/PowerManagerDisplayController( 1476): requestPowerState: screenState=0, useProximitySensor=false, screenBrightness=204, screenAutoBrightnessAdjustment=0.0, useAutoBrightness=false, useEcoBrightness=false, blockScreenOn=false, waitForNegativeProximity=false
I/PowerManagerService( 1476): setBrightness mButtonLight 0.
D/PowerManagerService( 1476): updateScreenStateLocked: mDisplayReady=true, newScreenState=0, mWakefulness=0, mWakeLockSummary=0x1, mUserActivitySummary=0x0, mBootCompleted=true
D/IPCThreadState( 1476): [DN #5] BR_CLEAR_DEATH_NOTIFICATION_DONE cookie 0x5a610f20
D/PowerManagerService( 1476): handleSandman: canDream=false, mWakefulness=Asleep
D/PowerManagerService( 1476): acquireWakeLockInternal: lock=1100756840, flags=0x1, tag="RILJ", ws=null, uid=1001, pid=1818
D/PowerManagerService( 1476): updateWakeLockSummaryLocked: mWakefulness=Asleep, mWakeLockSummary=0x1
D/PowerManagerService( 1476): newScreenState = 0
D/PowerManagerDisplayController( 1476): requestPowerState: screenState=0, useProximitySensor=false, screenBrightness=204, screenAutoBrightnessAdjustment=0.0, useAutoBrightness=false, useEcoBrightness=false, blockScreenOn=false, waitForNegativeProximity=false
I/PowerManagerService( 1476): setBrightness mButtonLight 0.
D/PowerManagerService( 1476): updateScreenStateLocked: mDisplayReady=true, newScreenState=0, mWakefulness=0, mWakeLockSummary=0x1, mUserActivitySummary=0x0, mBootCompleted=true
D/PowerManagerService( 1476): handleSandman: canDream=false, mWakefulness=Asleep
D/PowerManagerService( 1476): releaseWakeLockInternal: lock=1100756840, flags=0x0
D/PowerManagerService( 1476): updateWakeLockSummaryLocked: mWakefulness=Asleep, mWakeLockSummary=0x1
D/PowerManagerService( 1476): newScreenState = 0
D/PowerManagerDisplayController( 1476): requestPowerState: screenState=0, useProximitySensor=false, screenBrightness=204, screenAutoBrightnessAdjustment=0.0, useAutoBrightness=false, useEcoBrightness=false, blockScreenOn=false, waitForNegativeProximity=false
I/PowerManagerService( 1476): setBrightness mButtonLight 0.
D/PowerManagerService( 1476): updateScreenStateLocked: mDisplayReady=true, newScreenState=0, mWakefulness=0, mWakeLockSummary=0x1, mUserActivitySummary=0x0, mBootCompleted=true
D/IPCThreadState( 1476): [DN #5] BR_CLEAR_DEATH_NOTIFICATION_DONE cookie 0x5a610f20
D/PowerManagerService( 1476): handleSandman: canDream=false, mWakefulness=Asleep
D/IPCThreadState( 1476): [DN #5] BR_CLEAR_DEATH_NOTIFICATION_DONE cookie 0x59165478
V/ActivityManager( 1476): Broadcast sticky: Intent { act=android.intent.action.SIM_INDICATOR_STATE_CHANGED flg=0x10 (has extras) } ordered=false userid=-1
D/NetworkControllerGemini( 1730): onReceive, intent action is android.intent.action.SIM_INDICATOR_STATE_CHANGED
D/NetworkControllerGemini( 1730): updateDataNetType(0), DataNetType=10.
D/NetworkControllerGemini( 1730): updateDataNetType(0), simColorId=0
D/TelephonyManagerEx( 1730): isNetworkRoaming
D/NetworkControllerGemini( 1730): updateDataNetType(0), DataNetType3G=Type_3G tempDataTypeIconId= 2130837913.
D/MediatekCarrierText( 1476): onSearchNetworkUpdate simId=0, switchOn=false
D/MediatekCarrierText( 1476): updateCarrierTextGemini, simState=READY, plmn=null, spn=Free, simId=0
D/MediatekCarrierText( 1476): mSIMOneMissing=false,mSIMTwoMissing=true
D/MediatekCarrierText( 1476): showOrHideCarrier mCarrierView.text=FREE, mCarrierView.visibility=0, mCarrierDivider.text= | , mCarrierDivider.visibility=8, mCarrierGeminiView.text=AUCUNE CARTE SIM N'A ÉTÉ TROUVÉE. — AUCUN SERVICE, mCarrierGeminiView.visibility=8
D/MediatekCarrierText( 1476): getCarrierTextForSimState simState=READY, PLMN=null, SPN=Free carrierText=Free
D/MtkAgps ( 1476): [MtkAgpsManagerService] SIM=1 onServiceStateChanged phone is in service
E/MtkAgps ( 1476): [MtkAgpsManagerService][agps] ERR: OutputStream is not ready!!
D/TelephonyManagerEx( 1476): isNetworkRoaming
E/MtkAgps ( 1476): [MtkAgpsManagerService][agps] ERR: OutputStream is not ready!! D/Voodoo FreeOrNot ConnectivityService( 3006): onServiceStateChanged state=0 D/Voodoo FreeOrNot ConnectivityService( 3006): State: Carrier: Free D/Voodoo FreeOrNot ConnectivityService( 3006): State: Manual selection? false D/Voodoo FreeOrNot ConnectivityService( 3006): State: Roaming? false D/Voodoo FreeOrNot ConnectivityService( 3006): State: STATE_IN_SERVICE D/Voodoo FreeOrNot Connectivity( 3006): Scheduling data on Orange without roaming test
D/NetworkControllerGemini( 1730): isSimInserted(0), SimInserted=true
D/NetworkControllerGemini( 1730): updateTelephonySignalStrength(0), regState=5
D/NetworkControllerGemini( 1730): updateTelephonySignalStrength(0), hasService=true
D/TelephonyManagerEx( 1730): isNetworkRoaming
D/NetworkControllerGemini( 1730): updateTelephonySignalStrength(0), isRoaming=false, mInetCondition=0
D/NetworkControllerGemini( 1730): updateTelephonySignalStrength(0), simColorId=0
D/NetworkControllerGemini( 1730): updateTelephonySignalStrength(0), tempDataNetType = Type_3G , simColorId=0 tempPhoneSignalIconId[0] = 2130837950 tempPhoneSignalIconId[1] = 0
D/NetworkControllerGemini( 1730): updateTelephonySignalStrength(0) tempSIMCUSignVisible= true
D/NetworkControllerGemini( 1730): updateTelephonySignalStrength(0) mSIMCUSignVisible = true
D/TelephonyManager( 1476): getDefaultSim is sim1
V/ActivityManager( 1476): Broadcast sticky: Intent { act=android.intent.action.SERVICE_STATE flg=0x10 (has extras) } ordered=false userid=-1
D/NetworkControllerGemini( 1730): isSimInserted(0), SimInserted=true
D/CountryDetector( 1476): onServiceStateChanged serviceState:SIM1 0 home Free Free 20815 Unknown CSS not supported -1 -1 RoamInd=-1 DefRoamInd=-1 EmergOnly=false Regist state: 1
D/NetworkControllerGemini( 1730): isSimInserted(1), SimInserted=false
D/NetworkControllerGemini( 1730): updateOperatorInfo, sim1Inserted is true, sim2Inserted is false.
D/NetworkControllerGemini( 1730): refreshViews(0), DataConnected=false simColorId = 0
D/TelephonyManagerEx( 1730): isNetworkRoaming
D/NetworkControllerGemini( 1730): refreshViews(0), dataTypeIconId=0
D/SignalClusterViewGemini( 1730): setShowSimIndicator(0), showSimIndicator=false simIndicatorResource = 0
D/SignalClusterViewGemini( 1730): setDataConnected(0), dataConnected=false
D/SignalClusterViewGemini( 1730): setDataNetType3G(0), dataNetType=Type_3G
D/SignalClusterViewGemini( 1730): apply : mShowSimIndicator = false mSimIndicatorResource = 0 mShowSimIndicatorGemini = false mSimIndicatorResourceGemini = 0
I/TelephonyRegistry( 1476): notifyDataConnection: state=0 isDataConnectivityPossible=false reason='nwTypeChanged' apn='null' apnType=default networkType=0 mRecords.size()=10 mRecords=[{pkgForDebug=KeyguardUpdateMonitor callerUid=0 events=1}, {pkgForDebug=AudioService callerUid=0 events=20}, {pkgForDebug=android callerUid=0 events=71}, {pkgForDebug=SystemUI SIMHelper callerUid=0 events=1e1}, {pkgForDebug=SystemUI SIMHelper callerUid=0 events=1}, {pkgForDebug=com.google.android.location callerUid=0 events=150}, {pkgForDebug=com.google.android.location callerUid=0 events=550}, {pkgForDebug=com.android.phone callerUid=0 events=d}, {pkgForDebug=android callerUid=0 events=1}, {pkgForDebug=org.projectvoodoo.freeornot callerUid=0 events=61}]
D/TelephonyRegistry( 1476): onDataConnectionStateChanged(-1, 0)
W/ContextImpl( 1476): Calling a method in the system process without a qualified user: android.app.ContextImpl.sendOrderedBroadcast:1150 com.android.server.TelephonyRegistry.broadcastDataConnectionStateChanged:843 com.android.server.TelephonyRegistry.notifyDataConnection:598 com.android.internal.telephony.ITelephonyRegistry$Stub.onTransact:157 android.os.Binder.execTransact:351
D/SignalClusterViewGemini( 1730): apply, mMobileVisible=true mMobileActivityId=0 mMobileTypeId=0 mMobileStrengthId[0] = 2130837950 mMobileStrengthId[1] = 0 D/Voodoo FreeOrNot StatusBarNotification( 3006): Update system notification with: HSPA (3G+ avancée), sélection automatique
D/SignalClusterViewGemini( 1730): isSimInserted(0), SimInserted=true
D/SignalClusterViewGemini( 1730): mDataNetType =Type_3G resId= 0 simColorId = 0
D/SignalClusterViewGemini( 1730): apply, mMobileVisibleGemini=true mMobileActivityIdGemini=0 mMobileTypeIdGemini=0 mMobileStrengthIdGemini[0] = 2130837960 mMobileStrengthIdGemini[1] = 0
V/NotificationService( 1476): enqueueNotificationInternal: pkg=org.projectvoodoo.freeornot id=654654 notification=Notification(pri=0 contentView=org.projectvoodoo.freeornot/0x109008f vibrate=null sound=null defaults=0x0 flags=0x2 kind=[null])
V/NotificationService( 1476): notifications are enabled for org.projectvoodoo.freeornot
V/NotificationService( 1476): Assigned score=0 to Notification(pri=0 contentView=org.projectvoodoo.freeornot/0x109008f vibrate=null sound=null defaults=0x0 flags=0x2 kind=[null])
V/ActivityManager( 1476): Broadcast: Intent { act=android.intent.action.ANY_DATA_STATE_MOBILE flg=0x10 (has extras) } ordered=true userid=0
I/TelephonyProvider( 1818): initDatabaseIfNeeded begin content://telephony/siminfo
I/TelephonyProvider( 1818): initDatabaseIfNeeded end content://telephony/siminfo
D/NotificationService( 1476): pakage=org.projectvoodoo.freeornot,In NotificationMangerService, this notification soud, leds and vibrate enable
D/NotificationService( 1476): useDefaultSound=false
D/NotificationService( 1476): notification.sound=null
D/NotificationService( 1476): mDmLock=false D/Voodoo FreeOrNot ConnectivityService( 3006): onDataConnectionStateChanged: state=-1 type=0
W/Provider/Settings( 3006): Setting preferred_network_mode has moved from android.provider.Settings.Secure to android.provider.Settings.Global.
V/Provider/Settings( 3006): from settings cache , name = preferred_network_mode , value = 2
D/GsmCellLocation( 1818): fillInNotifierBundle:Bundle[{type=1, cid=-1, lac=-1, psc=-1}]
D/TelephonyRegistry( 1476): validateEventsAndUserLocked: valid=false r.callerUid=0 foregroundUser=0 r.events=1 events=16
D/TelephonyRegistry( 1476): validateEventsAndUserLocked: valid=false r.callerUid=0 foregroundUser=0 r.events=32 events=16
D/TelephonyRegistry( 1476): validateEventsAndUserLocked: valid=true r.callerUid=0 foregroundUser=0 r.events=113 events=16
E/CellLocation( 1476): create GsmCellLocation
D/MtkAgps ( 1476): [MtkAgpsManagerService] SIM=1 onCellLocationChanged
D/TelephonyManagerEx( 1476): getPhoneType
D/TelephonyRegistry( 1476): validateEventsAndUserLocked: valid=false r.callerUid=0 foregroundUser=0 r.events=481 events=16
D/TelephonyRegistry( 1476): validateEventsAndUserLocked: valid=false r.callerUid=0 foregroundUser=0 r.events=1 events=16
D/TelephonyRegistry( 1476): validateEventsAndUserLocked: valid=true r.callerUid=0 foregroundUser=0 r.events=336 events=16
D/PhoneInterfaceManager( 1818): [PhoneIntfMgr] getActivePhoneTypeGemini simId: 0
D/TelephonyManagerEx( 1476): getCellLocation
D/IPCThreadState( 1818): [DN #5] BR_CLEAR_DEATH_NOTIFICATION_DONE cookie 0x55cf83f8
D/IPCThreadState( 1476): [DN #5] BR_CLEAR_DEATH_NOTIFICATION_DONE cookie 0x5c707748
E/CellLocation( 1980): create GsmCellLocation
D/GsmCellLocation( 1818): fillInNotifierBundle:Bundle[{type=1, cid=-1, lac=-1, psc=-1}]
E/CellLocation( 1476): create GsmCellLocation
D/TelephonyManagerEx( 1476): getSubscriberId
D/TelephonyManagerEx( 1476): getSubscriberInfo
D/TelephonyRegistry( 1476): validateEventsAndUserLocked: valid=true r.callerUid=0 foregroundUser=0 r.events=1360 events=16
E/CellLocation( 1980): create GsmCellLocation
D/TelephonyManagerEx( 1476): getNetworkOperator
D/MtkAgps ( 1476): [MtkAgpsManagerService] SIM=1 IMSI=208150001030622 MccMnc=20815 Lac=-1 Cid=-1
E/MtkAgps ( 1476): [MtkAgpsManagerService][agps] ERR: OutputStream is not ready!!
D/TelephonyManagerEx( 1476): getPhoneType
D/PhoneInterfaceManager( 1818): [PhoneIntfMgr] getActivePhoneTypeGemini simId: 0
D/TelephonyManagerEx( 1476): getCellLocation
D/GsmCellLocation( 1818): fillInNotifierBundle:Bundle[{type=1, cid=-1, lac=-1, psc=-1}]
D/TelephonyRegistry( 1476): validateEventsAndUserLocked: valid=false r.callerUid=0 foregroundUser=0 r.events=13 events=16
D/TelephonyRegistry( 1476): validateEventsAndUserLocked: valid=false r.callerUid=0 foregroundUser=0 r.events=1 events=16
D/TelephonyRegistry( 1476): validateEventsAndUserLocked: valid=false r.callerUid=0 foregroundUser=0 r.events=97 events=16
E/CellLocation( 1476): create GsmCellLocation
D/TelephonyManagerEx( 1476): getPhoneType
D/Provider/Settings( 1818): put string name = roaming_indication_needed , value = 0 userHandle = 0
D/SettingsProvider( 1476): call request for 0
V/SettingsProvider( 1476): call_put(system:roaming_indication_needed=0) for 0
V/SettingsProvider( 1476): insert(content://settings/system) for user 0 by 0
D/SettingsProvider( 1476): insert(content://settings/system) for user 0 by 0
D/SettingsProvider( 1476): redundant, old Value: 1 new value: 0
D/Mms/Txn ( 3409): sim 1 auto download without roaming -> true
D/Mms/Txn ( 3409): sim 1 auto download during roaming -> false
D/SignalClusterViewGemini( 1730): isSimInserted(1), SimInserted=false
D/SignalClusterViewGemini( 1730): apply, mMobileVisible=true, mWifiVisible=false, mIsAirplaneMode=false
D/NetworkControllerGemini( 1730): refreshViews(1), DataConnected=false simColorId = -1
D/TelephonyManagerEx( 1730): isNetworkRoaming
D/NetworkControllerGemini( 1730): refreshViews(1), dataTypeIconId=0
D/SignalClusterViewGemini( 1730): setShowSimIndicator(1), showSimIndicator=false simIndicatorResource = 0
D/SignalClusterViewGemini( 1730): setDataConnected(1), dataConnected=false
D/SignalClusterViewGemini( 1730): setDataNetType3G(1), dataNetType=null
D/SignalClusterViewGemini( 1730): apply : mShowSimIndicator = false mSimIndicatorResource = 0 mShowSimIndicatorGemini = false mSimIndicatorResourceGemini = 0
D/SignalClusterViewGemini( 1730): apply, mMobileVisible=true mMobileActivityId=0 mMobileTypeId=0 mMobileStrengthId[0] = 2130837950 mMobileStrengthId[1] = 0
D/PhoneInterfaceManager( 1818): [PhoneIntfMgr] getActivePhoneTypeGemini simId: 0
D/TelephonyManagerEx( 1476): getNetworkOperator
D/TelephonyManagerEx( 1476): getNetworkOperator
D/TelephonyManagerEx( 1476): getNetworkType
D/MtkAgps ( 1476): [MtkAgpsManagerService] SIM=1 network type is 2G, networkType=0
E/MtkAgps ( 1476): [MtkAgpsManagerService][agps] ERR: OutputStream is not ready!! D/Voodoo FreeOrNot StatusBarNotification( 3006): Update system notification with: Non supporté, sélection automatique
V/SettingsProvider( 1476): system <- value=0 name=roaming_indication_needed for user 0
V/SettingsProvider( 1476): property: sys.settings_system_version=5
W/BackupManagerService( 1476): dataChanged but no participant pkg='com.android.providers.settings' uid=1001
V/SettingsProvider( 1476): notifying for 0: content://settings/system/roaming_indication_needed
V/NotificationService( 1476): enqueueNotificationInternal: pkg=org.projectvoodoo.freeornot id=654654 notification=Notification(pri=0 contentView=org.projectvoodoo.freeornot/0x109008f vibrate=null sound=null defaults=0x0 flags=0x2 kind=[null])
D/CallManager( 1818): handleMessage msgid:118
D/CallManager( 1818): handleMessage (EVENT_SERVICE_STATE_CHANGED)
D/CallManager( 1818): [clearEspeechInfo] state = IDLE
D/CallManager( 1818): All espeech is 0
I/CallNotifier( 1818): PhoneStateListener.onServiceStateChanged: serviceState=SIM1 0 home Free Free 20815 Unknown CSS not supported -1 -1 RoamInd=-1 DefRoamInd=-1 EmergOnly=false Regist state: 1
D/ExtensionManager( 1818): PhoneGlobalsBroadcastReceiverExtension()
D/PhonePluginExtensionContainer( 1818): getPhoneGlobalsBroadcastReceiverExtension() D/PhoneGlobalsBroadcastReceiverExtensionContainer( 1818): onReceive(), sub extension list is null, just return
D/PhoneGlobals( 1818): PhoneGlobalsBroadcastReceiver -----action=android.intent.action.SERVICE_STATE
D/NotificationMgr( 1818): updateNetworkSelection()...state = 0 new network
V/NotificationService( 1476): notifications are enabled for org.projectvoodoo.freeornot
V/NotificationService( 1476): Assigned score=0 to Notification(pri=0 contentView=org.projectvoodoo.freeornot/0x109008f vibrate=null sound=null defaults=0x0 flags=0x2 kind=[null])
D/NotificationService( 1476): pakage=org.projectvoodoo.freeornot,In NotificationMangerService, this notification soud, leds and vibrate enable
D/NotificationService( 1476): useDefaultSound=false
D/NotificationService( 1476): notification.sound=null
D/NotificationService( 1476): mDmLock=false
D/SignalClusterViewGemini( 1730): isSimInserted(0), SimInserted=true
D/SignalClusterViewGemini( 1730): mDataNetType =Type_3G resId= 0 simColorId = 0
D/SignalClusterViewGemini( 1730): apply, mMobileVisibleGemini=true mMobileActivityIdGemini=0 mMobileTypeIdGemini=0 mMobileStrengthIdGemini[0] = 2130837960 mMobileStrengthIdGemini[1] = 0
D/SignalClusterViewGemini( 1730): isSimInserted(1), SimInserted=false
D/SignalClusterViewGemini( 1730): apply, mMobileVisible=true, mWifiVisible=false, mIsAirplaneMode=false
D/QuickSettingsConnectionModel( 1730): onReceive called, action is android.intent.action.SIM_INDICATOR_STATE_CHANGED
D/QuickSettingsConnectionModel( 1730): Panel sim ready called
D/QuickSettingsConnectionModel( 1730): mobile mHasSim is true, mIsAirlineMode is false, mIsMmsOngoing is false, mIsUserSwitching is false
V/Provider/Settings( 1730): invalidate [system]: current 5 != cached 4
V/Provider/Settings( 1476): invalidate [system]: current 5 != cached 4
D/SettingsProvider( 1476): call request for 0
V/SettingsProvider( 1476): call(system:auto_caps) for 0
D/SettingsProvider( 1476): lookupValue table system cache contains Key auto_caps , value = null
D/SettingsProvider( 1476): lookupValue table system cache.fullyMatchesDisk() auto_caps
V/Provider/Settings( 1476): from db cache, name = auto_caps , value = null
D/SettingsProvider( 1476): call request for 0
V/SettingsProvider( 1476): call(system:auto_replace) for 0
D/SettingsProvider( 1476): lookupValue table system cache contains Key auto_replace , value = null
D/SettingsProvider( 1476): lookupValue table system cache.fullyMatchesDisk() auto_replace
V/Provider/Settings( 1476): from db cache, name = auto_replace , value = null
D/SettingsProvider( 1476): call request for 0
V/SettingsProvider( 1476): call(system:auto_punctuate) for 0
D/SettingsProvider( 1476): lookupValue table system cache contains Key auto_punctuate , value = null
D/SettingsProvider( 1476): lookupValue table system cache.fullyMatchesDisk() auto_punctuate
V/Provider/Settings( 1476): from db cache, name = auto_punctuate , value = null
D/SettingsProvider( 1476): call request for 0
V/SettingsProvider( 1476): call(system:show_password) for 0
D/SettingsProvider( 1476): lookupValue table system cache contains Key show_password , value = null
D/SettingsProvider( 1476): lookupValue table system cache.fullyMatchesDisk() show_password
V/Provider/Settings( 1476): from db cache, name = show_password , value = null
D/SettingsProvider( 1476): call request for 0
V/SettingsProvider( 1476): call(system:dual_sim_mode_setting) for 0
D/SettingsProvider( 1476): lookupValue table system cache contains Key dual_sim_mode_setting , value = Bundle[{value=1}]
V/Provider/Settings( 1730): from db cache, name = dual_sim_mode_setting , value = 1
D/QuickSettingsConnectionModel( 1730): isAllRadioOff=false
I/StateTracker( 1730): com.android.systemui.statusbar.toolbar.QuickSettingsConnectionModel$MobileStateTracker@414f2458 mIsUserSwitching is false
D/SettingsProvider( 1476): call request for 0
V/SettingsProvider( 1476): call(system:gprs_connection_sim_setting) for 0
D/SettingsProvider( 1476): lookupValue table system cache contains Key gprs_connection_sim_setting , value = Bundle[{value=0}]
V/Provider/Settings( 1818): from settings cache , name = data_roaming , value = 1
V/Provider/Settings( 1730): from db cache, name = gprs_connection_sim_setting , value = 0
D/QuickSettingsConnectionModel( 1730): MobileStateTracker.getActualState called, simId is0
I/StateTracker( 1730): com.android.systemui.statusbar.toolbar.QuickSettingsConnectionModel$MobileStateTracker@414f2458setImageViewResources state is 0
V/Provider/Settings( 1730): from settings cache , name = gprs_connection_sim_setting , value = 0
D/QuickSettingsConnectionModel( 1730): MobileStateTracker.getActualState called, simId is0
D/QuickSettingsConnectionModel( 1730): mobile mHasSim is true, mIsAirlineMode is false, mIsMmsOngoing is false, mIsUserSwitching is false
V/Provider/Settings( 1730): from settings cache , name = dual_sim_mode_setting , value = 1
D/QuickSettingsConnectionModel( 1730): isAllRadioOff=false
I/StateTracker( 1730): com.android.systemui.statusbar.toolbar.QuickSettingsConnectionModel$MobileStateTracker@414f2458 mIsUserSwitching is false
D/SimSwitchPanelView( 1730): sim state changed
D/SimIconView( 1730): updateSimIcon called, simName is Free, simNumber is
D/SettingsProvider( 1476): call request for 0
V/SettingsProvider( 1476): call(system:time_12_24) for 0
D/SettingsProvider( 1476): lookupValue table system cache contains Key time_12_24 , value = null
D/SettingsProvider( 1476): lookupValue table system cache.fullyMatchesDisk() time_12_24
V/Provider/Settings( 1476): from db cache, name = time_12_24 , value = null
D/Bluetooth HS/HF( 1818): [BT][HFG] mStateChangeHandler.handleMessage:{ what=1 when=-49ms obj=android.os.AsyncResult@416e4ec8 target=Handler (com.android.phone.BluetoothHandsfree$BluetoothPhoneState$1) {415f3f18} }
V/Provider/Settings( 1818): invalidate [system]: current 5 != cached 4
D/SettingsProvider( 1476): call request for 0
V/SettingsProvider( 1476): call(system:voice_call_sim_setting) for 0
D/SettingsProvider( 1476): lookupValue table system cache contains Key voice_call_sim_setting , value = Bundle[{value=1}]
V/Provider/Settings( 1818): from db cache, name = voice_call_sim_setting , value = 1
D/BluetoothAtPhonebook( 1818): getDefaultSIM : SIM ID=1
I/TelephonyProvider( 1818): initDatabaseIfNeeded begin content://telephony/siminfo/1
I/TelephonyProvider( 1818): initDatabaseIfNeeded end content://telephony/siminfo/1
D/SimIconView( 1730): updateSimIcon called, simState is 5, slotId is 0
D/NetworkControllerGemini( 1730): PhoneStateListener:onServiceStateChanged, sim1 before.
D/NetworkControllerGemini( 1730): PhoneStateListener:onServiceStateChanged, state=0
D/NetworkControllerGemini( 1730): PhoneStateListener:onServiceStateChanged sim1 mDataNetType= 0
D/NetworkControllerGemini( 1730): updateDataNetType(0), DataNetType=0.
D/NetworkControllerGemini( 1730): updateDataNetType(0), simColorId=0
D/TelephonyManagerEx( 1730): isNetworkRoaming
D/NetworkControllerGemini( 1730): updateDataNetType(0), DataNetType3G=Type_G tempDataTypeIconId= 0.
D/NetworkControllerGemini( 1730): isSimInserted(0), SimInserted=true
D/NetworkControllerGemini( 1730): updateTelephonySignalStrength(0), regState=1
D/NetworkControllerGemini( 1730): updateTelephonySignalStrength(0), hasService=true
D/TelephonyManagerEx( 1730): isNetworkRoaming
D/NetworkControllerGemini( 1730): updateTelephonySignalStrength(0), isRoaming=false, mInetCondition=0
D/NetworkControllerGemini( 1730): updateTelephonySignalStrength(0), simColorId=0
D/NetworkControllerGemini( 1730): updateTelephonySignalStrength(0), tempDataNetType = Type_G , simColorId=0 tempPhoneSignalIconId[0] = 2130837950 tempPhoneSignalIconId[1] = 0
D/NetworkControllerGemini( 1730): updateTelephonySignalStrength(0) tempSIMCUSignVisible= true
D/NetworkControllerGemini( 1730): updateTelephonySignalStrength(0) mSIMCUSignVisible = true
D/IPCThreadState( 1476): [DN #5] BR_CLEAR_DEATH_NOTIFICATION_DONE cookie 0x59b864b0
D/NetworkControllerGemini( 1730): updateDataIcon(0), SimState=UNKNOWN, DataState=-1, DataActivity=0, tempNetType3G=Type_G
D/PhoneInterfaceManager( 1818): [PhoneIntfMgr] getCallStateGemini simId: 0
D/BluetoothAtPhonebook( 1818): getDefaultSIM : slot ID=0
D/Bluetooth HS/HF( 1818): [BT][HFG] [API] updateServiceState service=1, mService=1, roam=0, mRoam=1
D/Bluetooth HS/HF( 1818): [BT][HFG] [API] sendURC()
D/PhoneInterfaceManager( 1818): [PhoneIntfMgr] getCallStateGemini simId: 1
D/NetworkControllerGemini( 1730): updateDataIcon(0), callState1 is 0, callState2 is 0.
D/TelephonyManagerEx( 1730): getNetworkType
D/NetworkControllerGemini( 1730): updateDataIcon(0), iconId=0, visible=false
D/NetworkControllerGemini( 1730): refreshViews(0), DataConnected=false simColorId = 0
D/TelephonyManagerEx( 1730): isNetworkRoaming
D/NetworkControllerGemini( 1730): refreshViews(0), dataTypeIconId=0
D/SignalClusterViewGemini( 1730): setShowSimIndicator(0), showSimIndicator=false simIndicatorResource = 0
D/SignalClusterViewGemini( 1730): setDataConnected(0), dataConnected=false
D/SignalClusterViewGemini( 1730): setDataNetType3G(0), dataNetType=Type_G
D/SignalClusterViewGemini( 1730): apply : mShowSimIndicator = false mSimIndicatorResource = 0 mShowSimIndicatorGemini = false mSimIndicatorResourceGemini = 0
D/SignalClusterViewGemini( 1730): apply, mMobileVisible=true mMobileActivityId=0 mMobileTypeId=0 mMobileStrengthId[0] = 2130837950 mMobileStrengthId[1] = 0
D/SignalClusterViewGemini( 1730): isSimInserted(0), SimInserted=true
D/SignalClusterViewGemini( 1730): mDataNetType =Type_G resId= 0 simColorId = 0
D/SignalClusterViewGemini( 1730): apply, mMobileVisibleGemini=true mMobileActivityIdGemini=0 mMobileTypeIdGemini=0 mMobileStrengthIdGemini[0] = 2130837960 mMobileStrengthIdGemini[1] = 0
D/SignalClusterViewGemini( 1730): isSimInserted(1), SimInserted=false
D/SignalClusterViewGemini( 1730): apply, mMobileVisible=true, mWifiVisible=false, mIsAirplaneMode=false
D/NetworkControllerGemini( 1730): PhoneStateListener:onServiceStateChanged, sim1 after.
D/QuickSettingsConnectionModel( 1730): PhoneStateListener1.onServiceStateChanged: serviceState=SIM1 0 home Free Free 20815 Unknown CSS not supported -1 -1 RoamInd=-1 DefRoamInd=-1 EmergOnly=false Regist state: 1
V/Provider/Settings( 1730): from settings cache , name = airplane_mode_on , value = 0
D/QuickSettingsConnectionModel( 1730): onServiceStateChanged called, inAirplaneMode is: false
V/StateTracker( 1730): setCurrentState: newState is 0
V/Provider/Settings( 1730): from settings cache , name = airplane_mode_on , value = 0
I/StateTracker( 1730): com.android.systemui.statusbar.toolbar.QuickSettingsConnectionModel$AirlineModeStateTracker@414cdce0setImageViewResources state is 0
V/Provider/Settings( 1730): from settings cache , name = airplane_mode_on , value = 0
I/StateTracker( 1730): com.android.systemui.statusbar.toolbar.QuickSettingsConnectionModel$AirlineModeStateTracker@414cdce0 mIsUserSwitching is false
D/QuickSettingsConnectionModel( 1730): mAirPlaneModeClickable is true super.isClickable is true
I/StateTracker( 1730): com.android.systemui.statusbar.toolbar.QuickSettingsConnectionModel$AirlineModeStateTracker@414cdce0 mIsUserSwitching is false
D/NetworkControllerGemini( 1730): PhoneStateListener:onDataConnectionStateChanged, sim1 before.
D/NetworkControllerGemini( 1730): PhoneStateListener:onDataConnectionStateChanged, state=-1 type=0
D/NetworkControllerGemini( 1730): updateDataNetType(0), DataNetType=0.
D/NetworkControllerGemini( 1730): updateDataNetType(0), simColorId=0
D/TelephonyManagerEx( 1730): isNetworkRoaming
D/NetworkControllerGemini( 1730): updateDataNetType(0), DataNetType3G=Type_G tempDataTypeIconId= 0.
D/NetworkControllerGemini( 1730): updateDataIcon(0), SimState=UNKNOWN, DataState=-1, DataActivity=0, tempNetType3G=Type_G
D/PhoneInterfaceManager( 1818): [PhoneIntfMgr] getCallStateGemini simId: 0
D/PhoneInterfaceManager( 1818): [PhoneIntfMgr] getCallStateGemini simId: 1
D/NetworkControllerGemini( 1730): updateDataIcon(0), callState1 is 0, callState2 is 0.
D/TelephonyManagerEx( 1730): getNetworkType
D/NetworkControllerGemini( 1730): updateDataIcon(0), iconId=0, visible=false
D/NetworkControllerGemini( 1730): refreshViews(0), DataConnected=false simColorId = 0
D/TelephonyManagerEx( 1730): isNetworkRoaming
D/NetworkControllerGemini( 1730): refreshViews(0), dataTypeIconId=0
D/SignalClusterViewGemini( 1730): setShowSimIndicator(0), showSimIndicator=false simIndicatorResource = 0
D/SignalClusterViewGemini( 1730): setDataConnected(0), dataConnected=false
D/SignalClusterViewGemini( 1730): setDataNetType3G(0), dataNetType=Type_G
D/SignalClusterViewGemini( 1730): apply : mShowSimIndicator = false mSimIndicatorResource = 0 mShowSimIndicatorGemini = false mSimIndicatorResourceGemini = 0
D/SignalClusterViewGemini( 1730): apply, mMobileVisible=true mMobileActivityId=0 mMobileTypeId=0 mMobileStrengthId[0] = 2130837950 mMobileStrengthId[1] = 0
D/SignalClusterViewGemini( 1730): isSimInserted(0), SimInserted=true
D/SignalClusterViewGemini( 1730): mDataNetType =Type_G resId= 0 simColorId = 0
D/SignalClusterViewGemini( 1730): apply, mMobileVisibleGemini=true mMobileActivityIdGemini=0 mMobileTypeIdGemini=0 mMobileStrengthIdGemini[0] = 2130837960 mMobileStrengthIdGemini[1] = 0
D/TelephonyManager( 1980): getDefaultSim is sim1
D/TelephonyManager( 1980): getDefaultSim is sim1
D/TelephonyManager( 2110): getDefaultSim is sim1
D/PowerManagerService( 1476): acquireWakeLockInternal: lock=1103859528, flags=0x1, tag="AWS NW Stats", ws=null, uid=10142, pid=2110
D/PowerManagerService( 1476): updateWakeLockSummaryLocked: mWakefulness=Asleep, mWakeLockSummary=0x1
D/PowerManagerService( 1476): newScreenState = 0
D/PowerManagerDisplayController( 1476): requestPowerState: screenState=0, useProximitySensor=false, screenBrightness=204, screenAutoBrightnessAdjustment=0.0, useAutoBrightness=false, useEcoBrightness=false, blockScreenOn=false, waitForNegativeProximity=false
I/PowerManagerService( 1476): setBrightness mButtonLight 0.
D/PowerManagerService( 1476): updateScreenStateLocked: mDisplayReady=true, newScreenState=0, mWakefulness=0, mWakeLockSummary=0x1, mUserActivitySummary=0x0, mBootCompleted=true
D/PowerManagerService( 1476): handleSandman: canDream=false, mWakefulness=Asleep
D/SignalClusterViewGemini( 1730): isSimInserted(1), SimInserted=false
D/SignalClusterViewGemini( 1730): apply, mMobileVisible=true, mWifiVisible=false, mIsAirplaneMode=false
D/NetworkControllerGemini( 1730): PhoneStateListener:onDataConnectionStateChanged, sim1 after.
V/AppWidgetContext( 1730): package name: org.projectvoodoo.freeornot
V/AppWidgetContext( 1730): context permission not changed
D/SettingsProvider( 1476): call request for 0
V/SettingsProvider( 1476): call(system:time_12_24) for 0
D/SettingsProvider( 1476): lookupValue table system cache contains Key time_12_24 , value = null
D/SettingsProvider( 1476): lookupValue table system cache.fullyMatchesDisk() time_12_24
D/IPCThreadState( 1476): [DN #5] BR_CLEAR_DEATH_NOTIFICATION_DONE cookie 0x5a610ec0
V/Provider/Settings( 1730): from db cache, name = time_12_24 , value = null
V/AppWidgetContext( 1730): package name: org.projectvoodoo.freeornot
V/AppWidgetContext( 1730): context permission not changed
D/GsmCellLocation( 1818): fillInNotifierBundle:Bundle[{type=1, cid=-1, lac=-1, psc=-1}]
D/GsmCellLocation( 1818): fillInNotifierBundle:Bundle[{type=1, cid=-1, lac=-1, psc=-1}]
E/CellLocation( 1980): create GsmCellLocation
V/Provider/Settings( 1730): from settings cache , name = time_12_24 , value = null
E/CellLocation( 1980): create GsmCellLocation
D/TelephonyManager( 1980): getDefaultSim is sim1
D/GsmCellLocation( 1818): fillInNotifierBundle:Bundle[{type=1, cid=-1, lac=-1, psc=-1}]
D/TelephonyManager( 1980): getDefaultSim is sim1
E/CellLocation( 1980): create GsmCellLocation
D/GsmCellLocation( 1818): fillInNotifierBundle:Bundle[{type=1, cid=-1, lac=-1, psc=-1}]
E/CellLocation( 1980): create GsmCellLocation
D/TelephonyManager( 1980): getDefaultSim is sim1
D/GsmCellLocation( 1818): fillInNotifierBundle:Bundle[{type=1, cid=-1, lac=-1, psc=-1}]
E/CellLocation( 1980): create GsmCellLocation
D/ConnectivityService( 1476): getActiveNetworkInfo:null
D/PowerManagerService( 1476): releaseWakeLockInternal: lock=1103859528, flags=0x0
D/PowerManagerService( 1476): updateWakeLockSummaryLocked: mWakefulness=Asleep, mWakeLockSummary=0x1
D/PowerManagerService( 1476): newScreenState = 0
D/PowerManagerDisplayController( 1476): requestPowerState: screenState=0, useProximitySensor=false, screenBrightness=204, screenAutoBrightnessAdjustment=0.0, useAutoBrightness=false, useEcoBrightness=false, blockScreenOn=false, waitForNegativeProximity=false
I/PowerManagerService( 1476): setBrightness mButtonLight 0.
D/PowerManagerService( 1476): updateScreenStateLocked: mDisplayReady=true, newScreenState=0, mWakefulness=0, mWakeLockSummary=0x1, mUserActivitySummary=0x0, mBootCompleted=true
D/IPCThreadState( 1476): [DN #5] BR_CLEAR_DEATH_NOTIFICATION_DONE cookie 0x57979c10
D/PowerManagerService( 1476): handleSandman: canDream=false, mWakefulness=Asleep
D/TelephonyManager( 1980): getDefaultSim is sim1
D/GsmCellLocation( 1818): fillInNotifierBundle:Bundle[{type=1, cid=-1, lac=-1, psc=-1}]
E/CellLocation( 1980): create GsmCellLocation
D/TelephonyManager( 2110): getDefaultSim is sim1
D/IPCThreadState( 1476): [DN #5] BR_CLEAR_DEATH_NOTIFICATION_DONE cookie 0x55faa000
D/IPCThreadState( 1476): [DN #5] BR_CLEAR_DEATH_NOTIFICATION_DONE cookie 0x5bd43f00
D/ActivityThread( 1476): BDC-Calling onReceive: intent=Intent { act=android.intent.action.ANY_DATA_STATE_MOBILE flg=0x10 (has extras) }, ordered=true, receiver=android.net.MobileDataStateTracker$MobileDataStateReceiver@419e49c8, IIntentReceiver=419e4bb0
D/MobileDataStateTracker( 1476): MobileDataStateReceiver received: ACTION_ANY_DATA_CONNECTION_STATE_CHANGED_MOBILE [default]
D/MobileDataStateTracker( 1476): default: Intent from SIM 0, current SIM 0, current DataState DISCONNECTED
D/MobileDataStateTracker( 1476): default: default setting isAvailable to false
D/MobileDataStateTracker( 1476): default: Received state=DISCONNECTED, old=DISCONNECTED, reason=nwTypeChanged
D/ActivityThread( 1476): BDC-Calling finishReceiver: IIntentReceiver=419e4bb0
D/TelephonyRegistry( 1476): Received ACTION_ANY_DATA_CONNECTION_STATE_CHANGED_MOBILE
W/ContextImpl( 1476): Calling a method in the system process without a qualified user: android.app.ContextImpl.sendStickyBroadcast:1239 com.android.server.TelephonyRegistry$3.onReceive:801 android.app.LoadedApk$ReceiverDispatcher$Args.run:788 android.os.Handler.handleCallback:725 android.os.Handler.dispatchMessage:92
V/ActivityManager( 1476): Broadcast sticky: Intent { act=android.intent.action.ANY_DATA_STATE flg=0x10 (has extras) } ordered=false userid=0
D/QuickSettingsConnectionModel( 1730): onReceive called, action is android.intent.action.ANY_DATA_STATE
D/ExtensionManager( 1818): PhoneGlobalsBroadcastReceiverExtension()
D/PhonePluginExtensionContainer( 1818): getPhoneGlobalsBroadcastReceiverExtension() D/PhoneGlobalsBroadcastReceiverExtensionContainer( 1818): onReceive(), sub extension list is null, just return
D/PhoneGlobals( 1818): PhoneGlobalsBroadcastReceiver -----action=android.intent.action.ANY_DATA_STATE
D/PhoneGlobals( 1818): mReceiver: ACTION_ANY_DATA_CONNECTION_STATE_CHANGED state:DISCONNECTED reason:nwTypeChanged
D/NotificationMgr( 1818): hideDataDisconnectedRoaming()...
D/QuickSettingsConnectionModel( 1730): isApnType = true , state = DISCONNECTED , mMobileStateTracker.mGprsTargSim = false , mMobileStateTracker.mIsMmsOngoing = false
D/QuickSettingsConnectionModel( 1730): mobileStateToFiveState simSlotId is : 0
D/QuickSettingsConnectionModel( 1730): mobileStateToFiveState state is : DISCONNECTED
V/StateTracker( 1730): setCurrentState: newState is 0
V/Provider/Settings( 1730): from settings cache , name = gprs_connection_sim_setting , value = 0
D/QuickSettingsConnectionModel( 1730): MobileStateTracker.getActualState called, simId is0
I/StateTracker( 1730): com.android.systemui.statusbar.toolbar.QuickSettingsConnectionModel$MobileStateTracker@414f2458setImageViewResources state is 0
V/Provider/Settings( 1730): from settings cache , name = gprs_connection_sim_setting , value = 0
D/QuickSettingsConnectionModel( 1730): MobileStateTracker.getActualState called, simId is0
D/QuickSettingsConnectionModel( 1730): mobile mHasSim is true, mIsAirlineMode is false, mIsMmsOngoing is false, mIsUserSwitching is false
V/Provider/Settings( 1730): from settings cache , name = dual_sim_mode_setting , value = 1
D/QuickSettingsConnectionModel( 1730): isAllRadioOff=false
I/StateTracker( 1730): com.android.systemui.statusbar.toolbar.QuickSettingsConnectionModel$MobileStateTracker@414f2458 mIsUserSwitching is false
D/SimSwitchPanelView( 1730): sim state changed
D/SimSwitchPanelView( 1730): mDataConnectionReceiver simId is : 0
D/SimSwitchPanelView( 1730): mDataConnectionReceiver state is : DISCONNECTED
D/SimSwitchPanelView( 1730): mDataConnectionReceiver reason is : nwTypeChanged
D/IPCThreadState( 1476): [DN #5] BR_CLEAR_DEATH_NOTIFICATION_DONE cookie 0x5a5dac08
D/IPCThreadState( 1476): [DN #5] BR_CLEAR_DEATH_NOTIFICATION_DONE cookie 0x5d0294b0
D/IPCThreadState( 1476): [DN #5] BR_CLEAR_DEATH_NOTIFICATION_DONE cookie 0x5915a6a8
D/IPCThreadState( 1476): [DN #5] BR_CLEAR_DEATH_NOTIFICATION_DONE cookie 0x5c700df0
D/IPCThreadState( 1476): [DN #5] BR_CLEAR_DEATH_NOTIFICATION_DONE cookie 0x5c70d5c0
D/IPCThreadState( 1476): [DN #5] BR_CLEAR_DEATH_NOTIFICATION_DONE cookie 0x52f6dca8
D/IPCThreadState( 1476): [DN #5] BR_CLEAR_DEATH_NOTIFICATION_DONE cookie 0x5c63cb60
D/IPCThreadState( 1476): [DN #5] BR_CLEAR_DEATH_NOTIFICATION_DONE cookie 0x5c637c90
D/IPCThreadState( 1476): [DN #5] BR_CLEAR_DEATH_NOTIFICATION_DONE cookie 0x59e83598
D/IPCThreadState( 1476): [DN #5] BR_CLEAR_DEATH_NOTIFICATION_DONE cookie 0x5ca8faf0
D/IPCThreadState( 1476): [DN #5] BR_CLEAR_DEATH_NOTIFICATION_DONE cookie 0x52f66930
D/IPCThreadState( 1476): [DN #5] BR_CLEAR_DEATH_NOTIFICATION_DONE cookie 0x5921e698
D/IPCThreadState( 1476): [DN #5] BR_CLEAR_DEATH_NOTIFICATION_DONE cookie 0x591cf9c8
D/IPCThreadState( 1476): [DN #5] BR_CLEAR_DEATH_NOTIFICATION_DONE cookie 0x591cfa20
D/IPCThreadState( 1476): [DN #5] BR_CLEAR_DEATH_NOTIFICATION_DONE cookie 0x5c27df00
D/IPCThreadState( 1476): [DN #5] BR_CLEAR_DEATH_NOTIFICATION_DONE cookie 0x5c27df58
D/IPCThreadState( 1476): [DN #5] BR_CLEAR_DEATH_NOTIFICATION_DONE cookie 0x5c7200e8
D/IPCThreadState( 1476): [DN #5] BR_CLEAR_DEATH_NOTIFICATION_DONE cookie 0x5c720140
D/IPCThreadState( 1476): [DN #5] BR_CLEAR_DEATH_NOTIFICATION_DONE cookie 0x591cff40
D/IPCThreadState( 1476): [DN #5] BR_CLEAR_DEATH_NOTIFICATION_DONE cookie 0x5c27ae38
D/IPCThreadState( 1476): [DN #5] BR_CLEAR_DEATH_NOTIFICATION_DONE cookie 0x59af80a0
D/IPCThreadState( 1476): [DN #5] BR_CLEAR_DEATH_NOTIFICATION_DONE cookie 0x5d137d98
D/IPCThreadState( 1476): [DN #5] BR_CLEAR_DEATH_NOTIFICATION_DONE cookie 0x591db448
D/IPCThreadState( 1476): [DN #5] BR_CLEAR_DEATH_NOTIFICATION_DONE cookie 0x5d029578
D/IPCThreadState( 1476): [DN #5] BR_CLEAR_DEATH_NOTIFICATION_DONE cookie 0x5be5b768
D/IPCThreadState( 1476): [DN #5] BR_CLEAR_DEATH_NOTIFICATION_DONE cookie 0x59e83710
D/IPCThreadState( 1476): [DN #5] BR_CLEAR_DEATH_NOTIFICATION_DONE cookie 0x55faa8b8
D/IPCThreadState( 1476): [DN #5] BR_CLEAR_DEATH_NOTIFICATION_DONE cookie 0x5bd428e0
D/IPCThreadState( 1476): [DN #5] BR_CLEAR_DEATH_NOTIFICATION_DONE cookie 0x5c700288
D/IPCThreadState( 1476): [DN #5] BR_CLEAR_DEATH_NOTIFICATION_DONE cookie 0x561e8b88
D/IPCThreadState( 1476): [DN #5] BR_CLEAR_DEATH_NOTIFICATION_DONE cookie 0x5cb67d20
D/IPCThreadState( 1476): [DN #5] BR_CLEAR_DEATH_NOTIFICATION_DONE cookie 0x5c705140
D/IPCThreadState( 1476): [DN #5] BR_CLEAR_DEATH_NOTIFICATION_DONE cookie 0x5c71e6e0
D/IPCThreadState( 1476): [DN #5] BR_CLEAR_DEATH_NOTIFICATION_DONE cookie 0x561dc540
D/IPCThreadState( 1476): [DN #5] BR_CLEAR_DEATH_NOTIFICATION_DONE cookie 0x5a5df5c0
D/IPCThreadState( 1476): [DN #5] BR_CLEAR_DEATH_NOTIFICATION_DONE cookie 0x59af8358
D/IPCThreadState( 1476): [DN #5] BR_CLEAR_DEATH_NOTIFICATION_DONE cookie 0x5c707620
D/IPCThreadState( 1476): [DN #5] BR_CLEAR_DEATH_NOTIFICATION_DONE cookie 0x57a06ee8
D/IPCThreadState( 1476): [DN #5] BR_CLEAR_DEATH_NOTIFICATION_DONE cookie 0x5c63cbe8
D/IPCThreadState( 1476): [DN #5] BR_CLEAR_DEATH_NOTIFICATION_DONE cookie 0x5cb67950
D/IPCThreadState( 1476): [DN #5] BR_CLEAR_DEATH_NOTIFICATION_DONE cookie 0x5c705ea8
V/ActivityManager( 1476): getTasks: max=1, flags=0, receiver=null
V/ActivityManager( 1476): com.android.launcher/com.android.launcher2.Launcher: task=TaskRecord{41982a80 #2 A com.android.launcher U 0}
V/ActivityManager( 1476): We have pending thumbnails: null
D/IPCThreadState( 1476): [DN #5] BR_CLEAR_DEATH_NOTIFICATION_DONE cookie 0x579bc3a8
D/IPCThreadState( 1476): [DN #5] BR_CLEAR_DEATH_NOTIFICATION_DONE cookie 0x5ca2bca8
D/IPCThreadState( 1476): [DN #5] BR_CLEAR_DEATH_NOTIFICATION_DONE cookie 0x591cf4e0
D/IPCThreadState( 1476): [DN #5] BR_CLEAR_DEATH_NOTIFICATION_DONE cookie 0x5c59bde8
D/IPCThreadState( 1476): [DN #5] BR_CLEAR_DEATH_NOTIFICATION_DONE cookie 0x5c27a998
D/IPCThreadState( 1476): [DN #5] BR_CLEAR_DEATH_NOTIFICATION_DONE cookie 0x5d02a578
D/IPCThreadState( 1476): [DN #5] BR_CLEAR_DEATH_NOTIFICATION_DONE cookie 0x5ca2bb80
D/IPCThreadState( 1476): [DN #5] BR_CLEAR_DEATH_NOTIFICATION_DONE cookie 0x5ca8e1c0
D/IPCThreadState( 1476): [DN #5] BR_CLEAR_DEATH_NOTIFICATION_DONE cookie 0x59c172a0
D/IPCThreadState( 1476): [DN #5] BR_CLEAR_DEATH_NOTIFICATION_DONE cookie 0x5c586840
D/IPCThreadState( 1476): [DN #5] BR_CLEAR_DEATH_NOTIFICATION_DONE cookie 0x53426a30
D/IPCThreadState( 1476): [DN #5] BR_CLEAR_DEATH_NOTIFICATION_DONE cookie 0x5c701238
D/IPCThreadState( 1476): [DN #5] BR_CLEAR_DEATH_NOTIFICATION_DONE cookie 0x5c701318
D/IPCThreadState( 1476): [DN #5] BR_CLEAR_DEATH_NOTIFICATION_DONE cookie 0x54a181c0
D/IPCThreadState( 1476): [DN #5] BR_CLEAR_DEATH_NOTIFICATION_DONE cookie 0x59e82518
D/IPCThreadState( 1476): [DN #5] BR_CLEAR_DEATH_NOTIFICATION_DONE cookie 0x5c59ae50
D/IPCThreadState( 1476): [DN #5] BR_CLEAR_DEATH_NOTIFICATION_DONE cookie 0x59162d18
D/dalvikvm( 1476): GC_EXPLICIT freed 300K (5788), 21% free 13979K/17516K, paused 12ms+29ms, total 272ms
D/IPCThreadState( 1476): [DN #5] BR_CLEAR_DEATH_NOTIFICATION_DONE cookie 0x591defc8
D/IPCThreadState( 1476): [DN #5] BR_CLEAR_DEATH_NOTIFICATION_DONE cookie 0x59162d18
D/IPCThreadState( 1476): [DN #5] BR_CLEAR_DEATH_NOTIFICATION_DONE cookie 0x59e63bb8
D/IPCThreadState( 1476): [DN #5] BR_CLEAR_DEATH_NOTIFICATION_DONE cookie 0x5600e3f0
D/IPCThreadState( 1476): [DN #5] BR_CLEAR_DEATH_NOTIFICATION_DONE cookie 0x5a8cdb90
D/IPCThreadState( 1476): [DN #5] BR_CLEAR_DEATH_NOTIFICATION_DONE cookie 0x5d135f98
D/IPCThreadState( 1476): [DN #5] BR_CLEAR_DEATH_NOTIFICATION_DONE cookie 0x5d029088
D/IPCThreadState( 1476): [DN #5] BR_CLEAR_DEATH_NOTIFICATION_DONE cookie 0x5c63ab28
D/IPCThreadState( 1476): [DN #5] BR_CLEAR_DEATH_NOTIFICATION_DONE cookie 0x59b898a0
D/IPCThreadState( 1476): [DN #5] BR_CLEAR_DEATH_NOTIFICATION_DONE cookie 0x5c27de10
D/IPCThreadState( 1476): [DN #5] BR_CLEAR_DEATH_NOTIFICATION_DONE cookie 0x592220c8
D/IPCThreadState( 1476): [DN #5] BR_CLEAR_DEATH_NOTIFICATION_DONE cookie 0x59c16e90
D/IPCThreadState( 1476): [DN #5] BR_CLEAR_DEATH_NOTIFICATION_DONE cookie 0x5c6f9028
D/IPCThreadState( 1476): [DN #5] BR_CLEAR_DEATH_NOTIFICATION_DONE cookie 0x5c6f6b20
D/IPCThreadState( 1476): [DN #5] BR_CLEAR_DEATH_NOTIFICATION_DONE cookie 0x5a8cd288
D/IPCThreadState( 1476): [DN #5] BR_CLEAR_DEATH_NOTIFICATION_DONE cookie 0x5921e7f0
D/IPCThreadState( 1476): [DN #5] BR_CLEAR_DEATH_NOTIFICATION_DONE cookie 0x5d133b30
D/IPCThreadState( 1476): [DN #5] BR_CLEAR_DEATH_NOTIFICATION_DONE cookie 0x592250d8
D/IPCThreadState( 1476): [DN #5] BR_CLEAR_DEATH_NOTIFICATION_DONE cookie 0x40ece8b8
D/IPCThreadState( 1476): [DN #5] BR_CLEAR_DEATH_NOTIFICATION_DONE cookie 0x5a69af48
D/IPCThreadState( 1476): [DN #5] BR_CLEAR_DEATH_NOTIFICATION_DONE cookie 0x54a19410
D/IPCThreadState( 1476): [DN #5] BR_CLEAR_DEATH_NOTIFICATION_DONE cookie 0x54ac0130
D/IPCThreadState( 1476): [DN #5] BR_CLEAR_DEATH_NOTIFICATION_DONE cookie 0x5a5dac08
D/IPCThreadState( 1476): [DN #5] BR_CLEAR_DEATH_NOTIFICATION_DONE cookie 0x5bd43f00
D/IPCThreadState( 1476): [DN #5] BR_CLEAR_DEATH_NOTIFICATION_DONE cookie 0x55faa000
D/IPCThreadState( 1476): [DN #5] BR_CLEAR_DEATH_NOTIFICATION_DONE cookie 0x57979c10
D/IPCThreadState( 1476): [DN #5] BR_CLEAR_DEATH_NOTIFICATION_DONE cookie 0x59b864b0
D/IPCThreadState( 1476): [DN #5] BR_CLEAR_DEATH_NOTIFICATION_DONE cookie 0x5c700f00
D/IPCThreadState( 1476): [DN #5] BR_CLEAR_DEATH_NOTIFICATION_DONE cookie 0x5c707748
D/IPCThreadState( 1476): [DN #5] BR_CLEAR_DEATH_NOTIFICATION_DONE cookie 0x5a610ec0
D/IPCThreadState( 1476): [DN #5] BR_CLEAR_DEATH_NOTIFICATION_DONE cookie 0x5a610f20
D/IPCThreadState( 1476): [DN #5] BR_CLEAR_DEATH_NOTIFICATION_DONE cookie 0x59165478
D/IPCThreadState( 1476): [DN #5] BR_CLEAR_DEATH_NOTIFICATION_DONE cookie 0x54a1ac70
D/IPCThreadState( 1476): [DN #5] BR_CLEAR_DEATH_NOTIFICATION_DONE cookie 0x579e7f98
D/IPCThreadState( 1476): [DN #5] BR_CLEAR_DEATH_NOTIFICATION_DONE cookie 0x5c636a00
D/IPCThreadState( 1476): [DN #5] BR_CLEAR_DEATH_NOTIFICATION_DONE cookie 0x5c74cd90
D/IPCThreadState( 1476): [DN #5] BR_CLEAR_DEATH_NOTIFICATION_DONE cookie 0x54a0c8c8
D/IPCThreadState( 1476): [DN #5] BR_CLEAR_DEATH_NOTIFICATION_DONE cookie 0x59166458
D/IPCThreadState( 1476): [DN #5] BR_CLEAR_DEATH_NOTIFICATION_DONE cookie 0x561e26b8
D/IPCThreadState( 1476): [DN #5] BR_CLEAR_DEATH_NOTIFICATION_DONE cookie 0x5916cac0
D/IPCThreadState( 1476): [DN #5] BR_CLEAR_DEATH_NOTIFICATION_DONE cookie 0x5c703d50
D/IPCThreadState( 1476): [DN #5] BR_CLEAR_DEATH_NOTIFICATION_DONE cookie 0x59a99388
D/IPCThreadState( 1476): [DN #5] BR_CLEAR_DEATH_NOTIFICATION_DONE cookie 0x59af6aa0
D/BatteryService( 1476): mBatteryVoltage=3728
V/ActivityManager( 1476): Broadcast sticky: Intent { act=android.intent.action.BATTERY_CHANGED flg=0x60000010 (has extras) } ordered=false userid=-1
D/StatusBar.BatteryController( 1730): BatteryController onReceive action is android.intent.action.BATTERY_CHANGED
D/StatusBar.BatteryController( 1730): status_protection = 2
D/StatusBar.BatteryController( 1730): plugged is true fulled is false mBatteryProtection = false R.drawable.stat_sys_battery_charge is 2130837828 R.drawable.stat_sys_battery is 2130837819 icon is 2130837828
D/KeyguardUpdateMonitor( 1476): received broadcast android.intent.action.BATTERY_CHANGED
D/KeyguardUpdateMonitor( 1476): handleBatteryUpdate
D/UsbDeviceManager( 1476): onReceive - BATTERY_CHANGED - mPlugType: 2, mSettingUsbCharging: false, mConnected: true, mSettingUsbBicr: false
D/StatusBar.BatteryController( 1730): mBatteryPercentage is 67% mShouldShowBatteryPercentage is true mLabelViews.size() 1
D/PowerUI ( 1730): action = android.intent.action.BATTERY_CHANGED
D/PowerUI ( 1730): Intent start() ret = false mHideLowBDialog= true
D/PowerUI ( 1730): oldBatteryLevel = 67mBatteryLevel = 67
D/PowerUI ( 1730): dismissLowBatteryWarning
D/PowerManagerService( 1476): updateIsPoweredLocked: wasPowered=true, mIsPowered=true, oldPlugType=2, mPlugType=2, mBatteryLevel=67
D/PowerManagerService( 1476): handleSandman: canDream=false, mWakefulness=Asleep
D/Bluetooth HS/HF( 1818): [BT][HFG] [API] mStateReceiver.onReceive(android.intent.action.BATTERY_CHANGED)
D/Bluetooth HS/HF( 1818): [BT][HFG] [API] mHandler.handleMessage(9)
D/Bluetooth HS/HF( 1818): [BT][HFG] [API] updateBatteryState
V/Provider/Settings( 1476): from settings cache , name = location_providers_allowed , value = network
D/IPCThreadState( 1476): [DN #5] BR_CLEAR_DEATH_NOTIFICATION_DONE cookie 0x5c7221d0
D/IPCThreadState( 1476): [DN #5] BR_CLEAR_DEATH_NOTIFICATION_DONE cookie 0x5d02ced0
D/IPCThreadState( 1476): [DN #5] BR_CLEAR_DEATH_NOTIFICATION_DONE cookie 0x5c27dc18
D/IPCThreadState( 1476): [DN #5] BR_CLEAR_DEATH_NOTIFICATION_DONE cookie 0x5a8cd5f8
D/IPCThreadState( 1476): [DN #5] BR_CLEAR_DEATH_NOTIFICATION_DONE cookie 0x59c0e3a0
D/IPCThreadState( 1476): [DN #5] BR_CLEAR_DEATH_NOTIFICATION_DONE cookie 0x5be5b8f8
D/IPCThreadState( 1476): [DN #5] BR_CLEAR_DEATH_NOTIFICATION_DONE cookie 0x5c94fbc8
D/IPCThreadState( 1476): [DN #5] BR_CLEAR_DEATH_NOTIFICATION_DONE cookie 0x59e83aa0
D/IPCThreadState( 1476): [DN #5] BR_CLEAR_DEATH_NOTIFICATION_DONE cookie 0x5c63cb60
D/IPCThreadState( 1476): [DN #5] BR_CLEAR_DEATH_NOTIFICATION_DONE cookie 0x52f6dca8
D/IPCThreadState( 1476): [DN #5] BR_CLEAR_DEATH_NOTIFICATION_DONE cookie 0x5d1309c8
D/IPCThreadState( 1476): [DN #5] BR_CLEAR_DEATH_NOTIFICATION_DONE cookie 0x59e83598
D/IPCThreadState( 1476): [DN #5] BR_CLEAR_DEATH_NOTIFICATION_DONE cookie 0x52f66930
D/IPCThreadState( 1476): [DN #5] BR_CLEAR_DEATH_NOTIFICATION_DONE cookie 0x5ca8faf0
D/IPCThreadState( 1476): [DN #5] BR_CLEAR_DEATH_NOTIFICATION_DONE cookie 0x5c251200
D/IPCThreadState( 1476): [DN #5] BR_CLEAR_DEATH_NOTIFICATION_DONE cookie 0x54ab5658
D/IPCThreadState( 1476): [DN #5] BR_CLEAR_DEATH_NOTIFICATION_DONE cookie 0x54ab56b0
D/IPCThreadState( 1476): [DN #5] BR_CLEAR_DEATH_NOTIFICATION_DONE cookie 0x5c70d880
D/Settings/BW( 2297): ReadCodeTask:file size: 4096
D/dalvikvm( 1805): GC_EXPLICIT freed 515K (10592), 23% free 6080K/7848K, paused 7ms+17ms, total 99ms
D/IPCThreadState( 1476): [DN #5] BR_CLEAR_DEATH_NOTIFICATION_DONE cookie 0x591cf9c8
D/IPCThreadState( 1476): [DN #5] BR_CLEAR_DEATH_NOTIFICATION_DONE cookie 0x591cfa20
D/IPCThreadState( 1476): [DN #5] BR_CLEAR_DEATH_NOTIFICATION_DONE cookie 0x591cf2b8
D/IPCThreadState( 1476): [DN #5] BR_CLEAR_DEATH_NOTIFICATION_DONE cookie 0x5be5b840
D/IPCThreadState( 1476): [DN #5] BR_CLEAR_DEATH_NOTIFICATION_DONE cookie 0x5be5b898
D/IPCThreadState( 1476): [DN #5] BR_CLEAR_DEATH_NOTIFICATION_DONE cookie 0x59b85f38
D/IPCThreadState( 1476): [DN #5] BR_CLEAR_DEATH_NOTIFICATION_DONE cookie 0x5d130e30
D/IPCThreadState( 1476): [DN #5] BR_CLEAR_DEATH_NOTIFICATION_DONE cookie 0x59af8e50
