D/IPCThreadState( 1476): [DN #5] BR_CLEAR_DEATH_NOTIFICATION_DONE cookie 0x5c74cba8
D/IPCThreadState( 1476): [DN #5] BR_CLEAR_DEATH_NOTIFICATION_DONE cookie 0x5d0294b0
D/IPCThreadState( 1476): [DN #5] BR_CLEAR_DEATH_NOTIFICATION_DONE cookie 0x5d029710
D/IPCThreadState( 1476): [DN #5] BR_CLEAR_DEATH_NOTIFICATION_DONE cookie 0x5c94fbc8
D/IPCThreadState( 1476): [DN #5] BR_CLEAR_DEATH_NOTIFICATION_DONE cookie 0x5916a608
D/IPCThreadState( 1476): [DN #5] BR_CLEAR_DEATH_NOTIFICATION_DONE cookie 0x5c59ad68
D/IPCThreadState( 1476): [DN #5] BR_CLEAR_DEATH_NOTIFICATION_DONE cookie 0x5c27dc18
D/IPCThreadState( 1476): [DN #5] BR_CLEAR_DEATH_NOTIFICATION_DONE cookie 0x5c705d48
D/IPCThreadState( 1476): [DN #5] BR_CLEAR_DEATH_NOTIFICATION_DONE cookie 0x5c251200
D/IPCThreadState( 1476): [DN #5] BR_CLEAR_DEATH_NOTIFICATION_DONE cookie 0x5c63cb60
D/IPCThreadState( 1476): [DN #5] BR_CLEAR_DEATH_NOTIFICATION_DONE cookie 0x591cf2d0
D/IPCThreadState( 1476): [DN #5] BR_CLEAR_DEATH_NOTIFICATION_DONE cookie 0x5921c3d8
D/IPCThreadState( 1476): [DN #5] BR_CLEAR_DEATH_NOTIFICATION_DONE cookie 0x5921c418
D/IPCThreadState( 1476): [DN #5] BR_CLEAR_DEATH_NOTIFICATION_DONE cookie 0x5ca24590
D/IPCThreadState( 1476): [DN #5] BR_CLEAR_DEATH_NOTIFICATION_DONE cookie 0x5ca245d0
D/IPCThreadState( 1476): [DN #5] BR_CLEAR_DEATH_NOTIFICATION_DONE cookie 0x5d137d98
D/IPCThreadState( 1476): [DN #5] BR_CLEAR_DEATH_NOTIFICATION_DONE cookie 0x5d137dd8
D/IPCThreadState( 1476): [DN #5] BR_CLEAR_DEATH_NOTIFICATION_DONE cookie 0x591cf8d0
D/IPCThreadState( 1476): [DN #5] BR_CLEAR_DEATH_NOTIFICATION_DONE cookie 0x5a69d778
D/IPCThreadState( 1476): [DN #5] BR_CLEAR_DEATH_NOTIFICATION_DONE cookie 0x5a69d7d0
D/IPCThreadState( 1476): [DN #5] BR_CLEAR_DEATH_NOTIFICATION_DONE cookie 0x5cb67d38
D/IPCThreadState( 1476): [DN #5] BR_CLEAR_DEATH_NOTIFICATION_DONE cookie 0x5cb67d90
D/IPCThreadState( 1476): [DN #5] BR_CLEAR_DEATH_NOTIFICATION_DONE cookie 0x5ca8e1c0
D/IPCThreadState( 1476): [DN #5] BR_CLEAR_DEATH_NOTIFICATION_DONE cookie 0x5ca8e218
D/IPCThreadState( 1476): [DN #5] BR_CLEAR_DEATH_NOTIFICATION_DONE cookie 0x561584f0
D/IPCThreadState( 1476): [DN #5] BR_CLEAR_DEATH_NOTIFICATION_DONE cookie 0x59161a70
D/IPCThreadState( 1476): [DN #5] BR_CLEAR_DEATH_NOTIFICATION_DONE cookie 0x591cf910
D/IPCThreadState( 1476): [DN #5] BR_CLEAR_DEATH_NOTIFICATION_DONE cookie 0x59166000
D/IPCThreadState( 1476): [DN #5] BR_CLEAR_DEATH_NOTIFICATION_DONE cookie 0x5cb652f8
D/IPCThreadState( 1476): [DN #5] BR_CLEAR_DEATH_NOTIFICATION_DONE cookie 0x5cb67970
D/IPCThreadState( 1476): [DN #5] BR_CLEAR_DEATH_NOTIFICATION_DONE cookie 0x57a06f00
D/IPCThreadState( 1476): [DN #5] BR_CLEAR_DEATH_NOTIFICATION_DONE cookie 0x55faa8b8
D/IPCThreadState( 1476): [DN #5] BR_CLEAR_DEATH_NOTIFICATION_DONE cookie 0x561dc540
D/IPCThreadState( 1476): [DN #5] BR_CLEAR_DEATH_NOTIFICATION_DONE cookie 0x5c700288
D/IPCThreadState( 1476): [DN #5] BR_CLEAR_DEATH_NOTIFICATION_DONE cookie 0x561d7dc8
D/IPCThreadState( 1476): [DN #5] BR_CLEAR_DEATH_NOTIFICATION_DONE cookie 0x5c705140
D/IPCThreadState( 1476): [DN #5] BR_CLEAR_DEATH_NOTIFICATION_DONE cookie 0x5a680e80
D/IPCThreadState( 1476): [DN #5] BR_CLEAR_DEATH_NOTIFICATION_DONE cookie 0x5c53be10
V/Provider/Settings( 1476): from settings cache , name = sys_free_storage_log_interval , value = null
V/Provider/Settings( 1476): from settings cache , name = disk_free_change_reporting_threshold , value = null
D/dalvikvm( 1476): GC_EXPLICIT freed 113K (3209), 26% free 13127K/17516K, paused 3ms+7ms, total 77ms
D/IPCThreadState( 1476): [DN #5] BR_CLEAR_DEATH_NOTIFICATION_DONE cookie 0x5c705068
D/IPCThreadState( 1476): [DN #5] BR_CLEAR_DEATH_NOTIFICATION_DONE cookie 0x5c70aa80
D/IPCThreadState( 1476): [DN #5] BR_CLEAR_DEATH_NOTIFICATION_DONE cookie 0x59e63bb8
D/IPCThreadState( 1476): [DN #5] BR_CLEAR_DEATH_NOTIFICATION_DONE cookie 0x59a992f0
D/IPCThreadState( 1476): [DN #5] BR_CLEAR_DEATH_NOTIFICATION_DONE cookie 0x59b898a0
D/IPCThreadState( 1476): [DN #5] BR_CLEAR_DEATH_NOTIFICATION_DONE cookie 0x5c706768
D/IPCThreadState( 1476): [DN #5] BR_CLEAR_DEATH_NOTIFICATION_DONE cookie 0x59165f60
D/IPCThreadState( 1476): [DN #5] BR_CLEAR_DEATH_NOTIFICATION_DONE cookie 0x5c27de10
D/IPCThreadState( 1476): [DN #5] BR_CLEAR_DEATH_NOTIFICATION_DONE cookie 0x5a67fb68
D/IPCThreadState( 1476): [DN #5] BR_CLEAR_DEATH_NOTIFICATION_DONE cookie 0x5ca24748
D/IPCThreadState( 1476): [DN #5] BR_CLEAR_DEATH_NOTIFICATION_DONE cookie 0x5a8cdb90
D/IPCThreadState( 1476): [DN #5] BR_CLEAR_DEATH_NOTIFICATION_DONE cookie 0x5c6f6b20
D/IPCThreadState( 1476): [DN #5] BR_CLEAR_DEATH_NOTIFICATION_DONE cookie 0x5d135f98
D/IPCThreadState( 1476): [DN #5] BR_CLEAR_DEATH_NOTIFICATION_DONE cookie 0x59c16e90
D/IPCThreadState( 1476): [DN #5] BR_CLEAR_DEATH_NOTIFICATION_DONE cookie 0x5bd447d0
I/SurfaceTextureClient( 1730): [STC::queueBuffer] (this:0x55df9fe8) fps:1.33, dur:1499.32, max:999.61, min:499.71
D/IPCThreadState( 1476): [DN #5] BR_CLEAR_DEATH_NOTIFICATION_DONE cookie 0x5d029088
D/IPCThreadState( 1476): [DN #5] BR_CLEAR_DEATH_NOTIFICATION_DONE cookie 0x54a23a68
D/IPCThreadState( 1476): [DN #5] BR_CLEAR_DEATH_NOTIFICATION_DONE cookie 0x5c6f9028
D/IPCThreadState( 1476): [DN #5] BR_CLEAR_DEATH_NOTIFICATION_DONE cookie 0x59222c58
D/IPCThreadState( 1476): [DN #5] BR_CLEAR_DEATH_NOTIFICATION_DONE cookie 0x5ca8fb48
D/IPCThreadState( 1476): [DN #5] BR_CLEAR_DEATH_NOTIFICATION_DONE cookie 0x5c63ab28
D/IPCThreadState( 1476): [DN #5] BR_CLEAR_DEATH_NOTIFICATION_DONE cookie 0x53426b00
D/IPCThreadState( 1476): [DN #5] BR_CLEAR_DEATH_NOTIFICATION_DONE cookie 0x561e8be8
D/IPCThreadState( 1476): [DN #5] BR_CLEAR_DEATH_NOTIFICATION_DONE cookie 0x592253f8
D/IPCThreadState( 1476): [DN #5] BR_CLEAR_DEATH_NOTIFICATION_DONE cookie 0x59163290
D/IPCThreadState( 1476): [DN #5] BR_CLEAR_DEATH_NOTIFICATION_DONE cookie 0x52f6a318
D/IPCThreadState( 1476): [DN #5] BR_CLEAR_DEATH_NOTIFICATION_DONE cookie 0x5c707748
D/IPCThreadState( 1476): [DN #5] BR_CLEAR_DEATH_NOTIFICATION_DONE cookie 0x59b8a2f0
D/IPCThreadState( 1476): [DN #5] BR_CLEAR_DEATH_NOTIFICATION_DONE cookie 0x5bd43f00
D/IPCThreadState( 1476): [DN #5] BR_CLEAR_DEATH_NOTIFICATION_DONE cookie 0x5c74cf38
D/IPCThreadState( 1476): [DN #5] BR_CLEAR_DEATH_NOTIFICATION_DONE cookie 0x54a25ba8
D/IPCThreadState( 1476): [DN #5] BR_CLEAR_DEATH_NOTIFICATION_DONE cookie 0x59e6fb78
D/IPCThreadState( 1476): [DN #5] BR_CLEAR_DEATH_NOTIFICATION_DONE cookie 0x5c517d58
D/IPCThreadState( 1476): [DN #5] BR_CLEAR_DEATH_NOTIFICATION_DONE cookie 0x54a0c8c8
D/IPCThreadState( 1476): [DN #5] BR_CLEAR_DEATH_NOTIFICATION_DONE cookie 0x5c516a00
D/IPCThreadState( 1476): [DN #5] BR_CLEAR_DEATH_NOTIFICATION_DONE cookie 0x5ca8f238
D/IPCThreadState( 1476): [DN #5] BR_CLEAR_DEATH_NOTIFICATION_DONE cookie 0x54a1ac70
D/IPCThreadState( 1476): [DN #5] BR_CLEAR_DEATH_NOTIFICATION_DONE cookie 0x5a610ec0
D/IPCThreadState( 1476): [DN #5] BR_CLEAR_DEATH_NOTIFICATION_DONE cookie 0x5c7221d0
D/IPCThreadState( 1476): [DN #5] BR_CLEAR_DEATH_NOTIFICATION_DONE cookie 0x5d02ced0
D/IPCThreadState( 1476): [DN #5] BR_CLEAR_DEATH_NOTIFICATION_DONE cookie 0x5a610f20
D/IPCThreadState( 1476): [DN #5] BR_CLEAR_DEATH_NOTIFICATION_DONE cookie 0x5c636a00
D/IPCThreadState( 1476): [DN #5] BR_CLEAR_DEATH_NOTIFICATION_DONE cookie 0x5cb67170
D/IPCThreadState( 1476): [DN #5] BR_CLEAR_DEATH_NOTIFICATION_DONE cookie 0x40ece768
D/IPCThreadState( 1476): [DN #5] BR_CLEAR_DEATH_NOTIFICATION_DONE cookie 0x59165478
D/IPCThreadState( 1476): [DN #5] BR_CLEAR_DEATH_NOTIFICATION_DONE cookie 0x5c703d50
D/IPCThreadState( 1476): [DN #5] BR_CLEAR_DEATH_NOTIFICATION_DONE cookie 0x561e26b8
D/IPCThreadState( 1476): [DN #5] BR_CLEAR_DEATH_NOTIFICATION_DONE cookie 0x54a774d0
D/IPCThreadState( 1476): [DN #5] BR_CLEAR_DEATH_NOTIFICATION_DONE cookie 0x5c643820
D/IPCThreadState( 1476): [DN #5] BR_CLEAR_DEATH_NOTIFICATION_DONE cookie 0x5c700f00
D/IPCThreadState( 1476): [DN #5] BR_CLEAR_DEATH_NOTIFICATION_DONE cookie 0x579e7f98
D/IPCThreadState( 1476): [DN #5] BR_CLEAR_DEATH_NOTIFICATION_DONE cookie 0x5a5dac08
D/IPCThreadState( 1476): [DN #5] BR_CLEAR_DEATH_NOTIFICATION_DONE cookie 0x5916cac0
D/IPCThreadState( 1476): [DN #5] BR_CLEAR_DEATH_NOTIFICATION_DONE cookie 0x5c74cd90
D/IPCThreadState( 1476): [DN #5] BR_CLEAR_DEATH_NOTIFICATION_DONE cookie 0x55faa000
D/IPCThreadState( 1476): [DN #5] BR_CLEAR_DEATH_NOTIFICATION_DONE cookie 0x59b864b0
D/IPCThreadState( 1476): [DN #5] BR_CLEAR_DEATH_NOTIFICATION_DONE cookie 0x5600b0e8
D/IPCThreadState( 1476): [DN #5] BR_CLEAR_DEATH_NOTIFICATION_DONE cookie 0x579fe970
D/IPCThreadState( 1476): [DN #5] BR_CLEAR_DEATH_NOTIFICATION_DONE cookie 0x5d1340c0
D/IPCThreadState( 1476): [DN #5] BR_CLEAR_DEATH_NOTIFICATION_DONE cookie 0x591db448
D/IPCThreadState( 1476): [DN #5] BR_CLEAR_DEATH_NOTIFICATION_DONE cookie 0x5c7058d0
D/IPCThreadState( 1476): [DN #5] BR_CLEAR_DEATH_NOTIFICATION_DONE cookie 0x5c705d48
D/IPCThreadState( 1476): [DN #5] BR_CLEAR_DEATH_NOTIFICATION_DONE cookie 0x59c0e3a0
D/IPCThreadState( 1476): [DN #5] BR_CLEAR_DEATH_NOTIFICATION_DONE cookie 0x5915a6a8
D/IPCThreadState( 1476): [DN #5] BR_CLEAR_DEATH_NOTIFICATION_DONE cookie 0x59e83aa0
D/IPCThreadState( 1476): [DN #5] BR_CLEAR_DEATH_NOTIFICATION_DONE cookie 0x5c2513c0
D/IPCThreadState( 1476): [DN #5] BR_CLEAR_DEATH_NOTIFICATION_DONE cookie 0x55d51f70
D/IPCThreadState( 1476): [DN #5] BR_CLEAR_DEATH_NOTIFICATION_DONE cookie 0x5a8cd5f8
D/IPCThreadState( 1476): [DN #5] BR_CLEAR_DEATH_NOTIFICATION_DONE cookie 0x59e83768
D/IPCThreadState( 1476): [DN #5] BR_CLEAR_DEATH_NOTIFICATION_DONE cookie 0x5b06ec38
D/IPCThreadState( 1476): [DN #5] BR_CLEAR_DEATH_NOTIFICATION_DONE cookie 0x54a193e0
D/IPCThreadState( 1476): [DN #5] BR_CLEAR_DEATH_NOTIFICATION_DONE cookie 0x59161a58
D/IPCThreadState( 1476): [DN #5] BR_CLEAR_DEATH_NOTIFICATION_DONE cookie 0x5c63cb60
D/IPCThreadState( 1476): [DN #5] BR_CLEAR_DEATH_NOTIFICATION_DONE cookie 0x59b3e3f8
D/IPCThreadState( 1476): [DN #5] BR_CLEAR_DEATH_NOTIFICATION_DONE cookie 0x5d137d98
D/IPCThreadState( 1476): [DN #5] BR_CLEAR_DEATH_NOTIFICATION_DONE cookie 0x53426bc8
D/IPCThreadState( 1476): [DN #5] BR_CLEAR_DEATH_NOTIFICATION_DONE cookie 0x5ca24590
D/IPCThreadState( 1476): [DN #5] BR_CLEAR_DEATH_NOTIFICATION_DONE cookie 0x59af7970
D/NetworkControllerGemini( 1730): PhoneStateListener:onSignalStrengthsChanged, sim1 before.
D/NetworkControllerGemini( 1730): PhoneStateListener:onSignalStrengthsChanged, signalStrength=3
D/NetworkControllerGemini( 1730): updateDataNetType(0), DataNetType=3.
D/NetworkControllerGemini( 1730): updateDataNetType(0), simColorId=0
D/TelephonyManagerEx( 1730): isNetworkRoaming
D/NetworkControllerGemini( 1730): updateDataNetType(0), DataNetType3G=Type_3G tempDataTypeIconId= 2130837873.
V/ActivityManager( 1476): Broadcast sticky: Intent { act=android.intent.action.SIG_STR flg=0x10 (has extras) } ordered=false userid=-1
D/NetworkControllerGemini( 1730): isSimInserted(0), SimInserted=true
D/NetworkControllerGemini( 1730): updateTelephonySignalStrength(0), regState=1
D/NetworkControllerGemini( 1730): updateTelephonySignalStrength(0), hasService=true
D/TelephonyManagerEx( 1730): isNetworkRoaming
D/NetworkControllerGemini( 1730): updateTelephonySignalStrength(0), isRoaming=false, mInetCondition=0
D/NetworkControllerGemini( 1730): updateTelephonySignalStrength(0), simColorId=0
D/NetworkControllerGemini( 1730): updateTelephonySignalStrength(0), tempDataNetType = Type_3G , simColorId=0 tempPhoneSignalIconId[0] = 2130837950 tempPhoneSignalIconId[1] = 0
D/NetworkControllerGemini( 1730): updateTelephonySignalStrength(0) tempSIMCUSignVisible= true
D/NetworkControllerGemini( 1730): updateTelephonySignalStrength(0) mSIMCUSignVisible = true
D/NetworkControllerGemini( 1730): refreshViews(0), DataConnected=false simColorId = 0
D/TelephonyManagerEx( 1730): isNetworkRoaming
D/NetworkControllerGemini( 1730): refreshViews(0), dataTypeIconId=0
D/SignalClusterViewGemini( 1730): setShowSimIndicator(0), showSimIndicator=false simIndicatorResource = 0
D/SignalClusterViewGemini( 1730): setDataConnected(0), dataConnected=false
D/SignalClusterViewGemini( 1730): setDataNetType3G(0), dataNetType=Type_3G
D/SignalClusterViewGemini( 1730): apply : mShowSimIndicator = false mSimIndicatorResource = 0 mShowSimIndicatorGemini = false mSimIndicatorResourceGemini = 0
D/Bluetooth HS/HF( 1818): [BT][HFG] [API] mStateReceiver.onReceive(android.intent.action.SIG_STR)
D/Bluetooth HS/HF( 1818): [BT][HFG] [API] mHandler.handleMessage(10)
D/SignalClusterViewGemini( 1730): apply, mMobileVisible=true mMobileActivityId=0 mMobileTypeId=0 mMobileStrengthId[0] = 2130837950 mMobileStrengthId[1] = 0
D/TelephonyManager( 1980): getDefaultSim is sim1
D/SignalClusterViewGemini( 1730): isSimInserted(0), SimInserted=true
D/SignalClusterViewGemini( 1730): mDataNetType =Type_3G resId= 0 simColorId = 0
D/SignalClusterViewGemini( 1730): apply, mMobileVisibleGemini=true mMobileActivityIdGemini=0 mMobileTypeIdGemini=0 mMobileStrengthIdGemini[0] = 2130837960 mMobileStrengthIdGemini[1] = 0
D/TelephonyManager( 1980): getDefaultSim is sim1
D/SignalClusterViewGemini( 1730): isSimInserted(1), SimInserted=false
D/SignalClusterViewGemini( 1730): apply, mMobileVisible=true, mWifiVisible=false, mIsAirplaneMode=false
D/NetworkControllerGemini( 1730): PhoneStateListener:onSignalStrengthsChanged, sim1 after.
D/IPCThreadState( 1476): [DN #5] BR_CLEAR_DEATH_NOTIFICATION_DONE cookie 0x591cf8d0
D/IPCThreadState( 1476): [DN #5] BR_CLEAR_DEATH_NOTIFICATION_DONE cookie 0x5cb67d38
D/IPCThreadState( 1476): [DN #5] BR_CLEAR_DEATH_NOTIFICATION_DONE cookie 0x5cb67d90
D/dalvikvm( 1805): GC_EXPLICIT freed 508K (10522), 23% free 6081K/7848K, paused 1ms+5ms, total 27ms
D/IPCThreadState( 1476): [DN #5] BR_CLEAR_DEATH_NOTIFICATION_DONE cookie 0x54ab5658
D/IPCThreadState( 1476): [DN #5] BR_CLEAR_DEATH_NOTIFICATION_DONE cookie 0x53426d38
D/IPCThreadState( 1476): [DN #5] BR_CLEAR_DEATH_NOTIFICATION_DONE cookie 0x561584f0
D/IPCThreadState( 1476): [DN #5] BR_CLEAR_DEATH_NOTIFICATION_DONE cookie 0x56158548
D/IPCThreadState( 1476): [DN #5] BR_CLEAR_DEATH_NOTIFICATION_DONE cookie 0x5c63cc30
D/IPCThreadState( 1476): [DN #5] BR_CLEAR_DEATH_NOTIFICATION_DONE cookie 0x59166000
D/IPCThreadState( 1476): [DN #5] BR_CLEAR_DEATH_NOTIFICATION_DONE cookie 0x591dac88
D/IPCThreadState( 1476): [DN #5] BR_CLEAR_DEATH_NOTIFICATION_DONE cookie 0x5cb652f0
D/IPCThreadState( 1476): [DN #5] BR_CLEAR_DEATH_NOTIFICATION_DONE cookie 0x59162d18
D/IPCThreadState( 1476): [DN #5] BR_CLEAR_DEATH_NOTIFICATION_DONE cookie 0x5cb67970
D/IPCThreadState( 1476): [DN #5] BR_CLEAR_DEATH_NOTIFICATION_DONE cookie 0x561d7dc8
D/IPCThreadState( 1476): [DN #5] BR_CLEAR_DEATH_NOTIFICATION_DONE cookie 0x5c700288
D/IPCThreadState( 1476): [DN #5] BR_CLEAR_DEATH_NOTIFICATION_DONE cookie 0x5cb65288
D/IPCThreadState( 1476): [DN #5] BR_CLEAR_DEATH_NOTIFICATION_DONE cookie 0x57a06f00
D/IPCThreadState( 1476): [DN #5] BR_CLEAR_DEATH_NOTIFICATION_DONE cookie 0x5c705140
D/IPCThreadState( 1476): [DN #5] BR_CLEAR_DEATH_NOTIFICATION_DONE cookie 0x561dc540
D/IPCThreadState( 1476): [DN #5] BR_CLEAR_DEATH_NOTIFICATION_DONE cookie 0x5916cec8
D/IPCThreadState( 1476): [DN #5] BR_CLEAR_DEATH_NOTIFICATION_DONE cookie 0x5c53be10
D/IPCThreadState( 1476): [DN #5] BR_CLEAR_DEATH_NOTIFICATION_DONE cookie 0x5a680e80
D/dalvikvm( 1476): GC_EXPLICIT freed 117K (3306), 26% free 13128K/17516K, paused 3ms+8ms, total 77ms
D/IPCThreadState( 1476): [DN #5] BR_CLEAR_DEATH_NOTIFICATION_DONE cookie 0x55faa8b8
D/IPCThreadState( 1476): [DN #5] BR_CLEAR_DEATH_NOTIFICATION_DONE cookie 0x5d135f98
D/IPCThreadState( 1476): [DN #5] BR_CLEAR_DEATH_NOTIFICATION_DONE cookie 0x5c6f6b20
D/IPCThreadState( 1476): [DN #5] BR_CLEAR_DEATH_NOTIFICATION_DONE cookie 0x5ca24748
D/IPCThreadState( 1476): [DN #5] BR_CLEAR_DEATH_NOTIFICATION_DONE cookie 0x5a67fb68
D/IPCThreadState( 1476): [DN #5] BR_CLEAR_DEATH_NOTIFICATION_DONE cookie 0x5c27de10
D/IPCThreadState( 1476): [DN #5] BR_CLEAR_DEATH_NOTIFICATION_DONE cookie 0x59165f60
D/IPCThreadState( 1476): [DN #5] BR_CLEAR_DEATH_NOTIFICATION_DONE cookie 0x5c706768
D/IPCThreadState( 1476): [DN #5] BR_CLEAR_DEATH_NOTIFICATION_DONE cookie 0x59b898a0
D/IPCThreadState( 1476): [DN #5] BR_CLEAR_DEATH_NOTIFICATION_DONE cookie 0x59a992f0
D/IPCThreadState( 1476): [DN #5] BR_CLEAR_DEATH_NOTIFICATION_DONE cookie 0x59e63bb8
D/IPCThreadState( 1476): [DN #5] BR_CLEAR_DEATH_NOTIFICATION_DONE cookie 0x5c70aa80
D/IPCThreadState( 1476): [DN #5] BR_CLEAR_DEATH_NOTIFICATION_DONE cookie 0x5a8cdb90
D/IPCThreadState( 1476): [DN #5] BR_CLEAR_DEATH_NOTIFICATION_DONE cookie 0x592253f8
V/ActivityManager( 1476): getTasks: max=1, flags=0, receiver=null
V/ActivityManager( 1476): com.android.settings/.SubSettings: task=TaskRecord{41961c40 #3 A com.android.settings U 0}
V/ActivityManager( 1476): com.android.settings/.Settings: task=TaskRecord{41961c40 #3 A com.android.settings U 0}
V/ActivityManager( 1476): We have pending thumbnails: null D/ccci_fsd(1)( 98): A: [1110103F2114342D]: 0 D/ccci_fsd(1)( 98): O: [1110103F2114342D](0x20010400): (11 1) D/ccci_fsd(1)( 98): F: 1: 228 0 D/ccci_fsd(1)( 98): S: 1 0 1: 0
D/PowerManagerService( 1476): acquireWakeLockInternal: lock=1101013952, flags=0x1, tag="RILJ", ws=null, uid=1001, pid=1818
D/PowerManagerService( 1476): updateWakeLockSummaryLocked: mWakefulness=Awake, mWakeLockSummary=0x1
D/PowerManagerService( 1476): newScreenState = 2
D/PowerManagerDisplayController( 1476): requestPowerState: screenState=2, useProximitySensor=false, screenBrightness=204, screenAutoBrightnessAdjustment=0.0, useAutoBrightness=false, useEcoBrightness=false, blockScreenOn=false, waitForNegativeProximity=false
I/PowerManagerService( 1476): setBrightness mButtonLight 0.
D/PowerManagerService( 1476): updateScreenStateLocked: mDisplayReady=true, newScreenState=2, mWakefulness=1, mWakeLockSummary=0x1, mUserActivitySummary=0x1, mBootCompleted=true
D/PowerManagerService( 1476): handleSandman: canDream=true, mWakefulness=Awake D/ccci_fsd(1)( 98): W: 1 112: 112 0
D/PowerManagerService( 1476): acquireWakeLockInternal: lock=1101013952, flags=0x1, tag="RILJ", ws=null, uid=1001, pid=1818
D/PowerManagerService( 1476): updateWakeLockSummaryLocked: mWakefulness=Awake, mWakeLockSummary=0x1
D/PowerManagerService( 1476): newScreenState = 2
D/PowerManagerDisplayController( 1476): requestPowerState: screenState=2, useProximitySensor=false, screenBrightness=204, screenAutoBrightnessAdjustment=0.0, useAutoBrightness=false, useEcoBrightness=false, blockScreenOn=false, waitForNegativeProximity=false
I/PowerManagerService( 1476): setBrightness mButtonLight 0.
D/PowerManagerService( 1476): updateScreenStateLocked: mDisplayReady=true, newScreenState=2, mWakefulness=1, mWakeLockSummary=0x1, mUserActivitySummary=0x1, mBootCompleted=true
D/PowerManagerService( 1476): handleSandman: canDream=true, mWakefulness=Awake
D/PowerManagerService( 1476): acquireWakeLockInternal: lock=1101013952, flags=0x1, tag="RILJ", ws=null, uid=1001, pid=1818
D/PowerManagerService( 1476): updateWakeLockSummaryLocked: mWakefulness=Awake, mWakeLockSummary=0x1 D/ccci_fsd(1)( 98): W: 1 2: 2 0
D/PowerManagerService( 1476): newScreenState = 2 D/ccci_fsd(1)( 98): C: 1: 0
D/PowerManagerDisplayController( 1476): requestPowerState: screenState=2, useProximitySensor=false, screenBrightness=204, screenAutoBrightnessAdjustment=0.0, useAutoBrightness=false, useEcoBrightness=false, blockScreenOn=false, waitForNegativeProximity=false
I/PowerManagerService( 1476): setBrightness mButtonLight 0.
D/PowerManagerService( 1476): updateScreenStateLocked: mDisplayReady=true, newScreenState=2, mWakefulness=1, mWakeLockSummary=0x1, mUserActivitySummary=0x1, mBootCompleted=true
D/PowerManagerService( 1476): handleSandman: canDream=true, mWakefulness=Awake
D/PowerManagerService( 1476): acquireWakeLockInternal: lock=1101013952, flags=0x1, tag="RILJ", ws=null, uid=1001, pid=1818
D/PowerManagerService( 1476): updateWakeLockSummaryLocked: mWakefulness=Awake, mWakeLockSummary=0x1
D/PowerManagerService( 1476): newScreenState = 2
D/PowerManagerDisplayController( 1476): requestPowerState: screenState=2, useProximitySensor=false, screenBrightness=204, screenAutoBrightnessAdjustment=0.0, useAutoBrightness=false, useEcoBrightness=false, blockScreenOn=false, waitForNegativeProximity=false
I/PowerManagerService( 1476): setBrightness mButtonLight 0.
D/PowerManagerService( 1476): updateScreenStateLocked: mDisplayReady=true, newScreenState=2, mWakefulness=1, mWakeLockSummary=0x1, mUserActivitySummary=0x1, mBootCompleted=true
D/PowerManagerService( 1476): handleSandman: canDream=true, mWakefulness=Awake
D/PowerManagerService( 1476): releaseWakeLockInternal: lock=1101013952, flags=0x0
D/PowerManagerService( 1476): updateWakeLockSummaryLocked: mWakefulness=Awake, mWakeLockSummary=0x1
D/PowerManagerService( 1476): newScreenState = 2
D/PowerManagerDisplayController( 1476): requestPowerState: screenState=2, useProximitySensor=false, screenBrightness=204, screenAutoBrightnessAdjustment=0.0, useAutoBrightness=false, useEcoBrightness=false, blockScreenOn=false, waitForNegativeProximity=false
I/PowerManagerService( 1476): setBrightness mButtonLight 0.
D/PowerManagerService( 1476): updateScreenStateLocked: mDisplayReady=true, newScreenState=2, mWakefulness=1, mWakeLockSummary=0x1, mUserActivitySummary=0x1, mBootCompleted=true
D/IPCThreadState( 1476): [DN #5] BR_CLEAR_DEATH_NOTIFICATION_DONE cookie 0x561e8be8
D/PowerManagerService( 1476): handleSandman: canDream=true, mWakefulness=Awake
D/IPCThreadState( 1476): [DN #5] BR_CLEAR_DEATH_NOTIFICATION_DONE cookie 0x53426b00
V/ActivityManager( 1476): Broadcast sticky: Intent { act=android.intent.action.SIM_INDICATOR_STATE_CHANGED flg=0x10 (has extras) } ordered=false userid=-1
D/MtkAgps ( 1476): [MtkAgpsManagerService] SIM=1 onServiceStateChanged phone is in service
D/NetworkControllerGemini( 1730): onReceive, intent action is android.intent.action.SIM_INDICATOR_STATE_CHANGED
E/MtkAgps ( 1476): [MtkAgpsManagerService][agps] ERR: OutputStream is not ready!!
D/NetworkControllerGemini( 1730): updateDataNetType(0), DataNetType=3.
D/NetworkControllerGemini( 1730): updateDataNetType(0), simColorId=0
D/TelephonyManagerEx( 1730): isNetworkRoaming
D/NetworkControllerGemini( 1730): updateDataNetType(0) RoamingresId= 2130837933 simColorId = 0
D/TelephonyManagerEx( 1476): isNetworkRoaming
D/NetworkControllerGemini( 1730): updateDataNetType(0), DataNetType3G=Type_3G tempDataTypeIconId= 2130837874.
E/MtkAgps ( 1476): [MtkAgpsManagerService][agps] ERR: OutputStream is not ready!!
D/CountryDetector( 1476): onServiceStateChanged serviceState:SIM1 0 roaming Free 20801 20801 HSPA CSS not supported -1 -1 RoamInd=-1 DefRoamInd=-1 EmergOnly=false Regist state: 5 D/Voodoo FreeOrNot ConnectivityService( 3006): onServiceStateChanged state=0
D/TelephonyManager( 1476): getDefaultSim is sim1
D/NetworkControllerGemini( 1730): isSimInserted(0), SimInserted=true
D/NetworkControllerGemini( 1730): updateTelephonySignalStrength(0), regState=1
D/NetworkControllerGemini( 1730): updateTelephonySignalStrength(0), hasService=true
D/TelephonyManagerEx( 1730): isNetworkRoaming
D/NetworkControllerGemini( 1730): updateTelephonySignalStrength(0), isRoaming=true, mInetCondition=0
D/NetworkControllerGemini( 1730): updateTelephonySignalStrength(0), simColorId=0
D/NetworkControllerGemini( 1730): updateTelephonySignalStrength(0), tempDataNetType = Type_3G , simColorId=0 tempPhoneSignalIconId[0] = 2130837950 tempPhoneSignalIconId[1] = 0
D/NetworkControllerGemini( 1730): updateTelephonySignalStrength(0) tempSIMCUSignVisible= true
D/NetworkControllerGemini( 1730): updateTelephonySignalStrength(0) mSIMCUSignVisible = true D/Voodoo FreeOrNot ConnectivityService( 3006): State: Carrier: Itinérance Orange
V/ActivityManager( 1476): Broadcast sticky: Intent { act=android.intent.action.SERVICE_STATE flg=0x10 (has extras) } ordered=false userid=-1
D/NetworkControllerGemini( 1730): isSimInserted(0), SimInserted=true D/Voodoo FreeOrNot ConnectivityService( 3006): State: Manual selection? false
V/Provider/Settings( 1818): invalidate [global]: current 2 != cached 1
D/SettingsProvider( 1476): call request for 0
V/SettingsProvider( 1476): call(global:data_roaming) for 0
D/SettingsProvider( 1476): lookupValue table global cache contains Key data_roaming , value = Bundle[{value=1}]
V/Provider/Settings( 1818): from db cache, name = data_roaming , value = 1
V/Provider/Settings( 1818): from settings cache , name = data_roaming , value = 1 D/Voodoo FreeOrNot ConnectivityService( 3006): State: Roaming? true D/Voodoo FreeOrNot ConnectivityService( 3006): State: STATE_IN_SERVICE D/Voodoo FreeOrNot Connectivity( 3006): Scheduling data on Orange without roaming test
D/NetworkControllerGemini( 1730): isSimInserted(1), SimInserted=false
D/NetworkControllerGemini( 1730): updateOperatorInfo, sim1Inserted is true, sim2Inserted is false.
D/NetworkControllerGemini( 1730): refreshViews(0), DataConnected=false simColorId = 0
D/TelephonyManagerEx( 1730): isNetworkRoaming
D/NetworkControllerGemini( 1730): refreshViews(0) RoamingresId= 2130837933 simColorId = 0
D/NetworkControllerGemini( 1730): refreshViews(0), dataTypeIconId=0
I/TelephonyRegistry( 1476): notifyDataConnection: state=0 isDataConnectivityPossible=false reason='nwTypeChanged' apn='null' apnType=default networkType=10 mRecords.size()=10 mRecords=[{pkgForDebug=KeyguardUpdateMonitor callerUid=0 events=1}, {pkgForDebug=AudioService callerUid=0 events=20}, {pkgForDebug=android callerUid=0 events=71}, {pkgForDebug=SystemUI SIMHelper callerUid=0 events=1e1}, {pkgForDebug=SystemUI SIMHelper callerUid=0 events=1}, {pkgForDebug=com.google.android.location callerUid=0 events=150}, {pkgForDebug=com.google.android.location callerUid=0 events=550}, {pkgForDebug=com.android.phone callerUid=0 events=d}, {pkgForDebug=android callerUid=0 events=1}, {pkgForDebug=org.projectvoodoo.freeornot callerUid=0 events=61}]
D/SignalClusterViewGemini( 1730): setShowSimIndicator(0), showSimIndicator=false simIndicatorResource = 0
D/SignalClusterViewGemini( 1730): setDataConnected(0), dataConnected=false
D/SignalClusterViewGemini( 1730): setDataNetType3G(0), dataNetType=Type_3G
D/SignalClusterViewGemini( 1730): apply : mShowSimIndicator = false mSimIndicatorResource = 0 mShowSimIndicatorGemini = false mSimIndicatorResourceGemini = 0
D/TelephonyRegistry( 1476): onDataConnectionStateChanged(-1, 10)
D/SignalClusterViewGemini( 1730): apply, mMobileVisible=true mMobileActivityId=0 mMobileTypeId=0 mMobileStrengthId[0] = 2130837950 mMobileStrengthId[1] = 0
I/TelephonyProvider( 1818): initDatabaseIfNeeded begin content://telephony/siminfo
I/TelephonyProvider( 1818): initDatabaseIfNeeded end content://telephony/siminfo
W/ContextImpl( 1476): Calling a method in the system process without a qualified user: android.app.ContextImpl.sendOrderedBroadcast:1150 com.android.server.TelephonyRegistry.broadcastDataConnectionStateChanged:843 com.android.server.TelephonyRegistry.notifyDataConnection:598 com.android.internal.telephony.ITelephonyRegistry$Stub.onTransact:157 android.os.Binder.execTransact:351
V/ActivityManager( 1476): Broadcast: Intent { act=android.intent.action.ANY_DATA_STATE_MOBILE flg=0x10 (has extras) } ordered=true userid=0
D/GsmCellLocation( 1818): fillInNotifierBundle:Bundle[{type=1, cid=3188525, lac=1052, psc=-1}]
D/SignalClusterViewGemini( 1730): isSimInserted(0), SimInserted=true
D/SignalClusterViewGemini( 1730): mDataNetType =Type_3G resId= 0 simColorId = 0
D/SignalClusterViewGemini( 1730): apply, mMobileVisibleGemini=true mMobileActivityIdGemini=0 mMobileTypeIdGemini=0 mMobileStrengthIdGemini[0] = 2130837960 mMobileStrengthIdGemini[1] = 0
D/TelephonyRegistry( 1476): validateEventsAndUserLocked: valid=false r.callerUid=0 foregroundUser=0 r.events=1 events=16 D/Voodoo FreeOrNot StatusBarNotification( 3006): Update system notification with: UMTS (3G), sélection automatique
D/TelephonyRegistry( 1476): validateEventsAndUserLocked: valid=false r.callerUid=0 foregroundUser=0 r.events=32 events=16
D/TelephonyRegistry( 1476): validateEventsAndUserLocked: valid=true r.callerUid=0 foregroundUser=0 r.events=113 events=16
E/CellLocation( 1476): create GsmCellLocation
D/TelephonyRegistry( 1476): validateEventsAndUserLocked: valid=false r.callerUid=0 foregroundUser=0 r.events=481 events=16
D/TelephonyRegistry( 1476): validateEventsAndUserLocked: valid=false r.callerUid=0 foregroundUser=0 r.events=1 events=16
D/TelephonyRegistry( 1476): validateEventsAndUserLocked: valid=true r.callerUid=0 foregroundUser=0 r.events=336 events=16
D/TelephonyRegistry( 1476): validateEventsAndUserLocked: valid=true r.callerUid=0 foregroundUser=0 r.events=1360 events=16
D/TelephonyRegistry( 1476): validateEventsAndUserLocked: valid=false r.callerUid=0 foregroundUser=0 r.events=13 events=16
D/MtkAgps ( 1476): [MtkAgpsManagerService] SIM=1 onCellLocationChanged
D/TelephonyManagerEx( 1476): getPhoneType
E/CellLocation( 1980): create GsmCellLocation
E/CellLocation( 1980): create GsmCellLocation
D/TelephonyRegistry( 1476): validateEventsAndUserLocked: valid=false r.callerUid=0 foregroundUser=0 r.events=1 events=16
V/NotificationService( 1476): enqueueNotificationInternal: pkg=org.projectvoodoo.freeornot id=654654 notification=Notification(pri=0 contentView=org.projectvoodoo.freeornot/0x109008f vibrate=null sound=null defaults=0x0 flags=0x2 kind=[null])
D/TelephonyRegistry( 1476): validateEventsAndUserLocked: valid=false r.callerUid=0 foregroundUser=0 r.events=97 events=16
V/NotificationService( 1476): notifications are enabled for org.projectvoodoo.freeornot
V/NotificationService( 1476): Assigned score=0 to Notification(pri=0 contentView=org.projectvoodoo.freeornot/0x109008f vibrate=null sound=null defaults=0x0 flags=0x2 kind=[null])
D/IPCThreadState( 1818): [DN #5] BR_CLEAR_DEATH_NOTIFICATION_DONE cookie 0x54a88af0
D/Provider/Settings( 1818): put string name = roaming_indication_needed , value = 1 userHandle = 0
D/IPCThreadState( 1476): [DN #5] BR_CLEAR_DEATH_NOTIFICATION_DONE cookie 0x5ca8fb48
D/NotificationService( 1476): pakage=org.projectvoodoo.freeornot,In NotificationMangerService, this notification soud, leds and vibrate enable
D/NotificationService( 1476): useDefaultSound=false
D/NotificationService( 1476): notification.sound=null
D/NotificationService( 1476): mDmLock=false
D/SettingsProvider( 1476): call request for 0
V/SettingsProvider( 1476): call_put(system:roaming_indication_needed=1) for 0
V/SettingsProvider( 1476): insert(content://settings/system) for user 0 by 0
D/SettingsProvider( 1476): insert(content://settings/system) for user 0 by 0
D/SettingsProvider( 1476): redundant, old Value: 0 new value: 1
D/PhoneInterfaceManager( 1818): [PhoneIntfMgr] getActivePhoneTypeGemini simId: 0
D/TelephonyManagerEx( 1476): getCellLocation
D/GsmCellLocation( 1818): fillInNotifierBundle:Bundle[{type=1, cid=3188525, lac=1052, psc=-1}]
D/Mms/Txn ( 3409): sim 1 auto download without roaming -> true
E/CellLocation( 1476): create GsmCellLocation
D/Mms/Txn ( 3409): sim 1 auto download during roaming -> false
D/TelephonyManagerEx( 1476): getSubscriberId
D/TelephonyManagerEx( 1476): getSubscriberInfo
D/SignalClusterViewGemini( 1730): isSimInserted(1), SimInserted=false
D/TelephonyManagerEx( 1476): getNetworkOperator
D/SignalClusterViewGemini( 1730): apply, mMobileVisible=true, mWifiVisible=false, mIsAirplaneMode=false D/Voodoo FreeOrNot ConnectivityService( 3006): onDataConnectionStateChanged: state=-1 type=10
D/MtkAgps ( 1476): [MtkAgpsManagerService] SIM=1 IMSI=208150001030622 MccMnc=20801 Lac=1052 Cid=3188525
E/MtkAgps ( 1476): [MtkAgpsManagerService][agps] ERR: OutputStream is not ready!!
D/TelephonyManagerEx( 1476): getPhoneType
D/PhoneInterfaceManager( 1818): [PhoneIntfMgr] getActivePhoneTypeGemini simId: 0
D/TelephonyManagerEx( 1476): getCellLocation
V/SettingsProvider( 1476): system <- value=1 name=roaming_indication_needed for user 0
V/SettingsProvider( 1476): property: sys.settings_system_version=6
D/GsmCellLocation( 1818): fillInNotifierBundle:Bundle[{type=1, cid=3188525, lac=1052, psc=-1}]
E/CellLocation( 1476): create GsmCellLocation
W/BackupManagerService( 1476): dataChanged but no participant pkg='com.android.providers.settings' uid=1001
D/TelephonyManagerEx( 1476): getPhoneType
V/SettingsProvider( 1476): notifying for 0: content://settings/system/roaming_indication_needed
D/PhoneInterfaceManager( 1818): [PhoneIntfMgr] getActivePhoneTypeGemini simId: 0
D/NetworkControllerGemini( 1730): refreshViews(1), DataConnected=false simColorId = -1
D/TelephonyManagerEx( 1730): isNetworkRoaming
D/CallManager( 1818): handleMessage msgid:118
D/CallManager( 1818): handleMessage (EVENT_SERVICE_STATE_CHANGED)
D/CallManager( 1818): [clearEspeechInfo] state = IDLE
D/CallManager( 1818): All espeech is 0
D/TelephonyManagerEx( 1476): getNetworkOperator
D/TelephonyManagerEx( 1476): getNetworkOperator
D/TelephonyManagerEx( 1476): getNetworkType
D/MtkAgps ( 1476): [MtkAgpsManagerService] SIM=1 network type is 3G, networkType=10
E/MtkAgps ( 1476): [MtkAgpsManagerService][agps] ERR: OutputStream is not ready!!
I/CallNotifier( 1818): PhoneStateListener.onServiceStateChanged: serviceState=SIM1 0 roaming Free 20801 20801 HSPA CSS not supported -1 -1 RoamInd=-1 DefRoamInd=-1 EmergOnly=false Regist state: 5
V/Provider/Settings( 1476): invalidate [system]: current 6 != cached 5
D/SettingsProvider( 1476): call request for 0
V/SettingsProvider( 1476): call(system:auto_caps) for 0
D/SettingsProvider( 1476): lookupValue table system cache contains Key auto_caps , value = null
D/SettingsProvider( 1476): lookupValue table system cache.fullyMatchesDisk() auto_caps
D/ExtensionManager( 1818): PhoneGlobalsBroadcastReceiverExtension()
D/PhonePluginExtensionContainer( 1818): getPhoneGlobalsBroadcastReceiverExtension() D/PhoneGlobalsBroadcastReceiverExtensionContainer( 1818): onReceive(), sub extension list is null, just return
D/PhoneGlobals( 1818): PhoneGlobalsBroadcastReceiver -----action=android.intent.action.SERVICE_STATE
V/Provider/Settings( 1476): from db cache, name = auto_caps , value = null
D/SettingsProvider( 1476): call request for 0
V/SettingsProvider( 1476): call(system:auto_replace) for 0
D/NotificationMgr( 1818): updateNetworkSelection()...state = 0 new network
D/SettingsProvider( 1476): lookupValue table system cache contains Key auto_replace , value = null
D/SettingsProvider( 1476): lookupValue table system cache.fullyMatchesDisk() auto_replace
V/Provider/Settings( 1476): from db cache, name = auto_replace , value = null
D/Bluetooth HS/HF( 1818): [BT][HFG] mStateChangeHandler.handleMessage:{ what=1 when=-4ms obj=android.os.AsyncResult@416c27f8 target=Handler (com.android.phone.BluetoothHandsfree$BluetoothPhoneState$1) {415f3f18} }
V/Provider/Settings( 1818): invalidate [system]: current 6 != cached 5
D/SettingsProvider( 1476): call request for 0
V/SettingsProvider( 1476): call(system:voice_call_sim_setting) for 0
D/SettingsProvider( 1476): lookupValue table system cache contains Key voice_call_sim_setting , value = Bundle[{value=1}]
D/SettingsProvider( 1476): call request for 0
V/SettingsProvider( 1476): call(system:auto_punctuate) for 0
D/SettingsProvider( 1476): lookupValue table system cache contains Key auto_punctuate , value = null
D/SettingsProvider( 1476): lookupValue table system cache.fullyMatchesDisk() auto_punctuate
V/Provider/Settings( 1476): from db cache, name = auto_punctuate , value = null
D/SettingsProvider( 1476): call request for 0
V/SettingsProvider( 1476): call(system:show_password) for 0
D/SettingsProvider( 1476): lookupValue table system cache contains Key show_password , value = null
D/SettingsProvider( 1476): lookupValue table system cache.fullyMatchesDisk() show_password
V/Provider/Settings( 1476): from db cache, name = show_password , value = null
V/Provider/Settings( 1818): from db cache, name = voice_call_sim_setting , value = 1
D/BluetoothAtPhonebook( 1818): getDefaultSIM : SIM ID=1
W/Provider/Settings( 3006): Setting preferred_network_mode has moved from android.provider.Settings.Secure to android.provider.Settings.Global.
D/NetworkControllerGemini( 1730): refreshViews(1), dataTypeIconId=0
D/SignalClusterViewGemini( 1730): setShowSimIndicator(1), showSimIndicator=false simIndicatorResource = 0
D/SignalClusterViewGemini( 1730): setDataConnected(1), dataConnected=false
D/SignalClusterViewGemini( 1730): setDataNetType3G(1), dataNetType=null
D/SignalClusterViewGemini( 1730): apply : mShowSimIndicator = false mSimIndicatorResource = 0 mShowSimIndicatorGemini = false mSimIndicatorResourceGemini = 0
D/SettingsProvider( 1476): call request for 0
V/SettingsProvider( 1476): call(global:preferred_network_mode) for 0
D/SettingsProvider( 1476): lookupValue table global cache contains Key preferred_network_mode , value = Bundle[{value=2}]
I/TelephonyProvider( 1818): initDatabaseIfNeeded begin content://telephony/siminfo/1
I/TelephonyProvider( 1818): initDatabaseIfNeeded end content://telephony/siminfo/1
D/SignalClusterViewGemini( 1730): apply, mMobileVisible=true mMobileActivityId=0 mMobileTypeId=0 mMobileStrengthId[0] = 2130837950 mMobileStrengthId[1] = 0
V/Provider/Settings( 3006): from db cache, name = preferred_network_mode , value = 2 D/Voodoo FreeOrNot StatusBarNotification( 3006): Update system notification with: HSPA (3G+ avancée), sélection automatique
D/IPCThreadState( 1476): [DN #5] BR_CLEAR_DEATH_NOTIFICATION_DONE cookie 0x5c6f9028
D/SignalClusterViewGemini( 1730): isSimInserted(0), SimInserted=true
D/SignalClusterViewGemini( 1730): mDataNetType =Type_3G resId= 0 simColorId = 0
D/SignalClusterViewGemini( 1730): apply, mMobileVisibleGemini=true mMobileActivityIdGemini=0 mMobileTypeIdGemini=0 mMobileStrengthIdGemini[0] = 2130837960 mMobileStrengthIdGemini[1] = 0
D/SignalClusterViewGemini( 1730): isSimInserted(1), SimInserted=false
D/SignalClusterViewGemini( 1730): apply, mMobileVisible=true, mWifiVisible=false, mIsAirplaneMode=false
D/QuickSettingsConnectionModel( 1730): onReceive called, action is android.intent.action.SIM_INDICATOR_STATE_CHANGED
D/BluetoothAtPhonebook( 1818): getDefaultSIM : slot ID=0
D/QuickSettingsConnectionModel( 1730): Panel sim ready called
D/Bluetooth HS/HF( 1818): [BT][HFG] [API] updateServiceState service=1, mService=1, roam=1, mRoam=0
D/Bluetooth HS/HF( 1818): [BT][HFG] [API] sendURC()
D/QuickSettingsConnectionModel( 1730): mobile mHasSim is true, mIsAirlineMode is false, mIsMmsOngoing is false, mIsUserSwitching is false
V/Provider/Settings( 1730): invalidate [system]: current 6 != cached 5
V/NotificationService( 1476): enqueueNotificationInternal: pkg=org.projectvoodoo.freeornot id=654654 notification=Notification(pri=0 contentView=org.projectvoodoo.freeornot/0x109008f vibrate=null sound=null defaults=0x0 flags=0x2 kind=[null])
V/NotificationService( 1476): notifications are enabled for org.projectvoodoo.freeornot
V/NotificationService( 1476): Assigned score=0 to Notification(pri=0 contentView=org.projectvoodoo.freeornot/0x109008f vibrate=null sound=null defaults=0x0 flags=0x2 kind=[null])
D/NotificationService( 1476): pakage=org.projectvoodoo.freeornot,In NotificationMangerService, this notification soud, leds and vibrate enable
D/NotificationService( 1476): useDefaultSound=false
D/NotificationService( 1476): notification.sound=null
D/NotificationService( 1476): mDmLock=false
D/SettingsProvider( 1476): call request for 0
V/SettingsProvider( 1476): call(system:dual_sim_mode_setting) for 0
D/SettingsProvider( 1476): lookupValue table system cache contains Key dual_sim_mode_setting , value = Bundle[{value=1}]
V/Provider/Settings( 1730): from db cache, name = dual_sim_mode_setting , value = 1
D/QuickSettingsConnectionModel( 1730): isAllRadioOff=false
I/StateTracker( 1730): com.android.systemui.statusbar.toolbar.QuickSettingsConnectionModel$MobileStateTracker@414f2458 mIsUserSwitching is false
D/SettingsProvider( 1476): call request for 0
V/SettingsProvider( 1476): call(system:gprs_connection_sim_setting) for 0
D/SettingsProvider( 1476): lookupValue table system cache contains Key gprs_connection_sim_setting , value = Bundle[{value=0}]
V/Provider/Settings( 1730): from db cache, name = gprs_connection_sim_setting , value = 0
D/QuickSettingsConnectionModel( 1730): MobileStateTracker.getActualState called, simId is0
I/StateTracker( 1730): com.android.systemui.statusbar.toolbar.QuickSettingsConnectionModel$MobileStateTracker@414f2458setImageViewResources state is 0
V/Provider/Settings( 1730): from settings cache , name = gprs_connection_sim_setting , value = 0
D/QuickSettingsConnectionModel( 1730): MobileStateTracker.getActualState called, simId is0
D/QuickSettingsConnectionModel( 1730): mobile mHasSim is true, mIsAirlineMode is false, mIsMmsOngoing is false, mIsUserSwitching is false
V/Provider/Settings( 1730): from settings cache , name = dual_sim_mode_setting , value = 1
D/QuickSettingsConnectionModel( 1730): isAllRadioOff=false
I/StateTracker( 1730): com.android.systemui.statusbar.toolbar.QuickSettingsConnectionModel$MobileStateTracker@414f2458 mIsUserSwitching is false
D/SimSwitchPanelView( 1730): sim state changed
D/SimIconView( 1730): updateSimIcon called, simName is Free, simNumber is
D/TelephonyManager( 1980): getDefaultSim is sim1
D/SimIconView( 1730): updateSimIcon called, simState is 6, slotId is 0
D/NetworkControllerGemini( 1730): PhoneStateListener:onServiceStateChanged, sim1 before.
D/NetworkControllerGemini( 1730): PhoneStateListener:onServiceStateChanged, state=0
D/NetworkControllerGemini( 1730): PhoneStateListener:onServiceStateChanged sim1 mDataNetType= 10
D/NetworkControllerGemini( 1730): updateDataNetType(0), DataNetType=10.
D/NetworkControllerGemini( 1730): updateDataNetType(0), simColorId=0
D/TelephonyManagerEx( 1730): isNetworkRoaming
D/NetworkControllerGemini( 1730): updateDataNetType(0) RoamingresId= 2130837933 simColorId = 0
D/NetworkControllerGemini( 1730): updateDataNetType(0), DataNetType3G=Type_3G tempDataTypeIconId= 2130837914.
D/TelephonyManager( 1980): getDefaultSim is sim1
D/GsmCellLocation( 1818): fillInNotifierBundle:Bundle[{type=1, cid=3188525, lac=1052, psc=-1}]
D/NetworkControllerGemini( 1730): isSimInserted(0), SimInserted=true
D/NetworkControllerGemini( 1730): updateTelephonySignalStrength(0), regState=5
D/NetworkControllerGemini( 1730): updateTelephonySignalStrength(0), hasService=true
D/TelephonyManagerEx( 1730): isNetworkRoaming
D/NetworkControllerGemini( 1730): updateTelephonySignalStrength(0), isRoaming=true, mInetCondition=0
D/NetworkControllerGemini( 1730): updateTelephonySignalStrength(0), simColorId=0
E/CellLocation( 1980): create GsmCellLocation
D/NetworkControllerGemini( 1730): updateTelephonySignalStrength(0), tempDataNetType = Type_3G , simColorId=0 tempPhoneSignalIconId[0] = 2130837950 tempPhoneSignalIconId[1] = 0
D/NetworkControllerGemini( 1730): updateTelephonySignalStrength(0) tempSIMCUSignVisible= true
D/NetworkControllerGemini( 1730): updateTelephonySignalStrength(0) mSIMCUSignVisible = true
D/NetworkControllerGemini( 1730): updateDataIcon(0), SimState=UNKNOWN, DataState=-1, DataActivity=0, tempNetType3G=Type_3G
D/PhoneInterfaceManager( 1818): [PhoneIntfMgr] getCallStateGemini simId: 0
D/PhoneInterfaceManager( 1818): [PhoneIntfMgr] getCallStateGemini simId: 1
D/NetworkControllerGemini( 1730): updateDataIcon(0), callState1 is 0, callState2 is 0.
D/GsmCellLocation( 1818): fillInNotifierBundle:Bundle[{type=1, cid=3188525, lac=1052, psc=-1}]
D/TelephonyManagerEx( 1730): getNetworkType
D/TelephonyManager( 2110): getDefaultSim is sim1
E/CellLocation( 1980): create GsmCellLocation
D/IPCThreadState( 1476): [DN #5] BR_CLEAR_DEATH_NOTIFICATION_DONE cookie 0x5c63ab28
D/TelephonyManager( 1980): getDefaultSim is sim1
D/TelephonyManager( 1980): getDefaultSim is sim1
D/NetworkControllerGemini( 1730): updateDataIcon(0), iconId=0, visible=false
D/NetworkControllerGemini( 1730): refreshViews(0), DataConnected=false simColorId = 0
D/TelephonyManagerEx( 1730): isNetworkRoaming
D/NetworkControllerGemini( 1730): refreshViews(0) RoamingresId= 2130837933 simColorId = 0
D/NetworkControllerGemini( 1730): refreshViews(0), dataTypeIconId=0
D/SignalClusterViewGemini( 1730): setShowSimIndicator(0), showSimIndicator=false simIndicatorResource = 0
D/SignalClusterViewGemini( 1730): setDataConnected(0), dataConnected=false
D/SignalClusterViewGemini( 1730): setDataNetType3G(0), dataNetType=Type_3G
D/SignalClusterViewGemini( 1730): apply : mShowSimIndicator = false mSimIndicatorResource = 0 mShowSimIndicatorGemini = false mSimIndicatorResourceGemini = 0
D/SignalClusterViewGemini( 1730): apply, mMobileVisible=true mMobileActivityId=0 mMobileTypeId=0 mMobileStrengthId[0] = 2130837950 mMobileStrengthId[1] = 0
D/TelephonyManager( 1980): getDefaultSim is sim1
D/SignalClusterViewGemini( 1730): isSimInserted(0), SimInserted=true
D/SignalClusterViewGemini( 1730): mDataNetType =Type_3G resId= 0 simColorId = 0
D/SignalClusterViewGemini( 1730): apply, mMobileVisibleGemini=true mMobileActivityIdGemini=0 mMobileTypeIdGemini=0 mMobileStrengthIdGemini[0] = 2130837960 mMobileStrengthIdGemini[1] = 0
D/TelephonyManager( 1980): getDefaultSim is sim1
D/SignalClusterViewGemini( 1730): isSimInserted(1), SimInserted=false
D/SignalClusterViewGemini( 1730): apply, mMobileVisible=true, mWifiVisible=false, mIsAirplaneMode=false
D/NetworkControllerGemini( 1730): PhoneStateListener:onServiceStateChanged, sim1 after.
D/QuickSettingsConnectionModel( 1730): PhoneStateListener1.onServiceStateChanged: serviceState=SIM1 0 roaming Free 20801 20801 HSPA CSS not supported -1 -1 RoamInd=-1 DefRoamInd=-1 EmergOnly=false Regist state: 5
V/Provider/Settings( 1730): invalidate [global]: current 2 != cached 1
D/SettingsProvider( 1476): call request for 0
V/SettingsProvider( 1476): call(global:airplane_mode_on) for 0
D/SettingsProvider( 1476): lookupValue table global cache contains Key airplane_mode_on , value = Bundle[{value=0}]
V/Provider/Settings( 1730): from db cache, name = airplane_mode_on , value = 0
D/QuickSettingsConnectionModel( 1730): onServiceStateChanged called, inAirplaneMode is: false
V/StateTracker( 1730): setCurrentState: newState is 0
V/Provider/Settings( 1730): from settings cache , name = airplane_mode_on , value = 0
I/StateTracker( 1730): com.android.systemui.statusbar.toolbar.QuickSettingsConnectionModel$AirlineModeStateTracker@414cdce0setImageViewResources state is 0
V/Provider/Settings( 1730): from settings cache , name = airplane_mode_on , value = 0
I/StateTracker( 1730): com.android.systemui.statusbar.toolbar.QuickSettingsConnectionModel$AirlineModeStateTracker@414cdce0 mIsUserSwitching is false
D/QuickSettingsConnectionModel( 1730): mAirPlaneModeClickable is true super.isClickable is true
I/StateTracker( 1730): com.android.systemui.statusbar.toolbar.QuickSettingsConnectionModel$AirlineModeStateTracker@414cdce0 mIsUserSwitching is false
D/PowerManagerService( 1476): acquireWakeLockInternal: lock=1101013952, flags=0x1, tag="RILJ", ws=null, uid=1001, pid=1818
D/PowerManagerService( 1476): updateWakeLockSummaryLocked: mWakefulness=Awake, mWakeLockSummary=0x1
D/PowerManagerService( 1476): newScreenState = 2
D/PowerManagerDisplayController( 1476): requestPowerState: screenState=2, useProximitySensor=false, screenBrightness=204, screenAutoBrightnessAdjustment=0.0, useAutoBrightness=false, useEcoBrightness=false, blockScreenOn=false, waitForNegativeProximity=false
I/PowerManagerService( 1476): setBrightness mButtonLight 0.
D/PowerManagerService( 1476): updateScreenStateLocked: mDisplayReady=true, newScreenState=2, mWakefulness=1, mWakeLockSummary=0x1, mUserActivitySummary=0x1, mBootCompleted=true
D/PowerManagerService( 1476): handleSandman: canDream=true, mWakefulness=Awake D/Voodoo FreeOrNot ConnectivityService( 3006): Network: HSPA
D/PowerManagerService( 1476): releaseWakeLockInternal: lock=1101013952, flags=0x0
D/PowerManagerService( 1476): updateWakeLockSummaryLocked: mWakefulness=Awake, mWakeLockSummary=0x1
D/PowerManagerService( 1476): newScreenState = 2
D/PowerManagerDisplayController( 1476): requestPowerState: screenState=2, useProximitySensor=false, screenBrightness=204, screenAutoBrightnessAdjustment=0.0, useAutoBrightness=false, useEcoBrightness=false, blockScreenOn=false, waitForNegativeProximity=false
I/PowerManagerService( 1476): setBrightness mButtonLight 0.
D/PowerManagerService( 1476): updateScreenStateLocked: mDisplayReady=true, newScreenState=2, mWakefulness=1, mWakeLockSummary=0x1, mUserActivitySummary=0x1, mBootCompleted=true
D/IPCThreadState( 1476): [DN #5] BR_CLEAR_DEATH_NOTIFICATION_DONE cookie 0x561e8be8
D/PowerManagerService( 1476): handleSandman: canDream=true, mWakefulness=Awake
D/dalvikvm( 3006): GC_CONCURRENT freed 1148K (5987), 23% free 5473K/7020K, paused 5ms+20ms, total 91ms
D/TelephonyManager( 1980): getDefaultSim is sim1
D/TelephonyManager( 1980): getDefaultSim is sim1
D/TelephonyManager( 1980): getDefaultSim is sim1
D/GsmCellLocation( 1818): fillInNotifierBundle:Bundle[{type=1, cid=3188525, lac=1052, psc=-1}]
D/PowerManagerService( 1476): acquireWakeLockInternal: lock=1101013952, flags=0x1, tag="RILJ", ws=null, uid=1001, pid=1818
D/PowerManagerService( 1476): updateWakeLockSummaryLocked: mWakefulness=Awake, mWakeLockSummary=0x1
E/CellLocation( 1980): create GsmCellLocation
D/PowerManagerService( 1476): newScreenState = 2
D/PowerManagerDisplayController( 1476): requestPowerState: screenState=2, useProximitySensor=false, screenBrightness=204, screenAutoBrightnessAdjustment=0.0, useAutoBrightness=false, useEcoBrightness=false, blockScreenOn=false, waitForNegativeProximity=false
I/PowerManagerService( 1476): setBrightness mButtonLight 0.
D/PowerManagerService( 1476): updateScreenStateLocked: mDisplayReady=true, newScreenState=2, mWakefulness=1, mWakeLockSummary=0x1, mUserActivitySummary=0x1, mBootCompleted=true
D/PowerManagerService( 1476): handleSandman: canDream=true, mWakefulness=Awake
I/SurfaceTextureClient( 1730): [STC::queueBuffer] (this:0x55df9fe8) fps:2.75, dur:1092.84, max:592.73, min:80.88
I/BufferQueue( 106): [StatusBar](this:0x419c99c8,api:1) [queue] fps:2.51, dur:1594.68, max:595.80, min:80.68
