D/PowerManagerService( 1476): updateScreenStateLocked: mDisplayReady=true, newScreenState=2, mWakefulness=1, mWakeLockSummary=0x1, mUserActivitySummary=0x5, mBootCompleted=true
D/dalvikvm( 1476): threadid=88: exiting
D/dalvikvm( 1476): threadid=88: bye!
D/PowerManagerService( 1476): handleSandman: canDream=true, mWakefulness=Awake
D/WindowManager( 1476): interceptKeyTq keycode=82 screenIsOn=true keyguardActive=false policyFlags = #2000100 down =false canceled = false isWakeKey=false
D/PhoneInterfaceManager( 1818): state = IDLE
D/AudioYusuHardware( 110): +getParameters
D/AudioYusuHardware( 110): +getParameters mFmStatus:0, mFmDigitalInStatus:0
D/AudioYusuHardware( 110): MT66xx Get_FMPower_info
E/AudioYusuHardware( 110): open /proc/fm error fd = -1
D/AudioYusuHardware( 110): +getParameters Get_FMPower_info():0
D/AudioYusuHardware( 110): MT66xx Get_FMPower_info
E/AudioYusuHardware( 110): open /proc/fm error fd = -1
D/AudioYusuHardware( 110): -getParameters() GetFmEnable=false
D/AudioManager( 1476): isFmActive GetFmEnable=false
D/WindowManager( 1476): interceptKeyTi keyCode=82 down=false repeatCount=0 keyguardOn=false mHomePressed=false canceled=false
D/IPCThreadState( 1476): [DN #5] BR_CLEAR_DEATH_NOTIFICATION_DONE cookie 0x5ca2bca8
D/Launcher( 1939): Launcher, dispatchKeyEvent: keyEvent = KeyEvent { action=ACTION_UP, keyCode=KEYCODE_MENU, scanCode=139, metaState=0, flags=0x48, repeatCount=0, eventTime=299847, downTime=299762, deviceId=3, source=0x101 }
D/IPCThreadState( 1476): [DN #5] BR_CLEAR_DEATH_NOTIFICATION_DONE cookie 0x53426b00
V/WindowManager( 1476): Changing focus from Window{41b22800 u0 com.android.launcher/com.android.launcher2.Launcher} to Window{41d4b1c8 u0 AtchDlg:com.android.launcher/com.android.launcher2.Launcher}
I/WindowManager( 1476): Gaining focus: Window{41d4b1c8 u0 AtchDlg:com.android.launcher/com.android.launcher2.Launcher}
D/SettingsProvider( 1476): call request for 0
V/SettingsProvider( 1476): call(system:sound_effects_enabled) for 0
D/SettingsProvider( 1476): lookupValue table system cache contains Key sound_effects_enabled , value = Bundle[{value=0}]
V/Provider/Settings( 1939): from db cache, name = sound_effects_enabled , value = 0
V/InputMethodManager( 1939): Not IME target window, ignoring
D/IPCThreadState( 1476): [DN #5] BR_CLEAR_DEATH_NOTIFICATION_DONE cookie 0x5921c3d8
D/IPCThreadState( 1476): [DN #5] BR_CLEAR_DEATH_NOTIFICATION_DONE cookie 0x5921c418
I/BufferQueue( 106): [unnamed-106-16](this:0x419c6b80,api:0) BufferQueue
I/BufferQueue( 106): [unnamed-106-16](this:0x419c6b80,api:0) consumerConnect
I/BufferQueue( 106): [unnamed-106-16](this:0x419c6b80,api:0) setConsumerName: unnamed-106-16
I/SurfaceTexture( 106): [unnamed-106-16](this:0x419c7dd0,api:0) SurfaceTexture
I/BufferQueue( 106): [unnamed-106-16](this:0x419c6b80,api:0) setSynchronousMode: enabled=1 (mAllowSynchronousMode=1)
I/BufferQueue( 106): [unnamed-106-16](this:0x419c6b80,api:0) setDefaultBufferSize: w=1, h=1
I/BufferQueue( 106): [AtchDlg:com.android.launcher/com.android.launcher2.Launcher](this:0x419c6b80,api:0) setConsumerName: AtchDlg:com.android.launcher/com.android.launcher2.Launcher
D/KeyguardUpdateMonitor( 1476): sendKeyguardVisibilityChanged(true)
D/KeyguardUpdateMonitor( 1476): handleKeyguardVisibilityChanged(1)
D/KeyguardViewMediator( 1476): handleMessage enter msg name=SET_HIDDEN
D/KeyguardViewMediator( 1476): handleMessage exit msg name=SET_HIDDEN
D/MobileDataStateTracker( 1476): default: getNetworkInfo: updated IsAvailable=false
D/MobileDataStateTracker( 1476): default: getNetworkInfo: updated IsAvailable=false
I/BufferQueue( 106): [AtchDlg:com.android.launcher/com.android.launcher2.Launcher](this:0x419c6b80,api:0) setDefaultBufferSize: w=350, h=202
I/BufferQueue( 106): [AtchDlg:com.android.launcher/com.android.launcher2.Launcher](this:0x419c6b80,api:0) connect: api=1
I/BufferQueue( 106): [AtchDlg:com.android.launcher/com.android.launcher2.Launcher](this:0x419c6b80,api:1) setSynchronousMode: enabled=1 (mAllowSynchronousMode=1)
I/BufferQueue( 106): [AtchDlg:com.android.launcher/com.android.launcher2.Launcher](this:0x419c6b80,api:1) setSynchronousMode: enabled=1 (mAllowSynchronousMode=1)
I/BufferQueue( 106): [AtchDlg:com.android.launcher/com.android.launcher2.Launcher](this:0x419c6b80,api:1) new GraphicBuffer needed
D/BufferQueue( 106): [OLD] gb:NULL
I/GraphicBuffer( 106): allocate buffer (w:352 h:202 f:5) err(0)
I/BufferQueue( 106): [NEW] gb=0x419d8a98, handle=0x419d80a0, w=350, h=202, s=352, fmt=5
D/IPCThreadState( 1476): [DN #5] BR_CLEAR_DEATH_NOTIFICATION_DONE cookie 0x53425268
V/InputMethodManager( 1939): Not IME target window, ignoring
D/IPCThreadState( 1476): [DN #5] BR_CLEAR_DEATH_NOTIFICATION_DONE cookie 0x534253d8
I/BufferQueue( 106): [AtchDlg:com.android.launcher/com.android.launcher2.Launcher](this:0x419c6b80,api:1) new GraphicBuffer needed
D/BufferQueue( 106): [OLD] gb:NULL
I/GraphicBuffer( 106): allocate buffer (w:352 h:202 f:5) err(0)
I/BufferQueue( 106): [NEW] gb=0x419db3e8, handle=0x419d7458, w=350, h=202, s=352, fmt=5
D/KeyguardUpdateMonitor( 1476): sendKeyguardVisibilityChanged(true)
D/KeyguardUpdateMonitor( 1476): handleKeyguardVisibilityChanged(1)
D/KeyguardViewMediator( 1476): handleMessage enter msg name=SET_HIDDEN
D/KeyguardViewMediator( 1476): handleMessage exit msg name=SET_HIDDEN
D/IPCThreadState( 1476): [DN #5] BR_CLEAR_DEATH_NOTIFICATION_DONE cookie 0x561d7f28
I/SurfaceTexture( 106): [AtchDlg:com.android.launcher/com.android.launcher2.Launcher](this:0x419c7dd0,api:1) [void* android::SurfaceTexture::createImage(EGLDisplay, const android::sp&)]
D/SurfaceTexture( 106): GraphicBuffer: gb=0x419d8a98 handle=0x419d80a0
D/SurfaceTexture( 106): EGLImage: dpy=0x1, img=0x419d9cb0
D/IPCThreadState( 1476): [DN #5] BR_CLEAR_DEATH_NOTIFICATION_DONE cookie 0x5c701d38
D/IPCThreadState( 1476): [DN #5] BR_CLEAR_DEATH_NOTIFICATION_DONE cookie 0x5c70eec8
I/BufferQueue( 106): [AtchDlg:com.android.launcher/com.android.launcher2.Launcher](this:0x419c6b80,api:1) new GraphicBuffer needed
D/BufferQueue( 106): [OLD] gb:NULL
D/KeyguardUpdateMonitor( 1476): sendKeyguardVisibilityChanged(true)
D/KeyguardUpdateMonitor( 1476): handleKeyguardVisibilityChanged(1)
D/KeyguardViewMediator( 1476): handleMessage enter msg name=SET_HIDDEN
D/KeyguardViewMediator( 1476): handleMessage exit msg name=SET_HIDDEN
I/GraphicBuffer( 106): allocate buffer (w:352 h:202 f:5) err(0)
I/BufferQueue( 106): [NEW] gb=0x419d4630, handle=0x419d61d0, w=350, h=202, s=352, fmt=5
I/SurfaceTexture( 106): [AtchDlg:com.android.launcher/com.android.launcher2.Launcher](this:0x419c7dd0,api:1) [void* android::SurfaceTexture::createImage(EGLDisplay, const android::sp&)]
D/SurfaceTexture( 106): GraphicBuffer: gb=0x419db3e8 handle=0x419d7458
D/SurfaceTexture( 106): EGLImage: dpy=0x1, img=0x419d8988
D/IPCThreadState( 1476): [DN #5] BR_CLEAR_DEATH_NOTIFICATION_DONE cookie 0x5c59bde8
D/IPCThreadState( 1476): [DN #5] BR_CLEAR_DEATH_NOTIFICATION_DONE cookie 0x5c59be28
D/IPCThreadState( 1476): [DN #5] BR_CLEAR_DEATH_NOTIFICATION_DONE cookie 0x534252f0
D/IPCThreadState( 1476): [DN #5] BR_CLEAR_DEATH_NOTIFICATION_DONE cookie 0x53425348
D/IPCThreadState( 1476): [DN #5] BR_CLEAR_DEATH_NOTIFICATION_DONE cookie 0x5600fa60
D/IPCThreadState( 1476): [DN #5] BR_CLEAR_DEATH_NOTIFICATION_DONE cookie 0x5c705478
D/IPCThreadState( 1476): [DN #5] BR_CLEAR_DEATH_NOTIFICATION_DONE cookie 0x5d02b3a8
D/IPCThreadState( 1476): [DN #5] BR_CLEAR_DEATH_NOTIFICATION_DONE cookie 0x5d02b418
D/IPCThreadState( 1476): [DN #5] BR_CLEAR_DEATH_NOTIFICATION_DONE cookie 0x5c706d80
D/IPCThreadState( 1476): [DN #5] BR_CLEAR_DEATH_NOTIFICATION_DONE cookie 0x5cb680e8
D/IPCThreadState( 1476): [DN #5] BR_CLEAR_DEATH_NOTIFICATION_DONE cookie 0x5ca2acf8
D/IPCThreadState( 1476): [DN #5] BR_CLEAR_DEATH_NOTIFICATION_DONE cookie 0x5921e158
D/IPCThreadState( 1476): [DN #5] BR_CLEAR_DEATH_NOTIFICATION_DONE cookie 0x5ba43e98
D/IPCThreadState( 1476): [DN #5] BR_CLEAR_DEATH_NOTIFICATION_DONE cookie 0x5c27a820
D/IPCThreadState( 1476): [DN #5] BR_CLEAR_DEATH_NOTIFICATION_DONE cookie 0x5c703e28
D/IPCThreadState( 1476): [DN #5] BR_CLEAR_DEATH_NOTIFICATION_DONE cookie 0x59e85098
D/IPCThreadState( 1476): [DN #5] BR_CLEAR_DEATH_NOTIFICATION_DONE cookie 0x5c259a38
D/IPCThreadState( 1476): [DN #5] BR_CLEAR_DEATH_NOTIFICATION_DONE cookie 0x591dac70
D/IPCThreadState( 1476): [DN #5] BR_CLEAR_DEATH_NOTIFICATION_DONE cookie 0x54a0cb88
D/IPCThreadState( 1476): [DN #5] BR_CLEAR_DEATH_NOTIFICATION_DONE cookie 0x5916bc20
D/IPCThreadState( 1476): [DN #5] BR_CLEAR_DEATH_NOTIFICATION_DONE cookie 0x54a13968
D/IPCThreadState( 1476): [DN #5] BR_CLEAR_DEATH_NOTIFICATION_DONE cookie 0x5a680f30
D/IPCThreadState( 1476): [DN #5] BR_CLEAR_DEATH_NOTIFICATION_DONE cookie 0x5ca8fb08
D/IPCThreadState( 1476): [DN #5] BR_CLEAR_DEATH_NOTIFICATION_DONE cookie 0x52f672a0
D/IPCThreadState( 1476): [DN #5] BR_CLEAR_DEATH_NOTIFICATION_DONE cookie 0x5c705d48
D/KeyguardUpdateMonitor( 1476): sendKeyguardVisibilityChanged(true)
D/KeyguardUpdateMonitor( 1476): handleKeyguardVisibilityChanged(1)
D/KeyguardViewMediator( 1476): handleMessage enter msg name=SET_HIDDEN
D/KeyguardViewMediator( 1476): handleMessage exit msg name=SET_HIDDEN
D/IPCThreadState( 1476): [DN #5] BR_CLEAR_DEATH_NOTIFICATION_DONE cookie 0x54a19410
D/IPCThreadState( 1476): [DN #5] BR_CLEAR_DEATH_NOTIFICATION_DONE cookie 0x5a8cd5f8
D/IPCThreadState( 1476): [DN #5] BR_CLEAR_DEATH_NOTIFICATION_DONE cookie 0x591db448
D/IPCThreadState( 1476): [DN #5] BR_CLEAR_DEATH_NOTIFICATION_DONE cookie 0x5c70d5c0
D/IPCThreadState( 1476): [DN #5] BR_CLEAR_DEATH_NOTIFICATION_DONE cookie 0x59af7970
D/IPCThreadState( 1476): [DN #5] BR_CLEAR_DEATH_NOTIFICATION_DONE cookie 0x59b867e8
D/IPCThreadState( 1476): [DN #5] BR_CLEAR_DEATH_NOTIFICATION_DONE cookie 0x59e84fb0
D/IPCThreadState( 1476): [DN #5] BR_CLEAR_DEATH_NOTIFICATION_DONE cookie 0x5c638710
D/IPCThreadState( 1476): [DN #5] BR_CLEAR_DEATH_NOTIFICATION_DONE cookie 0x5c6387d8
D/IPCThreadState( 1476): [DN #5] BR_CLEAR_DEATH_NOTIFICATION_DONE cookie 0x579bcb98
D/IPCThreadState( 1476): [DN #5] BR_CLEAR_DEATH_NOTIFICATION_DONE cookie 0x579bcc78
D/IPCThreadState( 1476): [DN #5] BR_CLEAR_DEATH_NOTIFICATION_DONE cookie 0x5c6388b8
D/IPCThreadState( 1476): [DN #5] BR_CLEAR_DEATH_NOTIFICATION_DONE cookie 0x59e60a48
D/IPCThreadState( 1476): [DN #5] BR_CLEAR_DEATH_NOTIFICATION_DONE cookie 0x59e60b10
D/IPCThreadState( 1476): [DN #5] BR_CLEAR_DEATH_NOTIFICATION_DONE cookie 0x59e83aa0
D/IPCThreadState( 1476): [DN #5] BR_CLEAR_DEATH_NOTIFICATION_DONE cookie 0x5c640630
D/IPCThreadState( 1476): [DN #5] BR_CLEAR_DEATH_NOTIFICATION_DONE cookie 0x5c6406f8
D/IPCThreadState( 1476): [DN #5] BR_CLEAR_DEATH_NOTIFICATION_DONE cookie 0x59e60bf0
D/IPCThreadState( 1476): [DN #5] BR_CLEAR_DEATH_NOTIFICATION_DONE cookie 0x57a079b8
D/IPCThreadState( 1476): [DN #5] BR_CLEAR_DEATH_NOTIFICATION_DONE cookie 0x579bcd58
D/IPCThreadState( 1476): [DN #5] BR_CLEAR_DEATH_NOTIFICATION_DONE cookie 0x5c6407d8
D/IPCThreadState( 1476): [DN #5] BR_CLEAR_DEATH_NOTIFICATION_DONE cookie 0x59b74c10
D/IPCThreadState( 1476): [DN #5] BR_CLEAR_DEATH_NOTIFICATION_DONE cookie 0x59b74cd8
D/IPCThreadState( 1476): [DN #5] BR_CLEAR_DEATH_NOTIFICATION_DONE cookie 0x59b86828
D/IPCThreadState( 1476): [DN #5] BR_CLEAR_DEATH_NOTIFICATION_DONE cookie 0x57a07b08
D/IPCThreadState( 1476): [DN #5] BR_CLEAR_DEATH_NOTIFICATION_DONE cookie 0x54a7ce60
D/IPCThreadState( 1476): [DN #5] BR_CLEAR_DEATH_NOTIFICATION_DONE cookie 0x59b74db8
D/IPCThreadState( 1476): [DN #5] BR_CLEAR_DEATH_NOTIFICATION_DONE cookie 0x54a7cf40
D/IPCThreadState( 1476): [DN #5] BR_CLEAR_DEATH_NOTIFICATION_DONE cookie 0x54a7d020
D/IPCThreadState( 1476): [DN #5] BR_CLEAR_DEATH_NOTIFICATION_DONE cookie 0x5ca8f710
D/IPCThreadState( 1476): [DN #5] BR_CLEAR_DEATH_NOTIFICATION_DONE cookie 0x57a07b48
D/IPCThreadState( 1476): [DN #5] BR_CLEAR_DEATH_NOTIFICATION_DONE cookie 0x5c27af00
D/IPCThreadState( 1476): [DN #5] BR_CLEAR_DEATH_NOTIFICATION_DONE cookie 0x5c27afe0
D/IPCThreadState( 1476): [DN #5] BR_CLEAR_DEATH_NOTIFICATION_DONE cookie 0x5cb64e38
D/IPCThreadState( 1476): [DN #5] BR_CLEAR_DEATH_NOTIFICATION_DONE cookie 0x5cb64f18
D/IPCThreadState( 1476): [DN #5] BR_CLEAR_DEATH_NOTIFICATION_DONE cookie 0x5c27b0c0
D/IPCThreadState( 1476): [DN #5] BR_CLEAR_DEATH_NOTIFICATION_DONE cookie 0x59e606e0
D/IPCThreadState( 1476): [DN #5] BR_CLEAR_DEATH_NOTIFICATION_DONE cookie 0x59e60828
D/IPCThreadState( 1476): [DN #5] BR_CLEAR_DEATH_NOTIFICATION_DONE cookie 0x5cb64ff8
D/dalvikvm( 1476): JIT code cache reset in 6 ms (1048488 bytes 1/0)
D/wpa_supplicant( 3563): EAPOL: startWhen --> 0
D/wpa_supplicant( 3563): EAPOL: SUPP_PAE entering state CONNECTING
D/wpa_supplicant( 3563): EAPOL: txStart
D/wpa_supplicant( 3563): TX EAPOL: dst=4e:22:a1:19:ee:13
D/dalvikvm( 1476): GC_EXPLICIT freed 290K (5994), 26% free 13135K/17516K, paused 3ms+15ms, total 89ms
D/IPCThreadState( 1476): [DN #5] BR_CLEAR_DEATH_NOTIFICATION_DONE cookie 0x59c170e0
D/wpa_supplicant( 3563): wlan0: RX EAPOL from 4e:22:a1:19:ee:13
D/wpa_supplicant( 3563): wlan0: Setting authentication timeout: 70 sec 0 usec
D/wpa_supplicant( 3563): EAPOL: Received EAP-Packet frame
D/wpa_supplicant( 3563): EAPOL: SUPP_PAE entering state RESTART
D/wpa_supplicant( 3563): EAP: EAP entering state INITIALIZE
D/wpa_supplicant( 3563): EAP: EAP entering state IDLE
D/wpa_supplicant( 3563): EAPOL: SUPP_PAE entering state AUTHENTICATING
D/wpa_supplicant( 3563): EAPOL: SUPP_BE entering state REQUEST
D/wpa_supplicant( 3563): EAPOL: getSuppRsp
D/wpa_supplicant( 3563): EAP: EAP entering state RECEIVED
D/wpa_supplicant( 3563): EAP: Received EAP-Request id=129 method=1 vendor=0 vendorMethod=0
D/wpa_supplicant( 3563): EAP: EAP entering state IDENTITY
I/wpa_supplicant( 3563): wlan0: CTRL-EVENT-EAP-STARTED EAP authentication started
D/wpa_supplicant( 3563): CTRL_IFACE monitor send
D/wpa_supplicant( 3563): 2f646174612f6d6973632f776966692f736f636b6574732f7770615f6374726c5f313437362d313400
D/wpa_supplicant( 3563): EAP: EAP-Request Identity data - hexdump(len=0):
D/wpa_supplicant( 3563): EAP: using real identity - hexdump(len=0): [NULL]
W/wpa_supplicant( 3563): EAP: buildIdentity: identity configuration was not available
D/wpa_supplicant( 3563): EAPOL: EAP parameter needed
I/wpa_supplicant( 3563): wlan0: CTRL-REQ-IDENTITY-0:Identity needed for SSID FreeWifi_secure
D/wpa_supplicant( 3563): CTRL_IFACE monitor send
D/wpa_supplicant( 3563): 2f646174612f6d6973632f776966692f736f636b6574732f7770615f6374726c5f313437362d313400
D/wpa_supplicant( 3563): EAP: EAP entering state SEND_RESPONSE
D/wpa_supplicant( 3563): EAP: EAP entering state IDLE
D/wpa_supplicant( 3563): wlan0: RX EAPOL from 4e:22:a1:19:ee:13
D/wpa_supplicant( 3563): EAPOL: Received EAP-Packet frame
D/wpa_supplicant( 3563): wlan0: RX EAPOL from 4e:22:a1:19:ee:13
D/wpa_supplicant( 3563): EAPOL: Received EAP-Packet frame
D/WifiCommon( 1476): [wlan0]GET "CTRL-EVENT-EAP-STARTED EAP authentication started"
D/WifiCommon( 1476): [wlan0]GET "CTRL-REQ-IDENTITY-0:Identity needed for SSID FreeWifi_secure"
D/IPCThreadState( 1476): [DN #5] BR_CLEAR_DEATH_NOTIFICATION_DONE cookie 0x53426b00
D/IPCThreadState( 1476): [DN #5] BR_CLEAR_DEATH_NOTIFICATION_DONE cookie 0x5d029088
V/ActivityManager( 1476): getTasks: max=1, flags=0, receiver=null
V/ActivityManager( 1476): com.android.launcher/com.android.launcher2.Launcher: task=TaskRecord{41982a80 #2 A com.android.launcher U 0}
V/ActivityManager( 1476): We have pending thumbnails: null
D/IPCThreadState( 1476): [DN #5] BR_CLEAR_DEATH_NOTIFICATION_DONE cookie 0x5ca24748
D/IPCThreadState( 1476): [DN #5] BR_CLEAR_DEATH_NOTIFICATION_DONE cookie 0x5c63ab28
D/IPCThreadState( 1476): [DN #5] BR_CLEAR_DEATH_NOTIFICATION_DONE cookie 0x5c27de10
D/IPCThreadState( 1476): [DN #5] BR_CLEAR_DEATH_NOTIFICATION_DONE cookie 0x5c6f6b20
D/IPCThreadState( 1476): [DN #5] BR_CLEAR_DEATH_NOTIFICATION_DONE cookie 0x59c16e90
D/IPCThreadState( 1476): [DN #5] BR_CLEAR_DEATH_NOTIFICATION_DONE cookie 0x561e8be8
D/IPCThreadState( 1476): [DN #5] BR_CLEAR_DEATH_NOTIFICATION_DONE cookie 0x5c6f9028
D/IPCThreadState( 1476): [DN #5] BR_CLEAR_DEATH_NOTIFICATION_DONE cookie 0x54ac0130
D/IPCThreadState( 1476): [DN #5] BR_CLEAR_DEATH_NOTIFICATION_DONE cookie 0x59b898a0
D/IPCThreadState( 1476): [DN #5] BR_CLEAR_DEATH_NOTIFICATION_DONE cookie 0x5c70aa80
D/InputReader( 1476): AP_PROF:AppLaunch_dispatchPtr:Down:300712
I/AP_PROF ( 1476): unable to open /proc/mtprof/status entry
D/PowerManagerService( 1476): userActivityFromNative
D/PowerManagerService( 1476): userActivityNoUpdateLocked: eventTime=300712, event=2, flags=0x0, uid=1000
D/PowerManagerNotifier( 1476): onUserActivity: event=2, uid=1000
D/PowerManagerService( 1476): updateUserActivitySummaryLocked: mWakefulness=Awake, mUserActivitySummary=0x5, nextTimeout=307762 (in 7049 ms)
D/PowerManagerService( 1476): newScreenState = 2
D/PowerManagerDisplayController( 1476): requestPowerState: screenState=2, useProximitySensor=false, screenBrightness=204, screenAutoBrightnessAdjustment=0.0, useAutoBrightness=false, useEcoBrightness=false, blockScreenOn=false, waitForNegativeProximity=false
I/PowerManagerService( 1476): setBrightness mButtonLight, screenBrightness=204
D/PowerManagerService( 1476): updateScreenStateLocked: mDisplayReady=true, newScreenState=2, mWakefulness=1, mWakeLockSummary=0x1, mUserActivitySummary=0x5, mBootCompleted=true
D/PowerManagerService( 1476): handleSandman: canDream=true, mWakefulness=Awake
D/IPCThreadState( 1476): [DN #5] BR_CLEAR_DEATH_NOTIFICATION_DONE cookie 0x5c706768
D/IPCThreadState( 1476): [DN #5] BR_CLEAR_DEATH_NOTIFICATION_DONE cookie 0x592253f8
D/IPCThreadState( 1476): [DN #5] BR_CLEAR_DEATH_NOTIFICATION_DONE cookie 0x5bd447d0
D/IPCThreadState( 1476): [DN #5] BR_CLEAR_DEATH_NOTIFICATION_DONE cookie 0x5a8cdb90
D/IPCThreadState( 1476): [DN #5] BR_CLEAR_DEATH_NOTIFICATION_DONE cookie 0x59a992f0
D/IPCThreadState( 1476): [DN #5] BR_CLEAR_DEATH_NOTIFICATION_DONE cookie 0x59e63bb8
D/InputReader( 1476): AP_PROF:AppLaunch_dispatchPtr:Up:300781
D/IPCThreadState( 1476): [DN #5] BR_CLEAR_DEATH_NOTIFICATION_DONE cookie 0x5d135f98
D/IPCThreadState( 1476): [DN #5] BR_CLEAR_DEATH_NOTIFICATION_DONE cookie 0x5c636a00
I/SurfaceTexture( 106): [AtchDlg:com.android.launcher/com.android.launcher2.Launcher](this:0x419c7dd0,api:1) [void* android::SurfaceTexture::createImage(EGLDisplay, const android::sp&)]
D/SurfaceTexture( 106): GraphicBuffer: gb=0x419d4630 handle=0x419d61d0
D/SurfaceTexture( 106): EGLImage: dpy=0x1, img=0x41579f88
I/SurfaceTextureClient( 106): [STC::queueBuffer] (this:0x41574710) fps:14.82, dur:1349.93, max:516.85, min:16.41
I/BufferQueue( 106): [FramebufferSurface](this:0x41573c08,api:1) [release] fps:14.82, dur:1349.96, max:516.92, min:16.38
I/BufferQueue( 106): [FramebufferSurface](this:0x41573c08,api:1) [queue] fps:14.82, dur:1349.95, max:516.94, min:16.38
I/SurfaceFlinger( 106): [SurfaceFlinger] fps:14.815495,dur:1349.94,max:516.96,min:16.39
D/IPCThreadState( 1476): [DN #5] BR_CLEAR_DEATH_NOTIFICATION_DONE cookie 0x59163290
D/IPCThreadState( 1476): [DN #5] BR_CLEAR_DEATH_NOTIFICATION_DONE cookie 0x5c707748
D/IPCThreadState( 1476): [DN #5] BR_CLEAR_DEATH_NOTIFICATION_DONE cookie 0x5a5dac08
D/IPCThreadState( 1476): [DN #5] BR_CLEAR_DEATH_NOTIFICATION_DONE cookie 0x55faa000
D/IPCThreadState( 1476): [DN #5] BR_CLEAR_DEATH_NOTIFICATION_DONE cookie 0x5bd43f00
D/IPCThreadState( 1476): [DN #5] BR_CLEAR_DEATH_NOTIFICATION_DONE cookie 0x59b864b0
D/IPCThreadState( 1476): [DN #5] BR_CLEAR_DEATH_NOTIFICATION_DONE cookie 0x5c700f00
V/Provider/Settings( 1939): from settings cache , name = sound_effects_enabled , value = 0
I/ActivityManager( 1476): START u0 {act=android.settings.SETTINGS flg=0x10200000 cmp=com.android.settings/.Settings} from pid 1939
V/ActivityManager( 1476): At 2 ckp TaskRecord{41982a80 #2 A com.android.launcher U 0}: ActivityRecord{418c71e0 u0 com.android.launcher/com.android.launcher2.Launcher}
V/ActivityManager( 1476): At 1 ckp TaskRecord{41961c40 #3 A com.android.settings U 0}: ActivityRecord{41852628 u0 com.android.settings/.SubSettings}
V/ActivityManager( 1476): Removing and adding at 2
V/ActivityManager( 1476): At 0 ckp TaskRecord{41961c40 #3 A com.android.settings U 0}: ActivityRecord{41746fb8 u0 com.android.settings/.Settings}
V/ActivityManager( 1476): Removing and adding at 1
D/KeyguardUpdateMonitor( 1476): sendKeyguardVisibilityChanged(true)
D/KeyguardUpdateMonitor( 1476): handleKeyguardVisibilityChanged(1)
D/KeyguardViewMediator( 1476): handleMessage enter msg name=SET_HIDDEN
D/KeyguardViewMediator( 1476): handleMessage exit msg name=SET_HIDDEN
I/libPerfService( 1476): 1: set: 2
E/ ( 1476): Could not open '/sys/devices/system/cpu/cpufreq/hotplug/cpu_num_base'
D/IPCThreadState( 1476): [DN #5] BR_CLEAR_DEATH_NOTIFICATION_DONE cookie 0x59e6fb78
D/IPCThreadState( 1476): [DN #5] BR_CLEAR_DEATH_NOTIFICATION_DONE cookie 0x579e7f98
D/IPCThreadState( 1476): [DN #5] BR_CLEAR_DEATH_NOTIFICATION_DONE cookie 0x54a1ac70
D/IPCThreadState( 1476): [DN #5] BR_CLEAR_DEATH_NOTIFICATION_DONE cookie 0x5c74cd90
D/IPCThreadState( 1476): [DN #5] BR_CLEAR_DEATH_NOTIFICATION_DONE cookie 0x59165478
D/PowerManagerService( 1476): acquireWakeLockInternal: lock=1096001096, flags=0x1, tag="ActivityManager-Launch", ws=null, uid=1000, pid=1476
D/PowerManagerService( 1476): updateWakeLockSummaryLocked: mWakefulness=Awake, mWakeLockSummary=0x1
D/PowerManagerService( 1476): newScreenState = 2
D/PowerManagerDisplayController( 1476): requestPowerState: screenState=2, useProximitySensor=false, screenBrightness=204, screenAutoBrightnessAdjustment=0.0, useAutoBrightness=false, useEcoBrightness=false, blockScreenOn=false, waitForNegativeProximity=false
I/PowerManagerService( 1476): setBrightness mButtonLight, screenBrightness=204
D/PowerManagerService( 1476): updateScreenStateLocked: mDisplayReady=true, newScreenState=2, mWakefulness=1, mWakeLockSummary=0x1, mUserActivitySummary=0x5, mBootCompleted=true
D/PowerManagerService( 1476): handleSandman: canDream=true, mWakefulness=Awake
D/IPCThreadState( 1476): [DN #5] BR_CLEAR_DEATH_NOTIFICATION_DONE cookie 0x5a610ec0
D/OpenGLRenderer( 1939): Flushing caches (mode 0)
D/IPCThreadState( 1476): [DN #5] BR_CLEAR_DEATH_NOTIFICATION_DONE cookie 0x5c7221d0
D/OpenGLRenderer( 2750): Flushing caches (mode 0)
D/KeyguardUpdateMonitor( 1476): sendKeyguardVisibilityChanged(true)
D/KeyguardUpdateMonitor( 1476): handleKeyguardVisibilityChanged(1)
D/KeyguardViewMediator( 1476): handleMessage enter msg name=SET_HIDDEN
D/KeyguardViewMediator( 1476): handleMessage exit msg name=SET_HIDDEN
D/BufferQueue( 106): [AtchDlg:com.android.launcher/com.android.launcher2.Launcher](this:0x419c6b80,api:1) cancelBuffer: slot=0
I/BufferQueue( 106): [AtchDlg:com.android.launcher/com.android.launcher2.Launcher](this:0x419c6b80,api:1) disconnect: api=1
I/SurfaceTexture( 106): [AtchDlg:com.android.launcher/com.android.launcher2.Launcher] [virtual android::status_t android::SurfaceTexture::forceAuxConversionLocked()] mCurrentTexture:2, mCurrentBuf:0x419d4630
I/BufferQueue( 106): [AtchDlg:com.android.launcher/com.android.launcher2.Launcher](this:0x419c6b80,api:0) getReleasedBuffers: returning mask 0xffffffff
I/SurfaceTexture( 106): [AtchDlg:com.android.launcher/com.android.launcher2.Launcher](this:0x419c7dd0,api:0) destroying EGLImage dpy=0x1 img=0x419d9cb0
D/IPCThreadState( 1476): [DN #5] BR_CLEAR_DEATH_NOTIFICATION_DONE cookie 0x52f6a318
I/SurfaceTexture( 106): [AtchDlg:com.android.launcher/com.android.launcher2.Launcher](this:0x419c7dd0,api:0) destroying EGLImage dpy=0x1 img=0x419d8988
I/SurfaceTexture( 106): [AtchDlg:com.android.launcher/com.android.launcher2.Launcher](this:0x419c7dd0,api:0) destroying EGLImage dpy=0x1 img=0x41579f88
V/WindowManager( 1476): Changing focus from Window{41d4b1c8 u0 AtchDlg:com.android.launcher/com.android.launcher2.Launcher EXITING} to Window{41b22800 u0 com.android.launcher/com.android.launcher2.Launcher}
D/KeyguardUpdateMonitor( 1476): sendKeyguardVisibilityChanged(true)
D/KeyguardUpdateMonitor( 1476): handleKeyguardVisibilityChanged(1)
D/KeyguardViewMediator( 1476): handleMessage enter msg name=SET_HIDDEN
D/KeyguardViewMediator( 1476): handleMessage exit msg name=SET_HIDDEN
I/WindowManager( 1476): Gaining focus: Window{41b22800 u0 com.android.launcher/com.android.launcher2.Launcher}
I/WindowManager( 1476): Losing focus: Window{41d4b1c8 u0 AtchDlg:com.android.launcher/com.android.launcher2.Launcher EXITING}
D/Launcher( 1939): Launcher, (Launcher)onPause: this = com.android.launcher2.Launcher@414ee250
D/Launcher( 1939): Launcher.DragController, cancelDrag: mDragging = false, mLastDropTarget = null
V/Provider/Settings( 1939): from settings cache , name = landscape_launcher , value = none
D/InputReader( 1476): InputReader:: getSwitchState lock
D/InputReader( 1476): InputReader::getStateLocked:: return
V/WindowManager( 1476): Changing focus from Window{41b22800 u0 com.android.launcher/com.android.launcher2.Launcher} to null
D/KeyguardUpdateMonitor( 1476): sendKeyguardVisibilityChanged(true)
D/KeyguardUpdateMonitor( 1476): handleKeyguardVisibilityChanged(1)
D/KeyguardViewMediator( 1476): handleMessage enter msg name=SET_HIDDEN
D/KeyguardViewMediator( 1476): handleMessage exit msg name=SET_HIDDEN
I/WindowManager( 1476): Losing focus: Window{41b22800 u0 com.android.launcher/com.android.launcher2.Launcher}
D/dalvikvm( 1476): create interp thread : stack size=32KB
D/dalvikvm( 1476): create new thread
D/dalvikvm( 1476): new thread created
D/dalvikvm( 1476): update thread list
D/dalvikvm( 1476): threadid=87: interp stack at 0x5a023000
D/dalvikvm( 1476): threadid=87: created from interp
D/dalvikvm( 1476): start new thread
D/dalvikvm( 1476): threadid=87: notify debugger
D/dalvikvm( 1476): threadid=87 (Thread-129): calling run()
D/dalvikvm( 1476): threadid=87: exiting
D/dalvikvm( 1476): threadid=87: bye!
D/NetworkPolicy( 1476): onRecv: MSG_FOREGROUND_ACTIVITIES_CHANGED pid:uid:act=2750:1000:true
V/InputMethodManager( 1939): onWindowFocus: null softInputMode=32 first=false flags=#1910100
V/InputMethodManagerService( 1476): windowGainedFocus: android.os.BinderProxy@41b210f0 controlFlags=#0 softInputMode=#20 windowFlags=#1910100
W/WindowManager( 1476): No new IME target
W/InputMethodManagerService( 1476): Focus gain on non-focused client com.android.internal.view.IInputMethodClient$Stub$Proxy@416381b0 (uid=10037 pid=1939)
D/IPCThreadState( 1476): [DN #5] BR_CLEAR_DEATH_NOTIFICATION_DONE cookie 0x57a05e50
D/KeyguardUpdateMonitor( 1476): sendKeyguardVisibilityChanged(true)
D/KeyguardUpdateMonitor( 1476): handleKeyguardVisibilityChanged(1)
D/KeyguardViewMediator( 1476): handleMessage enter msg name=SET_HIDDEN
D/KeyguardViewMediator( 1476): handleMessage exit msg name=SET_HIDDEN
D/IPCThreadState( 1476): [DN #5] BR_CLEAR_DEATH_NOTIFICATION_DONE cookie 0x5d02ced0
D/BluetoothEnabler( 2750): Begin update status: set mUpdateStatusOnly to true
D/BluetoothEnabler( 2750): End update status: set mUpdateStatusOnly to false
D/SettingsProvider( 1476): call request for 0
V/SettingsProvider( 1476): call(system:enable_internet_call_value) for 0
D/SettingsProvider( 1476): lookupValue table system cache contains Key enable_internet_call_value , value = Bundle[{value=0}]
V/Provider/Settings( 2750): from db cache, name = enable_internet_call_value , value = 0
I/Settings( 2750): isInternetCallEnabled = 0
I/TelephonyProvider( 1818): initDatabaseIfNeeded begin content://telephony/siminfo
I/TelephonyProvider( 1818): initDatabaseIfNeeded end content://telephony/siminfo
D/IPCThreadState( 1818): [DN #5] BR_CLEAR_DEATH_NOTIFICATION_DONE cookie 0x55d108c0
D/IPCThreadState( 1476): [DN #5] BR_CLEAR_DEATH_NOTIFICATION_DONE cookie 0x5c516a00
I/Settings( 2750): isVoipSupported = false
I/Settings( 2750): isHasSimCards = true
I/BufferQueue( 106): [unnamed-106-17](this:0x419d19e0,api:0) BufferQueue
I/BufferQueue( 106): [unnamed-106-17](this:0x419d19e0,api:0) consumerConnect
I/BufferQueue( 106): [unnamed-106-17](this:0x419d19e0,api:0) setConsumerName: unnamed-106-17
I/SurfaceTexture( 106): [unnamed-106-17](this:0x419d9300,api:0) SurfaceTexture
I/BufferQueue( 106): [unnamed-106-17](this:0x419d19e0,api:0) setSynchronousMode: enabled=1 (mAllowSynchronousMode=1)
I/BufferQueue( 106): [unnamed-106-17](this:0x419d19e0,api:0) setDefaultBufferSize: w=480, h=800
I/BufferQueue( 106): [com.android.settings/com.android.settings.Settings](this:0x419d19e0,api:0) setConsumerName: com.android.settings/com.android.settings.Settings
V/WindowManager( 1476): Changing focus from null to Window{41b24028 u0 com.android.settings/com.android.settings.Settings}
D/KeyguardUpdateMonitor( 1476): sendKeyguardVisibilityChanged(true)
D/KeyguardUpdateMonitor( 1476): handleKeyguardVisibilityChanged(1)
D/KeyguardViewMediator( 1476): handleMessage enter msg name=SET_HIDDEN
D/KeyguardViewMediator( 1476): handleMessage exit msg name=SET_HIDDEN
I/WindowManager( 1476): Gaining focus: Window{41b24028 u0 com.android.settings/com.android.settings.Settings}
I/BufferQueue( 106): [com.android.settings/com.android.settings.Settings](this:0x419d19e0,api:0) connect: api=1
I/BufferQueue( 106): [com.android.settings/com.android.settings.Settings](this:0x419d19e0,api:1) setSynchronousMode: enabled=1 (mAllowSynchronousMode=1)
I/BufferQueue( 106): [com.android.settings/com.android.settings.Settings](this:0x419d19e0,api:1) setSynchronousMode: enabled=1 (mAllowSynchronousMode=1)
I/BufferQueue( 106): [com.android.settings/com.android.settings.Settings](this:0x419d19e0,api:1) new GraphicBuffer needed
D/BufferQueue( 106): [OLD] gb:NULL
D/IPCThreadState( 1476): [DN #5] BR_CLEAR_DEATH_NOTIFICATION_DONE cookie 0x54a774d0
I/GraphicBuffer( 106): allocate buffer (w:480 h:800 f:5) err(0)
I/BufferQueue( 106): [NEW] gb=0x419d90c8, handle=0x419d91b8, w=480, h=800, s=480, fmt=5
D/IPCThreadState( 1476): [DN #5] BR_CLEAR_DEATH_NOTIFICATION_DONE cookie 0x5c643820
D/IPCThreadState( 1476): [DN #5] BR_CLEAR_DEATH_NOTIFICATION_DONE cookie 0x5c517d58
D/IPCThreadState( 1476): [DN #5] BR_CLEAR_DEATH_NOTIFICATION_DONE cookie 0x5c706088
D/IPCThreadState( 1476): [DN #5] BR_CLEAR_DEATH_NOTIFICATION_DONE cookie 0x57a07538
D/IPCThreadState( 1476): [DN #5] BR_CLEAR_DEATH_NOTIFICATION_DONE cookie 0x5c70a960
D/IPCThreadState( 1476): [DN #5] BR_CLEAR_DEATH_NOTIFICATION_DONE cookie 0x5b06ec38
D/DefaultWifiExt( 2750): getSwitchState(), return true
I/WifiEnabler( 2750): [Performance test][Settings][wifi] wifi enable end [1380452095185]
D/IPCThreadState( 1476): [DN #5] BR_CLEAR_DEATH_NOTIFICATION_DONE cookie 0x59af8e38
D/OpenGLRenderer( 1939): Flushing caches (mode 1)
D/Launcher( 1939): Launcher, onTrimMemory: level = 20
D/IPCThreadState( 1476): [DN #5] BR_CLEAR_DEATH_NOTIFICATION_DONE cookie 0x59e83598
D/Settings( 2750): apps.size()=1
D/Settings( 2750): receive action=android.intent.action.SIM_INFO_UPDATE
V/Provider/Settings( 2750): from settings cache , name = enable_internet_call_value , value = 0
I/Settings( 2750): isInternetCallEnabled = 0
D/IPCThreadState( 1476): [DN #5] BR_CLEAR_DEATH_NOTIFICATION_DONE cookie 0x5c703e28
I/TelephonyProvider( 1818): initDatabaseIfNeeded begin content://telephony/siminfo
I/TelephonyProvider( 1818): initDatabaseIfNeeded end content://telephony/siminfo
D/IPCThreadState( 1818): [DN #5] BR_CLEAR_DEATH_NOTIFICATION_DONE cookie 0x55b678a0
D/IPCThreadState( 1476): [DN #5] BR_CLEAR_DEATH_NOTIFICATION_DONE cookie 0x591dac70
D/IPCThreadState( 1476): [DN #5] BR_CLEAR_DEATH_NOTIFICATION_DONE cookie 0x5ad79ee8
I/Settings( 2750): isVoipSupported = false
I/Settings( 2750): isHasSimCards = true
D/IPCThreadState( 1476): [DN #5] BR_CLEAR_DEATH_NOTIFICATION_DONE cookie 0x59e83aa0
D/IPCThreadState( 1476): [DN #5] BR_CLEAR_DEATH_NOTIFICATION_DONE cookie 0x5d0294b0
D/KeyguardUpdateMonitor( 1476): sendKeyguardVisibilityChanged(true)
D/KeyguardUpdateMonitor( 1476): handleKeyguardVisibilityChanged(1)
D/KeyguardViewMediator( 1476): handleMessage enter msg name=SET_HIDDEN
D/KeyguardViewMediator( 1476): handleMessage exit msg name=SET_HIDDEN
D/IPCThreadState( 1476): [DN #5] BR_CLEAR_DEATH_NOTIFICATION_DONE cookie 0x5921c1f0
D/KeyguardUpdateMonitor( 1476): sendKeyguardVisibilityChanged(true)
D/KeyguardUpdateMonitor( 1476): handleKeyguardVisibilityChanged(1)
D/KeyguardViewMediator( 1476): handleMessage enter msg name=SET_HIDDEN
D/KeyguardViewMediator( 1476): handleMessage exit msg name=SET_HIDDEN
I/BufferQueue( 106): [AtchDlg:com.android.launcher/com.android.launcher2.Launcher](this:0x419c6b80,api:0) consumerDisconnect
I/BufferQueue( 106): [AtchDlg:com.android.launcher/com.android.launcher2.Launcher](this:0x419c6b80,api:0) ~BufferQueue
D/IPCThreadState( 1476): [DN #5] BR_CLEAR_DEATH_NOTIFICATION_DONE cookie 0x591db448
D/IPCThreadState( 1476): [DN #5] BR_CLEAR_DEATH_NOTIFICATION_DONE cookie 0x59c0e3a0
I/BufferQueue( 106): [com.android.settings/com.android.settings.Settings](this:0x419d19e0,api:1) new GraphicBuffer needed
D/BufferQueue( 106): [OLD] gb:NULL
D/IPCThreadState( 1476): [DN #5] BR_CLEAR_DEATH_NOTIFICATION_DONE cookie 0x5a8cd5f8
D/IPCThreadState( 1476): [DN #5] BR_CLEAR_DEATH_NOTIFICATION_DONE cookie 0x5be5cbd0
I/SurfaceTexture( 106): [com.android.settings/com.android.settings.Settings](this:0x419d9300,api:1) [void* android::SurfaceTexture::createImage(EGLDisplay, const android::sp&)]
D/SurfaceTexture( 106): GraphicBuffer: gb=0x419d90c8 handle=0x419d91b8
D/SurfaceTexture( 106): EGLImage: dpy=0x1, img=0x419db440
D/IPCThreadState( 1476): [DN #5] BR_CLEAR_DEATH_NOTIFICATION_DONE cookie 0x5cfd0718
I/GraphicBuffer( 106): allocate buffer (w:480 h:800 f:5) err(0)
I/BufferQueue( 106): [NEW] gb=0x419d82c0, handle=0x419d61d0, w=480, h=800, s=480, fmt=5
D/KeyguardUpdateMonitor( 1476): sendKeyguardVisibilityChanged(true)
D/KeyguardUpdateMonitor( 1476): handleKeyguardVisibilityChanged(1)
D/KeyguardViewMediator( 1476): handleMessage enter msg name=SET_HIDDEN
D/KeyguardViewMediator( 1476): handleMessage exit msg name=SET_HIDDEN
D/KeyguardUpdateMonitor( 1476): sendKeyguardVisibilityChanged(true)
D/KeyguardUpdateMonitor( 1476): handleKeyguardVisibilityChanged(1)
D/KeyguardViewMediator( 1476): handleMessage enter msg name=SET_HIDDEN
D/KeyguardViewMediator( 1476): handleMessage exit msg name=SET_HIDDEN
D/KeyguardUpdateMonitor( 1476): sendKeyguardVisibilityChanged(true)
D/KeyguardUpdateMonitor( 1476): handleKeyguardVisibilityChanged(1)
D/KeyguardViewMediator( 1476): handleMessage enter msg name=SET_HIDDEN
D/KeyguardViewMediator( 1476): handleMessage exit msg name=SET_HIDDEN
V/InputMethodManager( 2750): onWindowFocus: android.widget.ListView{414ef5e0 VFED.VC. .F....ID 0,0-480,704 #102000a android:id/list} softInputMode=272 first=true flags=#1810100
V/InputMethodManager( 2750): START INPUT: android.widget.ListView{414ef5e0 VFED.VC. .F....ID 0,0-480,704 #102000a android:id/list} ic=null tba=android.view.inputmethod.EditorInfo@41612db0 controlFlags=#105
V/InputMethodManagerService( 1476): windowGainedFocus: android.os.BinderProxy@41a81af8 controlFlags=#105 softInputMode=#110 windowFlags=#1810100
V/InputMethodManager( 2750): Starting input: Bind result=InputBindResult{com.android.internal.view.IInputMethodSession$Stub$Proxy@416136c8 com.android.inputmethod.latin/.LatinIME #7}
I/SurfaceTextureClient( 1730): [STC::queueBuffer] (this:0x55df9fe8) fps:1.64, dur:1827.45, max:1004.01, min:325.05
I/BufferQueue( 106): [StatusBar](this:0x419c99c8,api:1) [queue] fps:1.64, dur:1827.45, max:1004.30, min:324.71
D/OpenGLRenderer( 1939): Flushing caches (mode 0)
I/BufferQueue( 106): [StatusBar](this:0x419c99c8,api:1) [release] fps:1.64, dur:1833.42, max:1000.26, min:333.18
D/Settings( 2750): apps.size()=1
D/BufferQueue( 106): [com.android.launcher/com.android.launcher2.Launcher](this:0x419dc098,api:1) cancelBuffer: slot=0
I/BufferQueue( 106): [com.android.launcher/com.android.launcher2.Launcher](this:0x419dc098,api:1) disconnect: api=1
I/SurfaceTexture( 106): [com.android.launcher/com.android.launcher2.Launcher] [virtual android::status_t android::SurfaceTexture::forceAuxConversionLocked()] mCurrentTexture:2, mCurrentBuf:0x419d7a38
I/BufferQueue( 106): [com.android.launcher/com.android.launcher2.Launcher](this:0x419dc098,api:0) getReleasedBuffers: returning mask 0xffffffff
I/SurfaceTexture( 106): [com.android.launcher/com.android.launcher2.Launcher](this:0x419c7668,api:0) destroying EGLImage dpy=0x1 img=0x419d7258
I/SurfaceTexture( 106): [com.android.launcher/com.android.launcher2.Launcher](this:0x419c7668,api:0) destroying EGLImage dpy=0x1 img=0x419d8a40
I/SurfaceTexture( 106): [com.android.launcher/com.android.launcher2.Launcher](this:0x419c7668,api:0) destroying EGLImage dpy=0x1 img=0x419d8ea0
D/KeyguardUpdateMonitor( 1476): sendKeyguardVisibilityChanged(true)
D/KeyguardUpdateMonitor( 1476): handleKeyguardVisibilityChanged(1)
D/KeyguardViewMediator( 1476): handleMessage enter msg name=SET_HIDDEN
D/KeyguardViewMediator( 1476): handleMessage exit msg name=SET_HIDDEN
D/IPCThreadState( 1476): [DN #5] BR_CLEAR_DEATH_NOTIFICATION_DONE cookie 0x53425080
D/IPCThreadState( 1476): [DN #5] BR_CLEAR_DEATH_NOTIFICATION_DONE cookie 0x591cf4e0
D/IPCThreadState( 1476): [DN #5] BR_CLEAR_DEATH_NOTIFICATION_DONE cookie 0x5c74cf38
D/IPCThreadState( 1476): [DN #5] BR_CLEAR_DEATH_NOTIFICATION_DONE cookie 0x5c74cf78
D/IPCThreadState( 1476): [DN #5] BR_CLEAR_DEATH_NOTIFICATION_DONE cookie 0x5c516900
I/BufferQueue( 106): [com.android.settings/com.android.settings.Settings](this:0x419d19e0,api:1) new GraphicBuffer needed
D/BufferQueue( 106): [OLD] gb:NULL
I/GraphicBuffer( 106): allocate buffer (w:480 h:800 f:5) err(0)
I/BufferQueue( 106): [NEW] gb=0x419d88d8, handle=0x419dcdd8, w=480, h=800, s=480, fmt=5
V/ActivityManager( 1476): Activity idle: Token{41c231b0 ActivityRecord{41746fb8 u0 com.android.settings/.Settings}}
I/libPerfService( 1476): 1: set: 1
E/ ( 1476): Could not open '/sys/devices/system/cpu/cpufreq/hotplug/cpu_num_base'
D/PowerManagerService( 1476): releaseWakeLockInternal: lock=1096001096, flags=0x0
D/PowerManagerService( 1476): updateWakeLockSummaryLocked: mWakefulness=Awake, mWakeLockSummary=0x1
D/PowerManagerService( 1476): newScreenState = 2
D/PowerManagerDisplayController( 1476): requestPowerState: screenState=2, useProximitySensor=false, screenBrightness=204, screenAutoBrightnessAdjustment=0.0, useAutoBrightness=false, useEcoBrightness=false, blockScreenOn=false, waitForNegativeProximity=false
I/PowerManagerService( 1476): setBrightness mButtonLight, screenBrightness=204
D/PowerManagerService( 1476): updateScreenStateLocked: mDisplayReady=true, newScreenState=2, mWakefulness=1, mWakeLockSummary=0x1, mUserActivitySummary=0x5, mBootCompleted=true
V/ActivityManager( 1476): Stopping ActivityRecord{418c71e0 u0 com.android.launcher/com.android.launcher2.Launcher}: nowVisible=false waitingVisible=true finishing=false
D/PowerManagerService( 1476): handleSandman: canDream=true, mWakefulness=Awake
I/SurfaceTexture( 106): [com.android.settings/com.android.settings.Settings](this:0x419d9300,api:1) [void* android::SurfaceTexture::createImage(EGLDisplay, const android::sp&)]
D/SurfaceTexture( 106): GraphicBuffer: gb=0x419d82c0 handle=0x419d61d0
D/SurfaceTexture( 106): EGLImage: dpy=0x1, img=0x419d36a8
D/IPCThreadState( 1476): [DN #5] BR_CLEAR_DEATH_NOTIFICATION_DONE cookie 0x59af83b0
D/IPCThreadState( 1476): [DN #5] BR_CLEAR_DEATH_NOTIFICATION_DONE cookie 0x59af83f0
D/IPCThreadState( 1476): [DN #5] BR_CLEAR_DEATH_NOTIFICATION_DONE cookie 0x52f66930
D/IPCThreadState( 1476): [DN #5] BR_CLEAR_DEATH_NOTIFICATION_DONE cookie 0x52f66970
D/IPCThreadState( 1476): [DN #5] BR_CLEAR_DEATH_NOTIFICATION_DONE cookie 0x5d134950
D/IPCThreadState( 1476): [DN #5] BR_CLEAR_DEATH_NOTIFICATION_DONE cookie 0x5d134990
D/IPCThreadState( 1476): [DN #5] BR_CLEAR_DEATH_NOTIFICATION_DONE cookie 0x579bc3a8
D/IPCThreadState( 1476): [DN #5] BR_CLEAR_DEATH_NOTIFICATION_DONE cookie 0x5c71ffa8
D/IPCThreadState( 1476): [DN #5] BR_CLEAR_DEATH_NOTIFICATION_DONE cookie 0x53426d38
D/IPCThreadState( 1476): [DN #5] BR_CLEAR_DEATH_NOTIFICATION_DONE cookie 0x5be5b840
D/IPCThreadState( 1476): [DN #5] BR_CLEAR_DEATH_NOTIFICATION_DONE cookie 0x59222c58
D/IPCThreadState( 1476): [DN #5] BR_CLEAR_DEATH_NOTIFICATION_DONE cookie 0x5d022248
D/IPCThreadState( 1476): [DN #5] BR_CLEAR_DEATH_NOTIFICATION_DONE cookie 0x5d0222a0
D/IPCThreadState( 1476): [DN #5] BR_CLEAR_DEATH_NOTIFICATION_DONE cookie 0x59b85f38
D/IPCThreadState( 1476): [DN #5] BR_CLEAR_DEATH_NOTIFICATION_DONE cookie 0x59b85f90
D/dalvikvm( 1805): GC_EXPLICIT freed 513K (10572), 23% free 6081K/7848K, paused 1ms+6ms, total 33ms
D/IPCThreadState( 1476): [DN #5] BR_CLEAR_DEATH_NOTIFICATION_DONE cookie 0x5cfd0ee8
D/IPCThreadState( 1476): [DN #5] BR_CLEAR_DEATH_NOTIFICATION_DONE cookie 0x5ca8e1c0
D/IPCThreadState( 1476): [DN #5] BR_CLEAR_DEATH_NOTIFICATION_DONE cookie 0x59b3e430
D/IPCThreadState( 1476): [DN #5] BR_CLEAR_DEATH_NOTIFICATION_DONE cookie 0x5ca8e218
V/WallpaperService( 1730): Visibility change in com.android.systemui.ImageWallpaper$DrawableEngine@41670ff8: 0
V/WallpaperService( 1730): onVisibilityChanged(false): com.android.systemui.ImageWallpaper$DrawableEngine@41670ff8
D/ActivityManager( 1476): ACT-IDLE_NOW_MSG from windowsVisible() for idle: ActivityRecord{41746fb8 u0 com.android.settings/.Settings}
D/KeyguardUpdateMonitor( 1476): sendKeyguardVisibilityChanged(true)
V/ActivityManager( 1476): Activity idle: null
D/KeyguardUpdateMonitor( 1476): handleKeyguardVisibilityChanged(1)
V/ActivityManager( 1476): Stopping ActivityRecord{418c71e0 u0 com.android.launcher/com.android.launcher2.Launcher}: nowVisible=true waitingVisible=false finishing=false
V/ActivityManager( 1476): Ready to stop: ActivityRecord{418c71e0 u0 com.android.launcher/com.android.launcher2.Launcher}
D/KeyguardViewMediator( 1476): handleMessage enter msg name=SET_HIDDEN
D/KeyguardViewMediator( 1476): handleMessage exit msg name=SET_HIDDEN
D/KeyguardUpdateMonitor( 1476): sendKeyguardVisibilityChanged(true)
D/KeyguardUpdateMonitor( 1476): handleKeyguardVisibilityChanged(1)
D/KeyguardViewMediator( 1476): handleMessage enter msg name=SET_HIDDEN
D/KeyguardViewMediator( 1476): handleMessage exit msg name=SET_HIDDEN
D/IPCThreadState( 1476): [DN #5] BR_CLEAR_DEATH_NOTIFICATION_DONE cookie 0x5c251218
D/Launcher( 1939): Launcher, onSaveInstanceState: outState = Bundle[{launcher.state=1, apps_customize_currentIndex=-1, apps_customize_currentTab=APPS, android:viewHierarchyState=Bundle[{android:Panels=android.util.SparseArray@416569f0, android:views=android.util.SparseArray@415f39a0}], launcher.current_screen=2}]
D/Launcher( 1939): Launcher, (Launcher)onStop: this = com.android.launcher2.Launcher@414ee250
D/IPCThreadState( 1476): [DN #5] BR_CLEAR_DEATH_NOTIFICATION_DONE cookie 0x5c63cda8
I/BufferQueue( 106): [com.android.launcher/com.android.launcher2.Launcher](this:0x419dc098,api:0) consumerDisconnect
I/BufferQueue( 106): [com.android.launcher/com.android.launcher2.Launcher](this:0x419dc098,api:0) ~BufferQueue
D/IPCThreadState( 1476): [DN #5] BR_CLEAR_DEATH_NOTIFICATION_DONE cookie 0x59c18790
V/ActivityManager( 1476): Activity stopped: token=Token{41a50d48 ActivityRecord{418c71e0 u0 com.android.launcher/com.android.launcher2.Launcher}}
D/NetworkPolicy( 1476): onRecv: MSG_FOREGROUND_ACTIVITIES_CHANGED pid:uid:act=1939:10037:false
V/NetworkStats( 1476): setKernelCounterSet uid=10037 set=0
D/ConnectivityService( 1476): onUidRulesChanged(uid=10037, uidRules=0)
D/IPCThreadState( 1476): [DN #5] BR_CLEAR_DEATH_NOTIFICATION_DONE cookie 0x5cb65288
D/IPCThreadState( 1476): [DN #5] BR_CLEAR_DEATH_NOTIFICATION_DONE cookie 0x5cb652f8
D/IPCThreadState( 1476): [DN #5] BR_CLEAR_DEATH_NOTIFICATION_DONE cookie 0x561d7dc8
D/IPCThreadState( 1476): [DN #5] BR_CLEAR_DEATH_NOTIFICATION_DONE cookie 0x55faa8b8
D/IPCThreadState( 1476): [DN #5] BR_CLEAR_DEATH_NOTIFICATION_DONE cookie 0x57a06f00
D/IPCThreadState( 1476): [DN #5] BR_CLEAR_DEATH_NOTIFICATION_DONE cookie 0x5c705140
D/IPCThreadState( 1476): [DN #5] BR_CLEAR_DEATH_NOTIFICATION_DONE cookie 0x5916cec8
D/IPCThreadState( 1476): [DN #5] BR_CLEAR_DEATH_NOTIFICATION_DONE cookie 0x561dc540
D/IPCThreadState( 1476): [DN #5] BR_CLEAR_DEATH_NOTIFICATION_DONE cookie 0x5a8cd878
D/IPCThreadState( 1476): [DN #5] BR_CLEAR_DEATH_NOTIFICATION_DONE cookie 0x5a680e80
D/IPCThreadState( 1476): [DN #5] BR_CLEAR_DEATH_NOTIFICATION_DONE cookie 0x5ca2bca8
D/IPCThreadState( 1476): [DN #5] BR_CLEAR_DEATH_NOTIFICATION_DONE cookie 0x5c59bde8
D/IPCThreadState( 1476): [DN #5] BR_CLEAR_DEATH_NOTIFICATION_DONE cookie 0x5a5df590
D/IPCThreadState( 1476): [DN #5] BR_CLEAR_DEATH_NOTIFICATION_DONE cookie 0x5c707200
D/dalvikvm( 1476): GC_EXPLICIT freed 389K (5251), 26% free 13133K/17516K, paused 3ms+8ms, total 80ms
D/IPCThreadState( 1476): [DN #5] BR_CLEAR_DEATH_NOTIFICATION_DONE cookie 0x56158488
D/IPCThreadState( 1476): [DN #5] BR_CLEAR_DEATH_NOTIFICATION_DONE cookie 0x59b3e430
D/IPCThreadState( 1476): [DN #5] BR_CLEAR_DEATH_NOTIFICATION_DONE cookie 0x5d135f98
D/IPCThreadState( 1476): [DN #5] BR_CLEAR_DEATH_NOTIFICATION_DONE cookie 0x59e63bb8
D/IPCThreadState( 1476): [DN #5] BR_CLEAR_DEATH_NOTIFICATION_DONE cookie 0x59a992f0
D/IPCThreadState( 1476): [DN #5] BR_CLEAR_DEATH_NOTIFICATION_DONE cookie 0x5a8cdb90
D/IPCThreadState( 1476): [DN #5] BR_CLEAR_DEATH_NOTIFICATION_DONE cookie 0x5bd447d0
D/IPCThreadState( 1476): [DN #5] BR_CLEAR_DEATH_NOTIFICATION_DONE cookie 0x592253f8
D/IPCThreadState( 1476): [DN #5] BR_CLEAR_DEATH_NOTIFICATION_DONE cookie 0x5c706768
D/IPCThreadState( 1476): [DN #5] BR_CLEAR_DEATH_NOTIFICATION_DONE cookie 0x5c70aa80
D/IPCThreadState( 1476): [DN #5] BR_CLEAR_DEATH_NOTIFICATION_DONE cookie 0x59b898a0
D/IPCThreadState( 1476): [DN #5] BR_CLEAR_DEATH_NOTIFICATION_DONE cookie 0x5c6f9028
D/IPCThreadState( 1476): [DN #5] BR_CLEAR_DEATH_NOTIFICATION_DONE cookie 0x561e8be8
D/IPCThreadState( 1476): [DN #5] BR_CLEAR_DEATH_NOTIFICATION_DONE cookie 0x59c16e90
D/IPCThreadState( 1476): [DN #5] BR_CLEAR_DEATH_NOTIFICATION_DONE cookie 0x5c6f6b20
D/IPCThreadState( 1476): [DN #5] BR_CLEAR_DEATH_NOTIFICATION_DONE cookie 0x5c27de10
D/IPCThreadState( 1476): [DN #5] BR_CLEAR_DEATH_NOTIFICATION_DONE cookie 0x5c63ab28
D/IPCThreadState( 1476): [DN #5] BR_CLEAR_DEATH_NOTIFICATION_DONE cookie 0x5ca24748
D/IPCThreadState( 1476): [DN #5] BR_CLEAR_DEATH_NOTIFICATION_DONE cookie 0x5d029088
D/IPCThreadState( 1476): [DN #5] BR_CLEAR_DEATH_NOTIFICATION_DONE cookie 0x53426b00
D/IPCThreadState( 1476): [DN #5] BR_CLEAR_DEATH_NOTIFICATION_DONE cookie 0x5c517d58
D/Settings/BW( 2297): ReadCodeTask:file size: 4096
D/IPCThreadState( 1476): [DN #5] BR_CLEAR_DEATH_NOTIFICATION_DONE cookie 0x5c643820
D/IPCThreadState( 1476): [DN #5] BR_CLEAR_DEATH_NOTIFICATION_DONE cookie 0x54a774d0
D/IPCThreadState( 1476): [DN #5] BR_CLEAR_DEATH_NOTIFICATION_DONE cookie 0x5cb67170
D/IPCThreadState( 1476): [DN #5] BR_CLEAR_DEATH_NOTIFICATION_DONE cookie 0x5c516a00
D/IPCThreadState( 1476): [DN #5] BR_CLEAR_DEATH_NOTIFICATION_DONE cookie 0x54a0c8c8
D/IPCThreadState( 1476): [DN #5] BR_CLEAR_DEATH_NOTIFICATION_DONE cookie 0x5d02ced0
D/IPCThreadState( 1476): [DN #5] BR_CLEAR_DEATH_NOTIFICATION_DONE cookie 0x5c7221d0
D/IPCThreadState( 1476): [DN #5] BR_CLEAR_DEATH_NOTIFICATION_DONE cookie 0x5a610ec0
D/IPCThreadState( 1476): [DN #5] BR_CLEAR_DEATH_NOTIFICATION_DONE cookie 0x59165478
D/IPCThreadState( 1476): [DN #5] BR_CLEAR_DEATH_NOTIFICATION_DONE cookie 0x5c74cd90
D/IPCThreadState( 1476): [DN #5] BR_CLEAR_DEATH_NOTIFICATION_DONE cookie 0x54a1ac70
D/IPCThreadState( 1476): [DN #5] BR_CLEAR_DEATH_NOTIFICATION_DONE cookie 0x579e7f98
D/IPCThreadState( 1476): [DN #5] BR_CLEAR_DEATH_NOTIFICATION_DONE cookie 0x59e6fb78
D/IPCThreadState( 1476): [DN #5] BR_CLEAR_DEATH_NOTIFICATION_DONE cookie 0x5c700f00
D/IPCThreadState( 1476): [DN #5] BR_CLEAR_DEATH_NOTIFICATION_DONE cookie 0x59b864b0
D/IPCThreadState( 1476): [DN #5] BR_CLEAR_DEATH_NOTIFICATION_DONE cookie 0x5bd43f00
D/IPCThreadState( 1476): [DN #5] BR_CLEAR_DEATH_NOTIFICATION_DONE cookie 0x55faa000
D/IPCThreadState( 1476): [DN #5] BR_CLEAR_DEATH_NOTIFICATION_DONE cookie 0x5a5dac08
D/IPCThreadState( 1476): [DN #5] BR_CLEAR_DEATH_NOTIFICATION_DONE cookie 0x5c707748
D/IPCThreadState( 1476): [DN #5] BR_CLEAR_DEATH_NOTIFICATION_DONE cookie 0x59163290
D/IPCThreadState( 1476): [DN #5] BR_CLEAR_DEATH_NOTIFICATION_DONE cookie 0x5c636a00
D/IPCThreadState( 1476): [DN #5] BR_CLEAR_DEATH_NOTIFICATION_DONE cookie 0x579fe970
D/IPCThreadState( 1476): [DN #5] BR_CLEAR_DEATH_NOTIFICATION_DONE cookie 0x5600b0e8
I/SurfaceTexture( 106): [com.android.settings/com.android.settings.Settings](this:0x419d9300,api:1) [void* android::SurfaceTexture::createImage(EGLDisplay, const android::sp&)]
D/SurfaceTexture( 106): GraphicBuffer: gb=0x419d88d8 handle=0x419dcdd8
D/SurfaceTexture( 106): EGLImage: dpy=0x1, img=0x415bfcf8
I/SurfaceTextureClient( 106): [STC::queueBuffer] (this:0x41574710) fps:27.86, dur:1399.76, max:416.70, min:11.61
I/BufferQueue( 106): [FramebufferSurface](this:0x41573c08,api:1) [release] fps:27.86, dur:1399.73, max:416.73, min:11.59
I/BufferQueue( 106): [FramebufferSurface](this:0x41573c08,api:1) [queue] fps:27.86, dur:1399.72, max:416.75, min:11.59
I/SurfaceFlinger( 106): [SurfaceFlinger] fps:27.862690,dur:1399.72,max:416.77,min:11.59
D/IPCThreadState( 1476): [DN #5] BR_CLEAR_DEATH_NOTIFICATION_DONE cookie 0x40ece768
D/IPCThreadState( 1476): [DN #5] BR_CLEAR_DEATH_NOTIFICATION_DONE cookie 0x52f6a318
D/IPCThreadState( 1476): [DN #5] BR_CLEAR_DEATH_NOTIFICATION_DONE cookie 0x5c70a960
D/IPCThreadState( 1476): [DN #5] BR_CLEAR_DEATH_NOTIFICATION_DONE cookie 0x57a07538
D/IPCThreadState( 1476): [DN #5] BR_CLEAR_DEATH_NOTIFICATION_DONE cookie 0x5c706088
D/IPCThreadState( 1476): [DN #5] BR_CLEAR_DEATH_NOTIFICATION_DONE cookie 0x5ca24660
I/SurfaceTextureClient( 2750): [STC::queueBuffer] (this:0x56e12740) fps:4.95, dur:1009.52, max:835.89, min:13.73
I/BufferQueue( 106): [com.android.settings/com.android.settings.Settings](this:0x419d19e0,api:1) [queue] fps:4.95, dur:1009.78, max:835.93, min:13.70
D/IPCThreadState( 1476): [DN #5] BR_CLEAR_DEATH_NOTIFICATION_DONE cookie 0x591db448
D/IPCThreadState( 1476): [DN #5] BR_CLEAR_DEATH_NOTIFICATION_DONE cookie 0x5c27a820
