D/wpa_supplicant( 3563): 2f646174612f6d6973632f776966692f736f636b6574732f7770615f6374726c5f313437362d313400
D/wpa_supplicant( 3563): wlan0: BSS: Add new id 2 BSSID 4e:22:a1:19:ee:11 SSID ''
D/wpa_supplicant( 3563): CTRL_IFACE monitor send
D/wpa_supplicant( 3563): 2f646174612f6d6973632f776966692f736f636b6574732f7770615f6374726c5f313437362d313400
D/wpa_supplicant( 3563): wlan0: BSS: Add new id 3 BSSID a2:a1:d7:73:ff:fb SSID 'SFR WiFi Mobile'
D/wpa_supplicant( 3563): CTRL_IFACE monitor send
D/wpa_supplicant( 3563): 2f646174612f6d6973632f776966692f736f636b6574732f7770615f6374726c5f313437362d313400
D/wpa_supplicant( 3563): wlan0: BSS: Add new id 4 BSSID e0:a1:d7:73:ff:f8 SSID 'MICHELET SERVICE'
D/wpa_supplicant( 3563): CTRL_IFACE monitor send
D/wpa_supplicant( 3563): 2f646174612f6d6973632f776966692f736f636b6574732f7770615f6374726c5f313437362d313400
D/wpa_supplicant( 3563): wlan0: BSS: Add new id 5 BSSID f4:ca:e5:e6:01:62 SSID 'FreeWifi_secure'
D/wpa_supplicant( 3563): CTRL_IFACE monitor send
D/wpa_supplicant( 3563): 2f646174612f6d6973632f776966692f736f636b6574732f7770615f6374726c5f313437362d313400
D/wpa_supplicant( 3563): wlan0: BSS: Add new id 6 BSSID f4:ca:e5:e6:01:60 SSID 'Freebox-46563D'
D/wpa_supplicant( 3563): CTRL_IFACE monitor send
D/wpa_supplicant( 3563): 2f646174612f6d6973632f776966692f736f636b6574732f7770615f6374726c5f313437362d313400
D/wpa_supplicant( 3563): wlan0: BSS: Add new id 7 BSSID f4:ca:e5:96:cb:f8 SSID 'Freebox-5D0ACB'
D/wpa_supplicant( 3563): CTRL_IFACE monitor send
D/wpa_supplicant( 3563): 2f646174612f6d6973632f776966692f736f636b6574732f7770615f6374726c5f313437362d313400
D/wpa_supplicant( 3563): wlan0: BSS: Add new id 8 BSSID f4:ca:e5:96:cb:fa SSID 'FreeWifi_secure'
D/wpa_supplicant( 3563): CTRL_IFACE monitor send
D/wpa_supplicant( 3563): 2f646174612f6d6973632f776966692f736f636b6574732f7770615f6374726c5f313437362d313400
D/wpa_supplicant( 3563): wlan0: BSS: Add new id 9 BSSID e0:a1:d7:11:72:68 SSID 'NEUF_COLLIER'
D/wpa_supplicant( 3563): CTRL_IFACE monitor send
D/wpa_supplicant( 3563): 2f646174612f6d6973632f776966692f736f636b6574732f7770615f6374726c5f313437362d313400
D/wpa_supplicant( 3563): wlan0: BSS: Add new id 10 BSSID 4e:22:a1:19:ee:12 SSID 'FreeWifi'
D/wpa_supplicant( 3563): CTRL_IFACE monitor send
D/wpa_supplicant( 3563): 2f646174612f6d6973632f776966692f736f636b6574732f7770615f6374726c5f313437362d313400
D/wpa_supplicant( 3563): wlan0: BSS: Add new id 11 BSSID a2:a1:d7:73:ff:f9 SSID 'SFR WiFi FON'
D/wpa_supplicant( 3563): CTRL_IFACE monitor send
D/wpa_supplicant( 3563): 2f646174612f6d6973632f776966692f736f636b6574732f7770615f6374726c5f313437362d313400
D/wpa_supplicant( 3563): wlan0: BSS: Add new id 12 BSSID f4:ca:e5:e6:01:61 SSID 'FreeWifi'
D/wpa_supplicant( 3563): CTRL_IFACE monitor send
D/wpa_supplicant( 3563): 2f646174612f6d6973632f776966692f736f636b6574732f7770615f6374726c5f313437362d313400
D/wpa_supplicant( 3563): wlan0: BSS: Add new id 13 BSSID f4:ca:e5:96:cb:f9 SSID 'FreeWifi'
D/wpa_supplicant( 3563): CTRL_IFACE monitor send
D/wpa_supplicant( 3563): 2f646174612f6d6973632f776966692f736f636b6574732f7770615f6374726c5f313437362d313400
D/wpa_supplicant( 3563): BSS: last_scan_res_used=14/32 last_scan_full=0
E/wpa_supplicant( 3563): Add randomness: count=2 entropy=0
E/wpa_supplicant( 3563): Add randomness: count=3 entropy=1
E/wpa_supplicant( 3563): Add randomness: count=4 entropy=2
E/wpa_supplicant( 3563): Add randomness: count=5 entropy=3
E/wpa_supplicant( 3563): Add randomness: count=6 entropy=4
E/wpa_supplicant( 3563): Add randomness: count=7 entropy=5
E/wpa_supplicant( 3563): Add randomness: count=8 entropy=6
E/wpa_supplicant( 3563): Add randomness: count=9 entropy=7
E/wpa_supplicant( 3563): Add randomness: count=10 entropy=8
E/wpa_supplicant( 3563): Add randomness: count=11 entropy=9
D/wpa_supplicant( 3563): wlan0: New scan results available
D/wpa_supplicant( 3563): CTRL_IFACE monitor send
D/wpa_supplicant( 3563): 2f646174612f6d6973632f776966692f736f636b6574732f7770615f6374726c5f313437362d313400
D/wpa_supplicant( 3563): CTRL_IFACE monitor send
D/wpa_supplicant( 3563): 2f646174612f6d6973632f776966692f736f636b6574732f7770615f6374726c5f313437362d313400
D/wpa_supplicant( 3563): WPS: AP e0:a1:d7:73:ff:f8 type 0 added
D/wpa_supplicant( 3563): WPS: AP e0:a1:d7:11:72:68 type 0 added
D/wpa_supplicant( 3563): WPS: AP[0] e0:a1:d7:73:ff:f8 type=0 tries=0 last_attempt=-1 sec ago blacklist=0
D/wpa_supplicant( 3563): WPS: AP[1] e0:a1:d7:11:72:68 type=0 tries=0 last_attempt=-1 sec ago blacklist=0
D/wpa_supplicant( 3563): wlan0: Selecting BSS from priority group 40
D/wpa_supplicant( 3563): wlan0: 0: 4e:22:a1:19:ee:10 ssid='Freedmb' wpa_ie_len=22 rsn_ie_len=0 caps=0x411 level=-33
D/wpa_supplicant( 3563): wlan0: skip - SSID mismatch
D/wpa_supplicant( 3563): wlan0: 1: 4e:22:a1:19:ee:13 ssid='FreeWifi_secure' wpa_ie_len=22 rsn_ie_len=0 caps=0x411 level=-33
D/wpa_supplicant( 3563): wlan0: selected based on WPA IE
D/wpa_supplicant( 3563): wlan0: selected BSS 4e:22:a1:19:ee:13 ssid='FreeWifi_secure' freq=2412
D/wpa_supplicant( 3563): wlan0: Request association: reassociate: 0 selected: 4e:22:a1:19:ee:13 bssid: 00:00:00:00:00:00 pending: 00:00:00:00:00:00 wpa_state: SCANNING freq: 2412
I/wpa_supplicant( 3563): wlan0: Trying to associate with 4e:22:a1:19:ee:13 (SSID='FreeWifi_secure' freq=2412 MHz)
D/wpa_supplicant( 3563): CTRL_IFACE monitor send
D/wpa_supplicant( 3563): 2f646174612f6d6973632f776966692f736f636b6574732f7770615f6374726c5f313437362d313400
D/wpa_supplicant( 3563): wlan0: Cancelling scan request
D/wpa_supplicant( 3563): wlan0: WPA: clearing own WPA/RSN IE
D/wpa_supplicant( 3563): wlan0: Automatic auth_alg selection: 0x1
D/wpa_supplicant( 3563): RSN: PMKSA cache search - network_ctx=0x0 try_opportunistic=0
D/wpa_supplicant( 3563): RSN: Search for BSSID 4e:22:a1:19:ee:13
D/wpa_supplicant( 3563): RSN: No PMKSA cache entry found
D/wpa_supplicant( 3563): wlan0: WPA: using IEEE 802.11i/D3.0
D/wpa_supplicant( 3563): wlan0: WPA: Selected cipher suites: group 16 pairwise 16 key_mgmt 1 proto 1
D/wpa_supplicant( 3563): WPA: set AP WPA IE
D/wpa_supplicant( 3563): dd160050f20101000050f20401000050f20401000050f201
D/wpa_supplicant( 3563): wlan0: WPA: clearing AP RSN IE
D/wpa_supplicant( 3563): wlan0: WPA: using GTK CCMP
D/wpa_supplicant( 3563): wlan0: WPA: using PTK CCMP
D/wpa_supplicant( 3563): wlan0: WPA: using KEY_MGMT 802.1X
D/wpa_supplicant( 3563): WPA: Set own WPA IE default
D/wpa_supplicant( 3563): dd160050f20101000050f20401000050f20401000050f201
D/wpa_supplicant( 3563): wlan0: No keys have been configured - skip key clearing
D/wpa_supplicant( 3563): wlan0: State: SCANNING -> ASSOCIATING
D/wpa_supplicant( 3563): wpa_driver_nl80211_set_operstate: operstate 0->0 (DORMANT)
D/wpa_supplicant( 3563): netlink: Operstate: linkmode=-1, operstate=5
D/wpa_supplicant( 3563): CTRL_IFACE monitor send
D/wpa_supplicant( 3563): 2f646174612f6d6973632f776966692f736f636b6574732f7770615f6374726c5f313437362d313400
D/wpa_supplicant( 3563): bss->freq (2412)
D/wpa_supplicant( 3563): Limit connection to BSSID 4e:22:a1:19:ee:13 freq=2412 MHz based on scan results (bssid_set=0)
D/wpa_supplicant( 3563): nl80211: Get shared freq for PHY phy0
D/wpa_supplicant( 3563): nl80211: drv phyname phy0
D/wpa_supplicant( 3563): nl80211: drv 0x414106a0 driver 0x41423af0
D/wpa_supplicant( 3563): nl80211: driver phyname phy0
D/wpa_supplicant( 3563): nl80211: driver associated 0 assoc_freq 0
D/wpa_supplicant( 3563): nl80211: driver is_ap_interface nlmode 2 first_bss.freq 0
D/wpa_supplicant( 3563): nl80211: drv 0x414106a0 driver 0x414106a0
D/wpa_supplicant( 3563): nl80211: driver phyname phy0
D/wpa_supplicant( 3563): nl80211: driver associated 0 assoc_freq 0
D/wpa_supplicant( 3563): nl80211: driver is_ap_interface nlmode 2 first_bss.freq 0
D/wpa_supplicant( 3563): nl80211: No shared interface for PHY (phy0) in associated state
D/wpa_supplicant( 3563): drv_flags 0x10240c0, shared_freq 0, assoc_freq 2412
D/wpa_supplicant( 3563): nl80211: Set mode ifindex 8 iftype 2 (STATION)
D/wpa_supplicant( 3563): nl80211: Unsubscribe mgmt frames handle 0x41410968 (mode change)
D/wpa_supplicant( 3563): nl80211: Subscribe to mgmt frames with non-AP handle 0x41410968
D/wpa_supplicant( 3563): nl80211: Register frame type=0xd0 nl_handle=0x41410968
D/wpa_supplicant( 3563): nl80211: Register frame match
D/wpa_supplicant( 3563): 040a
D/wpa_supplicant( 3563): nl80211: Register frame type=0xd0 nl_handle=0x41410968
D/wpa_supplicant( 3563): nl80211: Register frame match
D/wpa_supplicant( 3563): 040b
D/wpa_supplicant( 3563): nl80211: Register frame type=0xd0 nl_handle=0x41410968
D/wpa_supplicant( 3563): nl80211: Register frame match
D/wpa_supplicant( 3563): 040c
D/wpa_supplicant( 3563): nl80211: Register frame type=0xd0 nl_handle=0x41410968
D/wpa_supplicant( 3563): nl80211: Register frame match
D/wpa_supplicant( 3563): 040d
D/wpa_supplicant( 3563): nl80211: Register frame type=0xd0 nl_handle=0x41410968
D/wpa_supplicant( 3563): nl80211: Register frame match
D/wpa_supplicant( 3563): 0409506f9a09
D/wpa_supplicant( 3563): nl80211: Register frame type=0xd0 nl_handle=0x41410968
D/wpa_supplicant( 3563): nl80211: Register frame match
D/wpa_supplicant( 3563): 7f506f9a09
D/wpa_supplicant( 3563): nl80211: Register frame type=0xd0 nl_handle=0x41410968
D/wpa_supplicant( 3563): nl80211: Register frame match
D/wpa_supplicant( 3563): 06
D/wpa_supplicant( 3563): nl80211: Register frame type=0xd0 nl_handle=0x41410968
D/wpa_supplicant( 3563): nl80211: Register frame match
D/wpa_supplicant( 3563): 0a07
D/wpa_supplicant( 3563): nl80211: Connect (ifindex=8)
D/wpa_supplicant( 3563): * bssid=4e:22:a1:19:ee:13
D/wpa_supplicant( 3563): * freq=2412
D/wpa_supplicant( 3563): * SSID - hexdump(len=15): 46 72 65 65 57 69 66 69 5f 73 65 63 75 72 65
D/wpa_supplicant( 3563): * IEs
D/wpa_supplicant( 3563): dd160050f20101000050f20401000050f20401000050f201
D/wpa_supplicant( 3563): * Auth Type 0
D/wpa_supplicant( 3563): * WPA Versions 0x1
D/wpa_supplicant( 3563): * CIPHER 1027076
D/wpa_supplicant( 3563): * GROUP CIPHER 1027076
D/WifiCommon( 1476): [wlan0]GET "CTRL-EVENT-BSS-ADDED 0 4e:22:a1:19:ee:10"
D/WifiCommon( 1476): [wlan0]GET "CTRL-EVENT-BSS-ADDED 1 4e:22:a1:19:ee:13"
D/WifiCommon( 1476): [wlan0]GET "CTRL-EVENT-BSS-ADDED 2 4e:22:a1:19:ee:11"
D/WifiCommon( 1476): [wlan0]GET "CTRL-EVENT-BSS-ADDED 3 a2:a1:d7:73:ff:fb"
D/WifiCommon( 1476): [wlan0]GET "CTRL-EVENT-BSS-ADDED 4 e0:a1:d7:73:ff:f8"
D/WifiCommon( 1476): [wlan0]GET "CTRL-EVENT-BSS-ADDED 5 f4:ca:e5:e6:01:62"
D/WifiCommon( 1476): [wlan0]GET "CTRL-EVENT-BSS-ADDED 6 f4:ca:e5:e6:01:60"
D/WifiCommon( 1476): [wlan0]GET "CTRL-EVENT-BSS-ADDED 7 f4:ca:e5:96:cb:f8"
D/WifiCommon( 1476): [wlan0]GET "CTRL-EVENT-BSS-ADDED 8 f4:ca:e5:96:cb:fa"
D/WifiCommon( 1476): [wlan0]GET "CTRL-EVENT-BSS-ADDED 9 e0:a1:d7:11:72:68"
D/WifiCommon( 1476): [wlan0]GET "CTRL-EVENT-BSS-ADDED 10 4e:22:a1:19:ee:12"
D/WifiCommon( 1476): [wlan0]GET "CTRL-EVENT-BSS-ADDED 11 a2:a1:d7:73:ff:f9"
D/WifiCommon( 1476): [wlan0]GET "CTRL-EVENT-BSS-ADDED 12 f4:ca:e5:e6:01:61"
D/WifiCommon( 1476): [wlan0]GET "CTRL-EVENT-BSS-ADDED 13 f4:ca:e5:96:cb:f9"
D/WifiCommon( 1476): [wlan0]GET "CTRL-EVENT-SCAN-RESULTS "
D/WifiCommon( 1476): [wlan0]GET "WPS-AP-AVAILABLE "
D/StateMachine( 1476): handleMessage: E msg.what=147461
D/StateMachine( 1476): processMsg: DisconnectedState
D/WifiStateMachine( 1476): DisconnectedState{ what=147461 when=-1ms target=Handler (com.android.internal.util.StateMachine$SmHandler) {41600490} }
D/StateMachine( 1476): processMsg: ConnectModeState
D/WifiStateMachine( 1476): ConnectModeState{ what=147461 when=-2ms target=Handler (com.android.internal.util.StateMachine$SmHandler) {41600490} }
D/WifiNative-wlan0( 1476): doBoolean: AP_SCAN 1
D/WifiCommon( 1476): [wlan0] SET "AP_SCAN 1"
D/WifiCommon( 1476): [wlan0]GET "Trying to associate with 4e:22:a1:19:ee:13 (SSID='FreeWifi_secure' freq=2412 MHz)"
D/WifiCommon( 1476): [wlan0]GET "CTRL-EVENT-STATE-CHANGE id=-1 state=5 BSSID=00:00:00:00:00:00 SSID="
D/dalvikvm( 1476): GC_EXPLICIT freed 351K (6991), 26% free 13111K/17516K, paused 4ms+10ms, total 100ms
D/IPCThreadState( 1476): [DN #5] BR_CLEAR_DEATH_NOTIFICATION_DONE cookie 0x5c6f6c58
D/IPCThreadState( 1476): [DN #5] BR_CLEAR_DEATH_NOTIFICATION_DONE cookie 0x5d135f98
D/IPCThreadState( 1476): [DN #5] BR_CLEAR_DEATH_NOTIFICATION_DONE cookie 0x59e63bb8
D/wpa_supplicant( 3563): nl80211: Connect request send successfully
D/wpa_supplicant( 3563): wlan0: Setting authentication timeout: 10 sec 0 usec
D/wpa_supplicant( 3563): EAPOL: External notification - EAP success=0
D/wpa_supplicant( 3563): EAPOL: Supplicant port status: Unauthorized
D/wpa_supplicant( 3563): EAPOL: External notification - EAP fail=0
D/wpa_supplicant( 3563): EAPOL: Supplicant port status: Unauthorized
D/wpa_supplicant( 3563): EAPOL: External notification - portControl=Auto
D/wpa_supplicant( 3563): EAPOL: Supplicant port status: Unauthorized
D/wpa_supplicant( 3563): RSN: Ignored PMKID candidate without preauth flag
D/wpa_supplicant( 3563): RSN: Ignored PMKID candidate without preauth flag
D/wpa_supplicant( 3563): RX ctrl_iface - hexdump(len=9): 41 50 5f 53 43 41 4e 20 31
D/wpa_supplicant( 3563): wlan0: Control interface command 'AP_SCAN 1'
D/StateMachine( 1476): processMsg: DriverStartedState
D/WifiStateMachine( 1476): DriverStartedState{ what=147461 when=-87ms target=Handler (com.android.internal.util.StateMachine$SmHandler) {41600490} }
D/StateMachine( 1476): processMsg: SupplicantStartedState
D/WifiStateMachine( 1476): SupplicantStartedState{ what=147461 when=-88ms target=Handler (com.android.internal.util.StateMachine$SmHandler) {41600490} }
D/WifiNative-wlan0( 1476): doString: BSS RANGE=ALL MASK=0x1986
D/WifiCommon( 1476): [wlan0] SET "BSS RANGE=ALL MASK=0x1986"
D/wpa_supplicant( 3563): RX ctrl_iface - hexdump(len=25): 42 53 53 20 52 41 4e 47 45 3d 41 4c 4c 20 4d 41 53 4b 3d 30 78 31 39 38 36
D/wpa_supplicant( 3563): wlan0: Control interface command 'BSS RANGE=ALL MASK=0x1986'
I/wifi ( 1476): bssid=4e:22:a1:19:ee:10
I/wifi ( 1476): freq=2412
I/wifi ( 1476): level=-33
I/wifi ( 1476): tsf=1380452093371735
I/wifi ( 1476): flags=[WPA-PSK-CCMP][ESS]
I/wifi ( 1476): ssid=Freedmb
I/wifi ( 1476): ====
I/wifi ( 1476): bssid=4e:22:a1:19:ee:13
I/wifi ( 1476): freq=2412
I/wifi ( 1476): level=-33
I/wifi ( 1476): tsf=1380452093371748
I/wifi ( 1476): flags=[WPA-EAP-CCMP][ESS]
I/wifi ( 1476): ssid=FreeWifi_secure
I/wifi ( 1476): ====
I/wifi ( 1476): bssid=4e:22:a1:19:ee:11
I/wifi ( 1476): freq=2412
I/wifi ( 1476): level=-34
I/wifi ( 1476): tsf=1380452093371753
I/wifi ( 1476): flags=[WPA2-PSK-CCMP][ESS]
I/wifi ( 1476): ssid=
I/wifi ( 1476): ====
I/wifi ( 1476): bssid=a2:a1:d7:73:ff:fb
I/wifi ( 1476): freq=2462
I/wifi ( 1476): level=-84
I/wifi ( 1476): tsf=1380452093371777
I/wifi ( 1476): flags=[WPA2-EAP-CCMP][ESS]
I/wifi ( 1476): ssid=SFR WiFi Mobile
I/wifi ( 1476): ====
I/wifi ( 1476): bssid=e0:a1:d7:73:ff:f8
I/wifi ( 1476): freq=2462
I/wifi ( 1476): level=-84
I/wifi ( 1476): tsf=1380452093371781
I/wifi ( 1476): flags=[WPA-PSK-TKIP+CCMP][WPA2-PSK-TKIP+CCMP][WPS][ESS]
I/wifi ( 1476): ssid=MICHELET SERVICE
I/wifi ( 1476): ====
I/wifi ( 1476): bssid=f4:ca:e5:e6:01:62
I/wifi ( 1476): freq=2452
I/wifi ( 1476): level=-85
I/wifi ( 1476): tsf=1380452093371764
I/wifi ( 1476): flags=[WPA2-EAP-TKIP+CCMP][ESS]
I/wifi ( 1476): ssid=FreeWifi_secure
I/wifi ( 1476): ====
I/wifi ( 1476): bssid=f4:ca:e5:e6:01:60
I/wifi ( 1476): freq=2452
I/wifi ( 1476): level=-85
I/wifi ( 1476): tsf=1380452093371768
I/wifi ( 1476): flags=[WPA-PSK-CCMP][ESS]
I/wifi ( 1476): ssid=Freebox-46563D
I/wifi ( 1476): ====
I/wifi ( 1476): bssid=f4:ca:e5:96:cb:f8
I/wifi ( 1476): freq=2462
I/wifi ( 1476): level=-86
I/wifi ( 1476): tsf=1380452093371790
I/wifi ( 1476): flags=[WPA-PSK-CCMP][ESS]
I/wifi ( 1476): ssid=Freebox-5D0ACB
I/wifi ( 1476): ====
I/wifi ( 1476): bssid=f4:ca:e5:96:cb:fa
I/wifi ( 1476): freq=2462
I/wifi ( 1476): level=-87
I/wifi ( 1476): tsf=1380452093371799
I/wifi ( 1476): flags=[WPA2-EAP-TKIP+CCMP][ESS]
I/wifi ( 1476): ssid=FreeWifi_secure
I/wifi ( 1476): ====
I/wifi ( 1476): bssid=e0:a1:d7:11:72:68
I/wifi ( 1476): freq=2442
I/wifi ( 1476): level=-92
I/wifi ( 1476): tsf=1380452093371760
I/wifi ( 1476): flags=[WPA-PSK-TKIP+CCMP][WPS][ESS]
I/wifi ( 1476): ssid=NEUF_COLLIER
I/wifi ( 1476): ====
I/wifi ( 1476): bssid=4e:22:a1:19:ee:12
I/wifi ( 1476): freq=2412
I/wifi ( 1476): level=-33
I/wifi ( 1476): tsf=1380452093371743
I/wifi ( 1476): flags=[ESS]
I/wifi ( 1476): ssid=FreeWifi
I/wifi ( 1476): ====
I/wifi ( 1476): bssid=a2:a1:d7:73:ff:f9
I/wifi ( 1476): freq=2462
I/wifi ( 1476): level=-83
I/wifi ( 1476): tsf=1380452093371786
I/wifi ( 1476): flags=[ESS]
I/wifi ( 1476): ssid=SFR WiFi FON
I/wifi ( 1476): ====
I/wifi ( 1476): bssid=f4:ca:e5:e6:01:61
I/wifi ( 1476): freq=2452
I/wifi ( 1476): level=-86
I/wifi ( 1476): tsf=1380452093371773
I/wifi ( 1476): flags=[ESS]
I/wifi ( 1476): ssid=FreeWifi
I/wifi ( 1476): ====
I/wifi ( 1476): bssid=f4:ca:e5:96:cb:f9
I/wifi ( 1476): freq=2462
I/wifi ( 1476): level=-86
I/wifi ( 1476): tsf=1380452093371794
I/wifi ( 1476): flags=[ESS]
I/wifi ( 1476): ssid=FreeWifi
I/wifi ( 1476): ====
D/IPCThreadState( 1476): [DN #5] BR_CLEAR_DEATH_NOTIFICATION_DONE cookie 0x591df0d0
V/ActivityManager( 1476): Broadcast: Intent { act=android.net.wifi.SCAN_RESULTS flg=0x8000010 } ordered=false userid=-1
D/StateMachine( 1476): handleMessage: X
D/StateMachine( 1476): handleMessage: E msg.what=147462
D/StateMachine( 1476): processMsg: DisconnectedState
I/WifiService( 1476): checkAndSetNotification, state:UNKNOWN
D/dalvikvm( 1476): create interp thread : stack size=32KB
D/dalvikvm( 1476): create new thread
D/dalvikvm( 1476): new thread created
D/dalvikvm( 1476): update thread list
D/WifiStateMachine( 1476): DisconnectedState{ what=147462 when=-97ms obj=android.net.wifi.StateChangeResult@41d72838 target=Handler (com.android.internal.util.StateMachine$SmHandler) {41600490} }
D/dalvikvm( 1476): threadid=86: interp stack at 0x5998d000
D/WifiStateMachine( 1476): setDetailed state, old =SCANNING and new state=CONNECTING
D/dalvikvm( 1476): threadid=86: created from interp
D/dalvikvm( 1476): start new thread
D/dalvikvm( 1476): threadid=86: notify debugger
D/dalvikvm( 1476): threadid=86 (SyncHandler-0): calling run()
V/ActivityManager( 1476): Broadcast sticky: Intent { act=android.net.wifi.STATE_CHANGE flg=0x8000010 (has extras) } ordered=false userid=-1
D/StateMachine( 1476): processMsg: ConnectModeState
D/WifiStateMachine( 1476): ConnectModeState{ what=147462 when=-117ms obj=android.net.wifi.StateChangeResult@41d72838 target=Handler (com.android.internal.util.StateMachine$SmHandler) {41600490} }
D/StateMachine( 1476): handleMessage: X
D/StateMachine( 1476): handleMessage: E msg.what=131238
D/StateMachine( 1476): processMsg: DisconnectedState
D/WifiStateMachine( 1476): DisconnectedState{ what=131238 when=-1ms target=Handler (com.android.internal.util.StateMachine$SmHandler) {41600490} }
D/NetworkControllerGemini( 1730): onReceive, intent action is android.net.wifi.STATE_CHANGE
D/NetworkControllerGemini( 1730): updateWifiState: mWifiLevel = 0 mWifiRssi=0 mWifiConnected is false
V/Provider/Settings( 1818): from settings cache , name = gprs_connection_sim_setting , value = 0
D/NetworkControllerGemini( 1730): refreshViews(0), DataConnected=false simColorId = 0
D/TelephonyManagerEx( 1730): isNetworkRoaming
D/NetworkControllerGemini( 1730): refreshViews(0), dataTypeIconId=0
D/SignalClusterViewGemini( 1730): setShowSimIndicator(0), showSimIndicator=false simIndicatorResource = 0
D/SignalClusterViewGemini( 1730): setDataConnected(0), dataConnected=false
D/SignalClusterViewGemini( 1730): setDataNetType3G(0), dataNetType=Type_3G
D/SignalClusterViewGemini( 1730): apply : mShowSimIndicator = false mSimIndicatorResource = 0 mShowSimIndicatorGemini = false mSimIndicatorResourceGemini = 0
D/SignalClusterViewGemini( 1730): apply, mMobileVisible=true mMobileActivityId=0 mMobileTypeId=0 mMobileStrengthId[0] = 2130837950 mMobileStrengthId[1] = 0
D/StateMachine( 1476): processMsg: ConnectModeState
V/Provider/Settings( 1818): from settings cache , name = gprs_connection_sim_setting , value = 0
D/SettingsProvider( 1476): call request for 0
D/WifiStateMachine( 1476): ConnectModeState{ what=131238 when=-5ms target=Handler (com.android.internal.util.StateMachine$SmHandler) {41600490} }
D/StateMachine( 1476): processMsg: DriverStartedState
V/SettingsProvider( 1476): call(global:read_external_storage_enforced_default) for 0
D/SettingsProvider( 1476): lookupValue table global cache contains Key read_external_storage_enforced_default , value = null
D/SettingsProvider( 1476): lookupValue table global cache.fullyMatchesDisk() read_external_storage_enforced_default
V/Provider/Settings( 1476): from db cache, name = read_external_storage_enforced_default , value = null
D/SignalClusterViewGemini( 1730): isSimInserted(0), SimInserted=true
D/SignalClusterViewGemini( 1730): mDataNetType =Type_3G resId= 0 simColorId = 0
D/SignalClusterViewGemini( 1730): apply, mMobileVisibleGemini=true mMobileActivityIdGemini=0 mMobileTypeIdGemini=0 mMobileStrengthIdGemini[0] = 2130837960 mMobileStrengthIdGemini[1] = 0
D/dalvikvm( 107): threadid=2: exiting
D/dalvikvm( 107): threadid=2: bye!
D/WifiStateMachine( 1476): DriverStartedState{ what=131238 when=-6ms target=Handler (com.android.internal.util.StateMachine$SmHandler) {41600490} }
D/dalvikvm( 107): threadid=3: exiting
D/dalvikvm( 107): threadid=3: bye!
D/dalvikvm( 107): threadid=4: exiting
D/dalvikvm( 107): threadid=4: bye!
D/StateMachine( 1476): processMsg: SupplicantStartedState
D/WifiStateMachine( 1476): SupplicantStartedState{ what=131238 when=-8ms target=Handler (com.android.internal.util.StateMachine$SmHandler) {41600490} }
D/WifiNative-wlan0( 1476): doString: LIST_NETWORKS
D/WifiCommon( 1476): [wlan0] SET "LIST_NETWORKS"
D/SignalClusterViewGemini( 1730): isSimInserted(1), SimInserted=false
D/SignalClusterViewGemini( 1730): apply, mMobileVisible=true, mWifiVisible=false, mIsAirplaneMode=false
D/wpa_supplicant( 3563): RX ctrl_iface - hexdump(len=13): 4c 49 53 54 5f 4e 45 54 57 4f 52 4b 53
D/wpa_supplicant( 3563): wlan0: Control interface command 'LIST_NETWORKS'
D/NetworkControllerGemini( 1730): refreshViews(1), DataConnected=false simColorId = -1
D/TelephonyManagerEx( 1730): isNetworkRoaming
D/WifiStateMachine( 1476): listStr:network id / ssid / bssid / flags
D/WifiStateMachine( 1476): 0 FreeWifi_secure any [CURRENT]
D/NetworkControllerGemini( 1730): refreshViews(1), dataTypeIconId=0
D/SignalClusterViewGemini( 1730): setShowSimIndicator(1), showSimIndicator=false simIndicatorResource = 0
D/SignalClusterViewGemini( 1730): setDataConnected(1), dataConnected=false
D/SignalClusterViewGemini( 1730): setDataNetType3G(1), dataNetType=null
D/SignalClusterViewGemini( 1730): apply : mShowSimIndicator = false mSimIndicatorResource = 0 mShowSimIndicatorGemini = false mSimIndicatorResourceGemini = 0
D/SignalClusterViewGemini( 1730): apply, mMobileVisible=true mMobileActivityId=0 mMobileTypeId=0 mMobileStrengthId[0] = 2130837950 mMobileStrengthId[1] = 0
D/StateMachine( 1476): handleMessage: X
D/SignalClusterViewGemini( 1730): isSimInserted(0), SimInserted=true
D/SignalClusterViewGemini( 1730): mDataNetType =Type_3G resId= 0 simColorId = 0
D/SignalClusterViewGemini( 1730): apply, mMobileVisibleGemini=true mMobileActivityIdGemini=0 mMobileTypeIdGemini=0 mMobileStrengthIdGemini[0] = 2130837960 mMobileStrengthIdGemini[1] = 0
D/SignalClusterViewGemini( 1730): isSimInserted(1), SimInserted=false
D/SignalClusterViewGemini( 1730): apply, mMobileVisible=true, mWifiVisible=false, mIsAirplaneMode=false
D/IPCThreadState( 1476): [DN #5] BR_CLEAR_DEATH_NOTIFICATION_DONE cookie 0x59a992f0
D/dalvikvm( 107): pre gc
D/dalvikvm( 107): Zygote::ForkAndSpecialize +
I/SurfaceTextureClient( 1730): [STC::queueBuffer] (this:0x55df9fe8) fps:25.44, dur:1139.79, max:175.54, min:9.47
I/BufferQueue( 106): [StatusBar](this:0x419c99c8,api:1) [queue] fps:25.44, dur:1140.03, max:175.87, min:9.12
D/dalvikvm( 107): Zygote::ForkAndSpecialize : 3566
D/dalvikvm( 3566): Zygote::ForkAndSpecialize : 0
D/dalvikvm( 107): create interp thread : stack size=32KB
D/dalvikvm( 107): create new thread
D/dalvikvm( 107): new thread created
D/dalvikvm( 107): update thread list
D/dalvikvm( 3566): zygote get new systemTid : 3566
D/dalvikvm( 107): threadid=2: interp stack at 0x519a1000
I/SurfaceTexture( 106): [StatusBar](this:0x419c8b28,api:1) [void* android::SurfaceTexture::createImage(EGLDisplay, const android::sp&)]
D/SurfaceTexture( 106): GraphicBuffer: gb=0x419ca400 handle=0x419c7a78
D/SurfaceTexture( 106): EGLImage: dpy=0x1, img=0x419db2f8
I/BufferQueue( 106): [StatusBar](this:0x419c99c8,api:1) [release] fps:24.70, dur:1133.42, max:166.70, min:16.57
D/dalvikvm( 107): threadid=2: created from interp
D/dalvikvm( 107): start new thread
D/dalvikvm( 107): create interp thread : stack size=32KB
D/dalvikvm( 107): create new thread
D/dalvikvm( 107): new thread created
D/dalvikvm( 107): update thread list
D/dalvikvm( 107): threadid=2: notify debugger
D/dalvikvm( 107): threadid=2 (ReferenceQueueDaemon): calling run()
I/SurfaceTextureClient( 106): [STC::queueBuffer] (this:0x41574710) fps:26.47, dur:1133.42, max:166.74, min:16.44
D/dalvikvm( 107): threadid=3: interp stack at 0x51aa9000
I/BufferQueue( 106): [FramebufferSurface](this:0x41573c08,api:1) [release] fps:26.47, dur:1133.41, max:166.78, min:16.43
I/BufferQueue( 106): [FramebufferSurface](this:0x41573c08,api:1) [queue] fps:26.47, dur:1133.41, max:166.82, min:16.42
D/dalvikvm( 107): threadid=3: created from interp
I/SurfaceFlinger( 106): [SurfaceFlinger] fps:26.468725,dur:1133.41,max:166.79,min:16.41
D/dalvikvm( 107): start new thread
D/dalvikvm( 107): create interp thread : stack size=32KB
D/dalvikvm( 107): create new thread
D/dalvikvm( 107): new thread created
D/dalvikvm( 107): update thread list
D/dalvikvm( 107): threadid=3: notify debugger
D/dalvikvm( 107): threadid=3 (FinalizerDaemon): calling run()
D/dalvikvm( 107): threadid=4: interp stack at 0x51bb1000
D/dalvikvm( 107): threadid=4: created from interp
D/dalvikvm( 107): start new thread
I/ActivityManager( 1476): Start proc cm.aptoide.pt for broadcast cm.aptoide.pt/.ScheduledDownloadReceiver: pid=3566 uid=10146 gids={50146, 3003, 1015, 1028}
V/ActivityManager( 1476): Broadcast sticky: Intent { act=android.net.wifi.supplicant.STATE_CHANGE flg=0x28000010 (has extras) } ordered=false userid=-1
D/StateMachine( 1476): handleMessage: E msg.what=131131
D/dalvikvm( 107): threadid=4: notify debugger
D/dalvikvm( 107): threadid=4 (FinalizerWatchdogDaemon): calling run()
D/StateMachine( 1476): processMsg: DisconnectedState
D/WifiStateMachine( 1476): DisconnectedState{ what=131131 when=-23ms target=Handler (com.android.internal.util.StateMachine$SmHandler) {41600490} }
D/StateMachine( 1476): processMsg: ConnectModeState
D/WifiStateMachine( 1476): ConnectModeState{ what=131131 when=-24ms target=Handler (com.android.internal.util.StateMachine$SmHandler) {41600490} }
D/StateMachine( 1476): processMsg: DriverStartedState
D/WifiStateMachine( 1476): DriverStartedState{ what=131131 when=-24ms target=Handler (com.android.internal.util.StateMachine$SmHandler) {41600490} }
D/StateMachine( 1476): processMsg: SupplicantStartedState
D/WifiStateMachine( 1476): SupplicantStartedState{ what=131131 when=-24ms target=Handler (com.android.internal.util.StateMachine$SmHandler) {41600490} }
D/StateMachine( 1476): handleMessage: X
D/WifiService( 1476): Connecting networkId:0, isConnecting:true
I/WifiService( 1476): Open network num:4
D/WifiService( 1476): Supplicant state is ASSOCIATING when interpret scan results.
D/dalvikvm( 3566): threadid=2: interp stack at 0x51aa1000
D/dalvikvm( 3566): threadid=3: interp stack at 0x51ba9000
D/dalvikvm( 3566): Elevating priority from 0 to -8
D/jdwp ( 3566): prepping for JDWP over ADB
D/jdwp ( 3566): ADB transport startup
D/dalvikvm( 3566): threadid=4: interp stack at 0x51cb1000
D/jdwp ( 3566): JDWP: thread running
D/jdwp ( 3566): acceptConnection
D/jdwp ( 3566): trying to receive file descriptor from ADB
D/dalvikvm( 3566): threadid=5: interp stack at 0x54bc4000
D/dalvikvm( 3566): zygote get thread init done
D/dalvikvm( 3566): create interp thread : stack size=32KB
D/dalvikvm( 3566): create new thread
D/WifiStateTracker( 1476): New state:CONNECTING, mLastState:UNKNOWN
D/WifiWatchdogStateMachine( 1476): Network state change CONNECTING
D/WifiWatchdogStateMachine( 1476): Update current BSSID to null
D/WifiWatchdogStateMachine( 1476): NotConnectedState
D/ConnectivityService( 1476): ConnectivityChange for WIFI: CONNECTING/CONNECTING
D/dalvikvm( 3566): new thread created
D/dalvikvm( 3566): update thread list
D/dalvikvm( 3566): threadid=6: interp stack at 0x54bcc000
D/dalvikvm( 3566): threadid=6: created from interp
D/dalvikvm( 3566): start new thread
D/dalvikvm( 3566): create interp thread : stack size=32KB
D/dalvikvm( 3566): create new thread
D/dalvikvm( 3566): new thread created
D/dalvikvm( 3566): update thread list
D/dalvikvm( 3566): threadid=6: notify debugger
D/dalvikvm( 3566): threadid=6 (ReferenceQueueDaemon): calling run()
D/dalvikvm( 3566): threadid=7: interp stack at 0x54cd4000
D/dalvikvm( 3566): threadid=7: created from interp
D/dalvikvm( 3566): start new thread
D/dalvikvm( 3566): create interp thread : stack size=32KB
D/dalvikvm( 3566): create new thread
D/dalvikvm( 3566): new thread created
D/dalvikvm( 3566): update thread list
D/dalvikvm( 3566): threadid=7: notify debugger
D/dalvikvm( 3566): threadid=7 (FinalizerDaemon): calling run()
D/dalvikvm( 3566): threadid=8: interp stack at 0x54ddc000
D/dalvikvm( 3566): threadid=8: created from interp
D/dalvikvm( 3566): start new thread
I/dalvikvm( 3566): Turning on JNI app bug workarounds for target SDK version 7...
D/dalvikvm( 3566): threadid=8: notify debugger
D/dalvikvm( 3566): threadid=8 (FinalizerWatchdogDaemon): calling run()
D/dalvikvm( 107): GC_EXPLICIT freed 41K (1045), 8% free 5395K/5840K, paused 1ms+2ms, total 31ms
D/dalvikvm( 3566): threadid=9: interp stack at 0x551e2000
V/ActivityManager( 1476): Binding process pid 3566 to record ProcessRecord{41c10198 3566:cm.aptoide.pt/u0a10146}
V/ActivityManager( 1476): New death recipient com.android.server.am.ActivityManagerService$AppDeathRecipient@41840f10 for thread android.os.BinderProxy@419ce348
D/dalvikvm( 3566): threadid=10: interp stack at 0x552ea000
V/ActivityManager( 1476): New app record ProcessRecord{41c10198 3566:cm.aptoide.pt/u0a10146} thread=android.os.BinderProxy@419ce348 pid=3566
D/dalvikvm( 107): GC_EXPLICIT freed <1K (4), 8% free 5395K/5840K, paused 1ms+3ms, total 27ms
D/IPCThreadState( 1476): [DN #5] BR_CLEAR_DEATH_NOTIFICATION_DONE cookie 0x5a8cdb90
D/dalvikvm( 107): GC_EXPLICIT freed <1K (5), 8% free 5395K/5840K, paused 2ms+2ms, total 23ms
D/wpa_supplicant( 3563): EAPOL: disable timer tick
D/wpa_supplicant( 3563): EAPOL: Supplicant port status: Unauthorized
D/wpa_supplicant( 3563): RTM_NEWLINK: operstate=0 ifi_flags=0x11003 ([UP][LOWER_UP])
I/Netd ( 103): Get netlink event, ifname: wlan0 action: 4
D/wpa_supplicant( 3563): RTM_NEWLINK, IFLA_IFNAME: Interface 'wlan0' added
W/ThrottleController( 103): updateModemThrottle warning: rx -1, tx -1 !
D/SocketClient( 103): SocketClient msg = Iface linkstate wlan0 up
D/SocketClient( 103): SocketClient sendDatalocked done: 600 Iface linkstate wlan0 up
D/wpa_supplicant( 3563): nl80211: if_removed already cleared - ignore event
D/NetdConnector( 1476): RCV <- {600 Iface linkstate wlan0 up}
D/Tethering( 1476): interfaceLinkStateChanged wlan0, true
D/Tethering( 1476): interfaceStatusChanged wlan0, true
D/wpa_supplicant( 3563): random: Got 4/4 bytes from /dev/random
D/dalvikvm( 3566): open_cached_dex_file : /data/app/cm.aptoide.pt-1.apk /data/dalvik-cache/data@app@cm.aptoide.pt-1.apk@classes.dex
D/wpa_supplicant( 3563): random: Updated entropy file /data/misc/wifi/entropy.bin (own_pool_ready=2)
I/Netd ( 103): Get netlink event, ifname: wlan0 action: 4
W/ThrottleController( 103): updateModemThrottle warning: rx -1, tx -1 !
D/SocketClient( 103): SocketClient msg = Iface linkstate wlan0 up
D/SocketClient( 103): SocketClient sendDatalocked done: 600 Iface linkstate wlan0 up
D/wpa_supplicant( 3563): RTM_NEWLINK: operstate=0 ifi_flags=0x11003 ([UP][LOWER_UP])
I/Netd ( 103): Get netlink event, ifname: wlan0 action: 4
W/ThrottleController( 103): updateModemThrottle warning: rx -1, tx -1 !
D/SocketClient( 103): SocketClient msg = Iface linkstate wlan0 up
D/SocketClient( 103): SocketClient sendDatalocked done: 600 Iface linkstate wlan0 up
D/wpa_supplicant( 3563): RTM_NEWLINK, IFLA_IFNAME: Interface 'wlan0' added
D/wpa_supplicant( 3563): nl80211: if_removed already cleared - ignore event
D/wpa_supplicant( 3563): RTM_NEWLINK: operstate=0 ifi_flags=0x11003 ([UP][LOWER_UP])
D/wpa_supplicant( 3563): RTM_NEWLINK, IFLA_IFNAME: Interface 'wlan0' added
D/NetdConnector( 1476): RCV <- {600 Iface linkstate wlan0 up}
D/wpa_supplicant( 3563): nl80211: if_removed already cleared - ignore event
D/NetdConnector( 1476): RCV <- {600 Iface linkstate wlan0 up}
D/wpa_supplicant( 3563): nl80211: Event message available
D/wpa_supplicant( 3563): nl80211: Associated on 2412 MHz
D/wpa_supplicant( 3563): nl80211: Associated with 4e:22:a1:19:ee:13
D/wpa_supplicant( 3563): nl80211: Operating frequency for the associated BSS from scan results: 2412 MHz
D/wpa_supplicant( 3563): wlan0: Event ASSOC (0) received
D/wpa_supplicant( 3563): wlan0: Association info event
D/wpa_supplicant( 3563): req_ies
D/wpa_supplicant( 3563): 000f46726565576966695f736563757265010882848b962430486c32040c1218602d1a0c1119ff00000000000000000000000000000000000000000000dd09001018020000040000dd1e00904c330c1119ff00000000000000000000000000000000000000000000dd070050f202000100dd160050f20101000050f20401000050f20401000050f201
D/wpa_supplicant( 3563): resp_ies
D/wpa_supplicant( 3563): 010882848b961224486c32040c183060dd180050f2020101000003a4000027a4000042435e0062322f002d1a6e1017ffff0000010000000000000000000000000000000000003d1601050700000000000000000000000000000000000000dd1e00904c336e1017ffff000001000000000000000000000000000000000000dd1a00904c3401050700000000000000000000000000000000000000dd07000c4300000000
D/wpa_supplicant( 3563): wlan0: freq=2412 MHz
D/wpa_supplicant( 3563): WPA: set own WPA/RSN IE
D/wpa_supplicant( 3563): dd160050f20101000050f20401000050f20401000050f201
D/wpa_supplicant( 3563): wlan0: State: ASSOCIATING -> ASSOCIATED
D/wpa_supplicant( 3563): wpa_driver_nl80211_set_operstate: operstate 0->0 (DORMANT)
D/wpa_supplicant( 3563): netlink: Operstate: linkmode=-1, operstate=5
D/wpa_supplicant( 3563): CTRL_IFACE monitor send
D/wpa_supplicant( 3563): 2f646174612f6d6973632f776966692f736f636b6574732f7770615f6374726c5f313437362d313400
D/wpa_supplicant( 3563): wlan0: Associated to a new BSS: BSSID=4e:22:a1:19:ee:13
E/wpa_supplicant( 3563): Add randomness: count=12 entropy=0
D/wpa_supplicant( 3563): wlan0: No keys have been configured - skip key clearing
I/wpa_supplicant( 3563): wlan0: Associated with 4e:22:a1:19:ee:13
D/wpa_supplicant( 3563): CTRL_IFACE monitor send
D/wpa_supplicant( 3563): 2f646174612f6d6973632f776966692f736f636b6574732f7770615f6374726c5f313437362d313400
D/wpa_supplicant( 3563): wlan0: WPA: Association event - clear replay counter
D/wpa_supplicant( 3563): wlan0: WPA: Clear old PTK
D/wpa_supplicant( 3563): EAPOL: External notification - portEnabled=0
D/wpa_supplicant( 3563): EAPOL: Supplicant port status: Unauthorized
D/wpa_supplicant( 3563): EAPOL: External notification - portValid=0
D/wpa_supplicant( 3563): EAPOL: Supplicant port status: Unauthorized
D/wpa_supplicant( 3563): EAPOL: External notification - portEnabled=1
D/wpa_supplicant( 3563): EAPOL: SUPP_PAE entering state CONNECTING
D/wpa_supplicant( 3563): EAPOL: enable timer tick
D/wpa_supplicant( 3563): EAPOL: SUPP_BE entering state IDLE
D/wpa_supplicant( 3563): EAP: EAP entering state INITIALIZE
D/wpa_supplicant( 3563): EAP: EAP entering state IDLE
D/wpa_supplicant( 3563): wlan0: Setting authentication timeout: 10 sec 0 usec
D/wpa_supplicant( 3563): wlan0: Cancelling scan request
D/WifiCommon( 1476): [wlan0]GET "CTRL-EVENT-STATE-CHANGE id=0 state=6 BSSID=00:00:00:00:00:00 SSID=FreeWifi_secure"
D/Tethering( 1476): interfaceLinkStateChanged wlan0, true
D/Tethering( 1476): interfaceStatusChanged wlan0, true
D/WifiCommon( 1476): [wlan0]GET "Associated with 4e:22:a1:19:ee:13"
D/StateMachine( 1476): handleMessage: E msg.what=147462
D/StateMachine( 1476): processMsg: DisconnectedState
D/WifiStateMachine( 1476): DisconnectedState{ what=147462 when=0 obj=android.net.wifi.StateChangeResult@41a9c6c0 target=Handler (com.android.internal.util.StateMachine$SmHandler) {41600490} }
D/WifiStateMachine( 1476): setDetailed state, old =CONNECTING and new state=CONNECTING
D/StateMachine( 1476): processMsg: ConnectModeState
D/WifiStateMachine( 1476): ConnectModeState{ what=147462 when=0 obj=android.net.wifi.StateChangeResult@41a9c6c0 target=Handler (com.android.internal.util.StateMachine$SmHandler) {41600490} }
D/StateMachine( 1476): handleMessage: X
V/ActivityManager( 1476): Broadcast sticky: Intent { act=android.net.wifi.supplicant.STATE_CHANGE flg=0x28000010 (has extras) } ordered=false userid=-1
D/Tethering( 1476): interfaceLinkStateChanged wlan0, true
D/Tethering( 1476): interfaceStatusChanged wlan0, true
D/IPCThreadState( 1476): [DN #5] BR_CLEAR_DEATH_NOTIFICATION_DONE cookie 0x5bd447d0
D/IPCThreadState( 1476): [DN #5] BR_CLEAR_DEATH_NOTIFICATION_DONE cookie 0x5c706768
D/IPCThreadState( 1476): [DN #5] BR_CLEAR_DEATH_NOTIFICATION_DONE cookie 0x592253f8
D/IPCThreadState( 1476): [DN #5] BR_CLEAR_DEATH_NOTIFICATION_DONE cookie 0x5c70aa80
D/IPCThreadState( 1476): [DN #5] BR_CLEAR_DEATH_NOTIFICATION_DONE cookie 0x59b898a0
D/IPCThreadState( 1476): [DN #5] BR_CLEAR_DEATH_NOTIFICATION_DONE cookie 0x54ac0130
D/IPCThreadState( 1476): [DN #5] BR_CLEAR_DEATH_NOTIFICATION_DONE cookie 0x5c6f9028
D/wpa_supplicant( 3563): EAPOL: disable timer tick
D/wpa_supplicant( 3563): EAPOL: Supplicant port status: Unauthorized
D/IPCThreadState( 1476): [DN #5] BR_CLEAR_DEATH_NOTIFICATION_DONE cookie 0x59c16e90
D/dalvikvm( 3566): create interp thread : stack size=32KB
D/dalvikvm( 3566): create new thread
I/Netd ( 103): Get netlink event, ifname: wlan0 action: 4
W/ThrottleController( 103): updateModemThrottle warning: rx -1, tx -1 !
D/SocketClient( 103): SocketClient msg = Iface linkstate wlan0 up
D/SocketClient( 103): SocketClient sendDatalocked done: 600 Iface linkstate wlan0 up
I/Netd ( 103): Get netlink event, ifname: wlan0 action: 4
W/ThrottleController( 103): updateModemThrottle warning: rx -1, tx -1 !
D/SocketClient( 103): SocketClient msg = Iface linkstate wlan0 up
D/SocketClient( 103): SocketClient sendDatalocked done: 600 Iface linkstate wlan0 up
D/wpa_supplicant( 3563): RTM_NEWLINK: operstate=0 ifi_flags=0x11003 ([UP][LOWER_UP])
D/wpa_supplicant( 3563): RTM_NEWLINK, IFLA_IFNAME: Interface 'wlan0' added
D/NetdConnector( 1476): RCV <- {600 Iface linkstate wlan0 up}
D/wpa_supplicant( 3563): nl80211: if_removed already cleared - ignore event
D/wpa_supplicant( 3563): RTM_NEWLINK: operstate=0 ifi_flags=0x11003 ([UP][LOWER_UP])
D/wpa_supplicant( 3563): RTM_NEWLINK, IFLA_IFNAME: Interface 'wlan0' added
D/wpa_supplicant( 3563): nl80211: if_removed already cleared - ignore event
D/dalvikvm( 3566): new thread created
D/dalvikvm( 3566): update thread list
D/dalvikvm( 3566): threadid=11: interp stack at 0x556ba000
D/dalvikvm( 3566): threadid=11: created from interp
D/dalvikvm( 3566): start new thread
D/NetdConnector( 1476): RCV <- {600 Iface linkstate wlan0 up}
D/Tethering( 1476): interfaceLinkStateChanged wlan0, true
D/Tethering( 1476): interfaceStatusChanged wlan0, true
D/Tethering( 1476): interfaceLinkStateChanged wlan0, true
D/Tethering( 1476): interfaceStatusChanged wlan0, true
D/ACRA ( 3566): ACRA is enabled for cm.aptoide.pt, intializing...
D/dalvikvm( 3566): threadid=11: notify debugger
D/dalvikvm( 3566): threadid=11 (SharedPreferencesImpl-load): calling run()
D/IPCThreadState( 1476): [DN #5] BR_CLEAR_DEATH_NOTIFICATION_DONE cookie 0x5c6f6b20
D/dalvikvm( 3566): threadid=11: exiting
D/dalvikvm( 3566): threadid=11: bye!
D/IPCThreadState( 1476): [DN #5] BR_CLEAR_DEATH_NOTIFICATION_DONE cookie 0x5c6f6b78
D/IPCThreadState( 1476): [DN #5] BR_CLEAR_DEATH_NOTIFICATION_DONE cookie 0x5c6f6bd0
D/ACRA ( 3566): Looking for error files in /data/data/cm.aptoide.pt/files
D/ACRA ( 3566): Looking for error files in /data/data/cm.aptoide.pt/files
D/dalvikvm( 3566): create interp thread : stack size=32KB
D/dalvikvm( 3566): create new thread
D/dalvikvm( 3566): new thread created
D/dalvikvm( 3566): update thread list
D/dalvikvm( 3566): threadid=11: interp stack at 0x556ba000
D/dalvikvm( 3566): threadid=11: created from interp
D/dalvikvm( 3566): start new thread
D/dalvikvm( 3566): threadid=11: notify debugger
D/dalvikvm( 3566): threadid=11 (SharedPreferencesImpl-load): calling run()
D/dalvikvm( 3566): threadid=11: exiting
D/dalvikvm( 3566): threadid=11: bye!
D/IPCThreadState( 1476): [DN #5] BR_CLEAR_DEATH_NOTIFICATION_DONE cookie 0x561ed3e0
D/IPCThreadState( 1476): [DN #5] BR_CLEAR_DEATH_NOTIFICATION_DONE cookie 0x5c700300
D/WindowManager( 1476): interceptKeyTq keycode=82 screenIsOn=true keyguardActive=false policyFlags = #2000100 down =true canceled = false isWakeKey=false
D/PhoneInterfaceManager( 1818): state = IDLE
D/AudioYusuHardware( 110): +getParameters
D/AudioYusuHardware( 110): +getParameters mFmStatus:0, mFmDigitalInStatus:0
D/AudioYusuHardware( 110): MT66xx Get_FMPower_info
E/AudioYusuHardware( 110): open /proc/fm error fd = -1
D/AudioYusuHardware( 110): +getParameters Get_FMPower_info():0
D/AudioYusuHardware( 110): MT66xx Get_FMPower_info
E/AudioYusuHardware( 110): open /proc/fm error fd = -1
D/AudioYusuHardware( 110): -getParameters() GetFmEnable=false
D/AudioManager( 1476): isFmActive GetFmEnable=false
V/Provider/Settings( 1476): get setting for user -2 by user 0 so skipping cache
V/SettingsProvider( 1476): access setting for user 0
D/SettingsProvider( 1476): call request for 0
V/SettingsProvider( 1476): call(system:haptic_feedback_enabled) for 0
D/SettingsProvider( 1476): lookupValue table system cache contains Key haptic_feedback_enabled , value = Bundle[{value=1}]
V/Provider/Settings( 1476): from db cache, name = haptic_feedback_enabled , value = 1
I/Provider/Settings( 1476): call-query of user -2 by 0 so not updating cache
D/PowerManagerService( 1476): acquireWakeLockInternal: lock=1099585056, flags=0x1, tag="*vibrator*", ws={WorkSource: uids=[1000]}, uid=1000, pid=1476
D/PowerManagerService( 1476): updateWakeLockSummaryLocked: mWakefulness=Awake, mWakeLockSummary=0x1
D/PowerManagerService( 1476): newScreenState = 2
D/PowerManagerDisplayController( 1476): requestPowerState: screenState=2, useProximitySensor=false, screenBrightness=204, screenAutoBrightnessAdjustment=0.0, useAutoBrightness=false, useEcoBrightness=false, blockScreenOn=false, waitForNegativeProximity=false
I/PowerManagerService( 1476): setBrightness mButtonLight 0.
D/PowerManagerService( 1476): updateScreenStateLocked: mDisplayReady=true, newScreenState=2, mWakefulness=1, mWakeLockSummary=0x1, mUserActivitySummary=0x1, mBootCompleted=true
D/dalvikvm( 1476): create interp thread : stack size=32KB
D/PowerManagerService( 1476): handleSandman: canDream=true, mWakefulness=Awake
D/dalvikvm( 1476): create new thread
D/dalvikvm( 1476): new thread created
D/dalvikvm( 1476): update thread list
D/dalvikvm( 1476): threadid=87: interp stack at 0x5a023000
D/dalvikvm( 1476): threadid=87: created from interp
D/dalvikvm( 1476): start new thread
D/dalvikvm( 1476): threadid=87: notify debugger
D/dalvikvm( 1476): threadid=87 (Thread-127): calling run()
V/Provider/Settings( 1476): get setting for user -2 by user 0 so skipping cache
V/SettingsProvider( 1476): access setting for user 0
D/SettingsProvider( 1476): call request for 0
V/SettingsProvider( 1476): call(system:haptic_feedback_enabled) for 0
D/SettingsProvider( 1476): lookupValue table system cache contains Key haptic_feedback_enabled , value = Bundle[{value=1}]
V/Provider/Settings( 1476): from db cache, name = haptic_feedback_enabled , value = 1
I/Provider/Settings( 1476): call-query of user -2 by 0 so not updating cache
D/Brand ( 3566): brand_aptoide D/Mature content Switch( 3566): true D/Mature content value( 3566): true
D/Multiple stores( 3566): true
D/Search stores( 3566): true D/Custom editors choice( 3566): false
D/Aptoide theme( 3566): default
D/Market name( 3566): Aptoide
D/AdUnitId( 3566): 18947d9a99e511e295fa123138070049
D/Store Theme( 3566): magalhaes
D/Store avatar( 3566): http://cdn1.aptoide.com/includes/themes/default/images/repo_default_icon.png
D/Store description( 3566): Magalhães Market: free educational apps
D/Store view( 3566): list
D/Store items( 3566): applications,games,top_apps,latest_apps,latest_comments,latest_likes,favorites,recommended
D/PowerManagerService( 1476): releaseWakeLockInternal: lock=1099585056, flags=0x0
D/PowerManagerService( 1476): updateWakeLockSummaryLocked: mWakefulness=Awake, mWakeLockSummary=0x1
D/PowerManagerService( 1476): newScreenState = 2
D/PowerManagerDisplayController( 1476): requestPowerState: screenState=2, useProximitySensor=false, screenBrightness=204, screenAutoBrightnessAdjustment=0.0, useAutoBrightness=false, useEcoBrightness=false, blockScreenOn=false, waitForNegativeProximity=false
I/PowerManagerService( 1476): setBrightness mButtonLight 0.
D/PowerManagerService( 1476): updateScreenStateLocked: mDisplayReady=true, newScreenState=2, mWakefulness=1, mWakeLockSummary=0x1, mUserActivitySummary=0x1, mBootCompleted=true
D/PowerManagerService( 1476): handleSandman: canDream=true, mWakefulness=Awake
D/PowerManagerService( 1476): acquireWakeLockInternal: lock=1099585056, flags=0x1, tag="*vibrator*", ws={WorkSource: uids=[1000]}, uid=1000, pid=1476
D/PowerManagerService( 1476): updateWakeLockSummaryLocked: mWakefulness=Awake, mWakeLockSummary=0x1
D/PowerManagerService( 1476): newScreenState = 2
D/PowerManagerDisplayController( 1476): requestPowerState: screenState=2, useProximitySensor=false, screenBrightness=204, screenAutoBrightnessAdjustment=0.0, useAutoBrightness=false, useEcoBrightness=false, blockScreenOn=false, waitForNegativeProximity=false
I/PowerManagerService( 1476): setBrightness mButtonLight 0.
D/PowerManagerService( 1476): updateScreenStateLocked: mDisplayReady=true, newScreenState=2, mWakefulness=1, mWakeLockSummary=0x1, mUserActivitySummary=0x1, mBootCompleted=true
D/dalvikvm( 1476): create interp thread : stack size=32KB
D/PowerManagerService( 1476): handleSandman: canDream=true, mWakefulness=Awake
D/dalvikvm( 1476): create new thread
D/dalvikvm( 1476): new thread created
D/dalvikvm( 1476): update thread list
D/dalvikvm( 1476): threadid=88: interp stack at 0x5a02b000
D/dalvikvm( 1476): threadid=88: created from interp
D/dalvikvm( 1476): start new thread
D/dalvikvm( 1476): threadid=88: notify debugger
D/PowerManagerService( 1476): userActivityFromNative
D/dalvikvm( 1476): threadid=87: exiting
D/PowerManagerService( 1476): userActivityNoUpdateLocked: eventTime=299762, event=1, flags=0x0, uid=1000
D/PowerManagerNotifier( 1476): onUserActivity: event=1, uid=1000
D/dalvikvm( 1476): threadid=87: bye!
D/PowerManagerService( 1476): updateUserActivitySummaryLocked: mWakefulness=Awake, mUserActivitySummary=0x5, nextTimeout=307762 (in 7968 ms)
D/PowerManagerService( 1476): newScreenState = 2
D/PowerManagerDisplayController( 1476): requestPowerState: screenState=2, useProximitySensor=false, screenBrightness=204, screenAutoBrightnessAdjustment=0.0, useAutoBrightness=false, useEcoBrightness=false, blockScreenOn=false, waitForNegativeProximity=false
D/LightsService( 1476): setLight_native: light=2, colorARGB=0xffcccccc, flashMode=0, onMS=0, offMS=0, brightnessMode=0
D/lights ( 1476): write_int open fd=263
D/dalvikvm( 1476): threadid=88 (Thread-128): calling run()
D/IPCThreadState( 1476): [DN #5] BR_CLEAR_DEATH_NOTIFICATION_DONE cookie 0x5a680ea8
I/PowerManagerService( 1476): setBrightness mButtonLight, screenBrightness=204
D/PowerManagerService( 1476): updateScreenStateLocked: mDisplayReady=true, newScreenState=2, mWakefulness=1, mWakeLockSummary=0x1, mUserActivitySummary=0x5, mBootCompleted=true
D/WindowManager( 1476): interceptKeyTi keyCode=82 down=true repeatCount=0 keyguardOn=false mHomePressed=false canceled=false
D/PowerManagerService( 1476): handleSandman: canDream=true, mWakefulness=Awake
D/Launcher( 1939): Launcher, dispatchKeyEvent: keyEvent = KeyEvent { action=ACTION_DOWN, keyCode=KEYCODE_MENU, scanCode=139, metaState=0, flags=0x48, repeatCount=0, eventTime=299762, downTime=299762, deviceId=3, source=0x101 }
D/Launcher( 1939): Launcher, onKeyDown: KeyCode = 82, KeyEvent = KeyEvent { action=ACTION_DOWN, keyCode=KEYCODE_MENU, scanCode=139, metaState=0, flags=0x48, repeatCount=0, eventTime=299762, downTime=299762, deviceId=3, source=0x101 }, uniChar = 0, handled = false, isKeyNotWhitespace = false
D/IPCThreadState( 1476): [DN #5] BR_CLEAR_DEATH_NOTIFICATION_DONE cookie 0x5c6ff798
D/IPCThreadState( 1476): [DN #5] BR_CLEAR_DEATH_NOTIFICATION_DONE cookie 0x5a8cd900
D/IPCThreadState( 1476): [DN #5] BR_CLEAR_DEATH_NOTIFICATION_DONE cookie 0x54a181c0
D/IPCThreadState( 1476): [DN #5] BR_CLEAR_DEATH_NOTIFICATION_DONE cookie 0x57a06570
V/Aptoide-ManagerPreferences( 3566): gotSharedPreferences: aptoide_preferences
D/PowerManagerService( 1476): releaseWakeLockInternal: lock=1099585056, flags=0x0
D/PowerManagerService( 1476): updateWakeLockSummaryLocked: mWakefulness=Awake, mWakeLockSummary=0x1
D/PowerManagerService( 1476): newScreenState = 2
D/PowerManagerDisplayController( 1476): requestPowerState: screenState=2, useProximitySensor=false, screenBrightness=204, screenAutoBrightnessAdjustment=0.0, useAutoBrightness=false, useEcoBrightness=false, blockScreenOn=false, waitForNegativeProximity=false
I/PowerManagerService( 1476): setBrightness mButtonLight, screenBrightness=204
