D/dalvikvm( 3297): threadid=12: bye!
I/StagefrightMediaScanner( 1805): StagefrightMediaScanner Constructor
D/SettingsProvider( 1476): lookupValue table system cache contains Key next_alarm_formatted , value = Bundle[{value=}]
V/MediaScanner( 1805): setDefaultRingtoneFileNames: ringtone=Backroad.ogg,notification=Proxima.ogg,alarm=Alarm_Classic.ogg
V/Provider/Settings( 1730): from db cache, name = next_alarm_formatted , value =
I/Provider/Settings( 1730): call-query of user -2 by 0 so not updating cache
V/MediaScanner( 1805): prescan>>>filePath=null,prescanFiles=true
V/Provider/Settings( 1476): from settings cache , name = sys_free_storage_log_interval , value = null
V/Provider/Settings( 1476): from settings cache , name = disk_free_change_reporting_threshold , value = null
D/wpa_supplicant( 3563): EAPOL: disable timer tick
D/wpa_supplicant( 3563): EAPOL: Supplicant port status: Unauthorized
D/wpa_supplicant( 3563): wlan0: State: DISCONNECTED -> SCANNING
D/wpa_supplicant( 3563): CTRL_IFACE monitor send
D/wpa_supplicant( 3563): 2f646174612f6d6973632f776966692f736f636b6574732f7770615f6374726c5f313437362d313400
D/wpa_supplicant( 3563): wlan0: Starting AP scan for wildcard SSID
D/wpa_supplicant( 3563): WPS: Building WPS IE for Probe Request
D/wpa_supplicant( 3563): WPS: * Version (hardcoded 0x10)
D/wpa_supplicant( 3563): WPS: * Request Type
D/wpa_supplicant( 3563): WPS: * Config Methods (4388)
D/wpa_supplicant( 3563): WPS: * UUID-E
D/wpa_supplicant( 3563): WPS: * Primary Device Type
D/wpa_supplicant( 3563): WPS: * RF Bands (1)
D/wpa_supplicant( 3563): WPS: * Association State
D/wpa_supplicant( 3563): WPS: * Configuration Error (0)
D/wpa_supplicant( 3563): WPS: * Device Password ID (0)
D/wpa_supplicant( 3563): WPS: * Manufacturer
D/wpa_supplicant( 3563): WPS: * Model Name
D/wpa_supplicant( 3563): WPS: * Model Number
D/wpa_supplicant( 3563): WPS: * Device Name
D/wpa_supplicant( 3563): WPS: * Version2 (0x20)
D/wpa_supplicant( 3563): P2P: * P2P IE header
D/wpa_supplicant( 3563): P2P: * Capability dev=24 group=00
D/wpa_supplicant( 3563): P2P: * Listen Channel: Regulatory Class 81 Channel 1
D/WifiCommon( 1476): [wlan0]GET "CTRL-EVENT-STATE-CHANGE id=-1 state=3 BSSID=00:00:00:00:00:00 SSID="
D/wpa_supplicant( 3563): Scan requested (ret=0) - scan timeout 30 seconds
D/wpa_supplicant( 3563): nl80211: Event message available
D/wpa_supplicant( 3563): nl80211: Scan trigger
D/StateMachine( 1476): handleMessage: E msg.what=147462
D/StateMachine( 1476): processMsg: DisconnectedState
D/WifiStateMachine( 1476): DisconnectedState{ what=147462 when=-1ms obj=android.net.wifi.StateChangeResult@41a5d5d0 target=Handler (com.android.internal.util.StateMachine$SmHandler) {41600490} }
D/WifiStateMachine( 1476): setDetailed state, old =DISCONNECTED and new state=SCANNING
D/StateMachine( 1476): processMsg: ConnectModeState
D/WifiStateMachine( 1476): ConnectModeState{ what=147462 when=-2ms obj=android.net.wifi.StateChangeResult@41a5d5d0 target=Handler (com.android.internal.util.StateMachine$SmHandler) {41600490} }
D/StateMachine( 1476): handleMessage: X
V/ActivityManager( 1476): Broadcast sticky: Intent { act=android.net.wifi.supplicant.STATE_CHANGE flg=0x28000010 (has extras) } ordered=false userid=-1
I/SurfaceTextureClient( 1730): [STC::queueBuffer] (this:0x55df9fe8) fps:2.00, dur:1499.43, max:585.79, min:414.03
I/BufferQueue( 106): [StatusBar](this:0x419c99c8,api:1) [queue] fps:2.00, dur:1499.14, max:587.08, min:412.39
D/IPCThreadState( 1476): [DN #5] BR_CLEAR_DEATH_NOTIFICATION_DONE cookie 0x591622e0
D/wpa_supplicant( 3563): nl80211: Event message available
D/wpa_supplicant( 3563): nl80211: New scan results available
D/wpa_supplicant( 3563): wlan0: Event SCAN_RESULTS (3) received
D/wpa_supplicant( 3563): nl80211: Received scan results (12 BSSes)
D/wpa_supplicant( 3563): nl80211: Survey data missing
E/wpa_supplicant( 3563): Sorted scan results
E/wpa_supplicant( 3563): 4e:22:a1:19:ee:10 freq=2412 qual=0 noise=0 level=-30 flags=0xb
E/wpa_supplicant( 3563): IEs
E/wpa_supplicant( 3563): 000746726565646d62010882848b961224486c0301012a010432040c1830602d1a6e1017ffff0000010000000000000000000000000000000000003d16010507000000000000000000000000000000000000003e0100dd160050f20101000050f20401000050f20401000050f202dd180050f2020101000003a4000027a4000042435e0062322f007f0101dd07000c4300000000dd1e00904c336e1017ffff000001000000000000000000000000000000000000dd1a00904c3401050700000000000000000000000000000000000000
E/wpa_supplicant( 3563): 4e:22:a1:19:ee:11 freq=2412 qual=0 noise=0 level=-31 flags=0xb
E/wpa_supplicant( 3563): IEs
E/wpa_supplicant( 3563): 0000010882848b961224486c03010132040c1830603308200102030405060733082105060708090a0b0504000100002a01042d1a6e1017ffff0000010000000000000000000000000000000000003d16010507000000000000000000000000000000000000007f010130140100000fac040100000fac040100000fac020000dd180050f2020101000003a4000027a4000042435e0062322f000b0501001c127add1e00904c336e1017ffff000001000000000000000000000000000000000000dd1a00904c3401050700000000000000000000000000000000000000dd07000c4300000000
E/wpa_supplicant( 3563): 4e:22:a1:19:ee:13 freq=2412 qual=0 noise=0 level=-31 flags=0xb
E/wpa_supplicant( 3563): IEs
E/wpa_supplicant( 3563): 000f46726565576966695f736563757265010882848b961224486c0301012a010432040c1830602d1a6e1017ffff0000010000000000000000000000000000000000003d16010507000000000000000000000000000000000000003e0100dd160050f20101000050f20401000050f20401000050f201dd180050f2020101000003a4000027a4000042435e0062322f007f0101dd07000c4300000000dd1e00904c336e1017ffff000001000000000000000000000000000000000000dd1a00904c3401050700000000000000000000000000000000000000
E/wpa_supplicant( 3563): a2:a1:d7:73:ff:fb freq=2462 qual=0 noise=0 level=-79 flags=0xb
E/wpa_supplicant( 3563): IEs
E/wpa_supplicant( 3563): 000f5346522057694669204d6f62696c65010882848b962430486c03010b2a01002f010030140100000fac040100000fac040100000fac010c0032040c121860dd090010180200f02c0000dd180050f2020101000003a4000027a4000042435e0062322f00
E/wpa_supplicant( 3563): e0:a1:d7:73:ff:f8 freq=2462 qual=0 noise=0 level=-79 flags=0xb
E/wpa_supplicant( 3563): IEs
E/wpa_supplicant( 3563): 00104d494348454c45542053455256494345010882848b962430486c03010b2a01002f010030180100000fac020200000fac04000fac020100000fac020c0032040c121860dd840050f204104a00011010440001021041000100103b00010310470010d96c7efc2f8938f1efbd6e5148bfa812102100044e4555461023000a4e42342d5345522d72321024000a4e42342d5345522d72321042000c4530413144373733464646341054000800060050f2040001101100094e4555465f46464634100800020084103c000101dd090010180200f02c0000dd1c0050f20101000050f20202000050f2040050f20201000050f2020c00dd180050f2020101000003a4000027a4000042435e0062322f00
E/wpa_supplicant( 3563): f4:ca:e5:96:cb:fa freq=2462 qual=0 noise=0 level=-81 flags=0xb
E/wpa_supplicant( 3563): IEs
E/wpa_supplicant( 3563): 000f46726565576966695f736563757265010882848b960c12182403010b2a010432043048606c30180100000fac020200000fac04000fac020100000fac010c002d1a6c0003ffffff00010000000000000001000000000000000000003d160b000000000000000000000000000000000000000000dd180050f2020101000003a4000027a4000042435e0062322f00
E/wpa_supplicant( 3563): f4:ca:e5:96:cb:f8 freq=2462 qual=0 noise=0 level=-81 flags=0xb
E/wpa_supplicant( 3563): IEs
E/wpa_supplicant( 3563): 000e46726565626f782d354430414342010882848b960c12182403010b2a010432043048606cdd160050f20101000050f20401000050f20401000050f2022d1a6c0003ffffff00010000000000000001000000000000000000003d160b000700000000000000000000000000000000000000dd180050f2020101000003a4000027a4000042435e0062322f00
E/wpa_supplicant( 3563): f4:ca:e5:e6:01:62 freq=2452 qual=0 noise=0 level=-82 flags=0xb
E/wpa_supplicant( 3563): IEs
E/wpa_supplicant( 3563): 000f46726565576966695f736563757265010882848b960c1218240301092a010432043048606c30180100000fac020200000fac04000fac020100000fac010c002d1a6c0003ffffff00010000000000000001000000000000000000003d1609000000000000000000000000000000000000000000dd180050f2020101000003a4000027a4000042435e0062322f00
E/wpa_supplicant( 3563): f4:ca:e5:e6:01:60 freq=2452 qual=0 noise=0 level=-82 flags=0xb
E/wpa_supplicant( 3563): IEs
E/wpa_supplicant( 3563): 000e46726565626f782d343635363344010882848b960c1218240301090504010200002a010432043048606cdd160050f20101000050f20401000050f20401000050f2022d1a6c0003ffffff00010000000000000001000000000000000000003d1609001700000000000000000000000000000000000000dd180050f2020101000003a4000027a4000042435e0062322f00
E/wpa_supplicant( 3563): 4e:22:a1:19:ee:12 freq=2412 qual=0 noise=0 level=-30 flags=0xb
E/wpa_supplicant( 3563): IEs
E/wpa_supplicant( 3563): 00084672656557696669010882848b961224486c0301012a010432040c1830602d1a6e1017ffff0000010000000000000000000000000000000000003d16010507000000000000000000000000000000000000003e0100dd180050f2020101000003a4000027a4000042435e0062322f007f0101dd07000c4300000000dd1e00904c336e1017ffff000001000000000000000000000000000000000000dd1a00904c3401050700000000000000000000000000000000000000
E/wpa_supplicant( 3563): a2:a1:d7:73:ff:f9 freq=2462 qual=0 noise=0 level=-79 flags=0xb
E/wpa_supplicant( 3563): IEs
E/wpa_supplicant( 3563): 000c534652205769466920464f4e010882848b962430486c03010b2a01002f010032040c121860dd090010180200f02c0000dd180050f2020101000003a4000027a4000042435e0062322f00
E/wpa_supplicant( 3563): f4:ca:e5:96:cb:f9 freq=2462 qual=0 noise=0 level=-81 flags=0xb
E/wpa_supplicant( 3563): IEs
E/wpa_supplicant( 3563): 00084672656557696669010882848b960c12182403010b0504010200002a010432043048606c2d1a6c0003ffffff00010000000000000001000000000000000000003d160b000000000000000000000000000000000000000000dd180050f2020101000003a4000027a4000042435e0062322f00
D/wpa_supplicant( 3563): wlan0: BSS: Start scan result update 2
D/wpa_supplicant( 3563): BSS: last_scan_res_used=12/32 last_scan_full=0
E/wpa_supplicant( 3563): Add randomness: count=13 entropy=1
E/wpa_supplicant( 3563): Add randomness: count=14 entropy=2
E/wpa_supplicant( 3563): Add randomness: count=15 entropy=3
E/wpa_supplicant( 3563): Add randomness: count=16 entropy=4
E/wpa_supplicant( 3563): Add randomness: count=17 entropy=5
E/wpa_supplicant( 3563): Add randomness: count=18 entropy=6
E/wpa_supplicant( 3563): Add randomness: count=19 entropy=7
E/wpa_supplicant( 3563): Add randomness: count=20 entropy=8
E/wpa_supplicant( 3563): Add randomness: count=21 entropy=9
E/wpa_supplicant( 3563): Add randomness: count=22 entropy=10
D/wpa_supplicant( 3563): wlan0: New scan results available
D/wpa_supplicant( 3563): CTRL_IFACE monitor send
D/wpa_supplicant( 3563): 2f646174612f6d6973632f776966692f736f636b6574732f7770615f6374726c5f313437362d313400
D/wpa_supplicant( 3563): CTRL_IFACE monitor send
D/wpa_supplicant( 3563): 2f646174612f6d6973632f776966692f736f636b6574732f7770615f6374726c5f313437362d313400
D/wpa_supplicant( 3563): WPS: AP e0:a1:d7:73:ff:f8 type 0 added
D/wpa_supplicant( 3563): WPS: AP[0] e0:a1:d7:73:ff:f8 type=0 tries=0 last_attempt=-1 sec ago blacklist=0
D/wpa_supplicant( 3563): wlan0: Selecting BSS from priority group 40
D/wpa_supplicant( 3563): wlan0: 0: 4e:22:a1:19:ee:10 ssid='Freedmb' wpa_ie_len=22 rsn_ie_len=0 caps=0x411 level=-30
D/wpa_supplicant( 3563): wlan0: skip - SSID mismatch
D/wpa_supplicant( 3563): wlan0: 1: 4e:22:a1:19:ee:11 ssid='' wpa_ie_len=0 rsn_ie_len=20 caps=0x411 level=-31
D/wpa_supplicant( 3563): wlan0: skip - SSID not known
D/wpa_supplicant( 3563): wlan0: 2: 4e:22:a1:19:ee:13 ssid='FreeWifi_secure' wpa_ie_len=22 rsn_ie_len=0 caps=0x411 level=-31
D/wpa_supplicant( 3563): wlan0: skip - blacklisted (count=2 limit=0)
D/wpa_supplicant( 3563): wlan0: 3: a2:a1:d7:73:ff:fb ssid='SFR WiFi Mobile' wpa_ie_len=0 rsn_ie_len=20 caps=0x11 level=-79
D/wpa_supplicant( 3563): wlan0: skip - SSID mismatch
D/wpa_supplicant( 3563): wlan0: 4: e0:a1:d7:73:ff:f8 ssid='MICHELET SERVICE' wpa_ie_len=28 rsn_ie_len=24 caps=0x411 level=-79 wps
D/wpa_supplicant( 3563): wlan0: skip - SSID mismatch
D/wpa_supplicant( 3563): wlan0: 5: f4:ca:e5:96:cb:fa ssid='FreeWifi_secure' wpa_ie_len=0 rsn_ie_len=24 caps=0x411 level=-81
D/wpa_supplicant( 3563): wlan0: selected based on RSN IE
D/wpa_supplicant( 3563): wlan0: selected BSS f4:ca:e5:96:cb:fa ssid='FreeWifi_secure' freq=2462
D/wpa_supplicant( 3563): wlan0: Request association: reassociate: 1 selected: f4:ca:e5:96:cb:fa bssid: 00:00:00:00:00:00 pending: 00:00:00:00:00:00 wpa_state: SCANNING freq: 2462
I/wpa_supplicant( 3563): wlan0: Trying to associate with f4:ca:e5:96:cb:fa (SSID='FreeWifi_secure' freq=2462 MHz)
D/wpa_supplicant( 3563): CTRL_IFACE monitor send
D/wpa_supplicant( 3563): 2f646174612f6d6973632f776966692f736f636b6574732f7770615f6374726c5f313437362d313400
D/wpa_supplicant( 3563): wlan0: Cancelling scan request
D/wpa_supplicant( 3563): wlan0: WPA: clearing own WPA/RSN IE
D/wpa_supplicant( 3563): wlan0: Automatic auth_alg selection: 0x1
D/wpa_supplicant( 3563): RSN: PMKSA cache search - network_ctx=0x0 try_opportunistic=0
D/wpa_supplicant( 3563): RSN: Search for BSSID f4:ca:e5:96:cb:fa
D/wpa_supplicant( 3563): RSN: No PMKSA cache entry found
D/wpa_supplicant( 3563): wlan0: RSN: using IEEE 802.11i/D9.0
D/wpa_supplicant( 3563): wlan0: WPA: Selected cipher suites: group 8 pairwise 24 key_mgmt 1 proto 2
D/wpa_supplicant( 3563): wlan0: WPA: clearing AP WPA IE
D/wpa_supplicant( 3563): WPA: set AP RSN IE
D/wpa_supplicant( 3563): 30180100000fac020200000fac04000fac020100000fac010c00
D/wpa_supplicant( 3563): wlan0: WPA: using GTK TKIP
D/wpa_supplicant( 3563): wlan0: WPA: using PTK CCMP
D/wpa_supplicant( 3563): wlan0: WPA: using KEY_MGMT 802.1X
D/wpa_supplicant( 3563): WPA: Set own WPA IE default
D/wpa_supplicant( 3563): 30140100000fac020100000fac040100000fac010000
D/wpa_supplicant( 3563): wlan0: No keys have been configured - skip key clearing
D/wpa_supplicant( 3563): wlan0: State: SCANNING -> ASSOCIATING
D/wpa_supplicant( 3563): wpa_driver_nl80211_set_operstate: operstate 0->0 (DORMANT)
D/wpa_supplicant( 3563): netlink: Operstate: linkmode=-1, operstate=5
D/wpa_supplicant( 3563): CTRL_IFACE monitor send
D/wpa_supplicant( 3563): 2f646174612f6d6973632f776966692f736f636b6574732f7770615f6374726c5f313437362d313400
D/wpa_supplicant( 3563): bss->freq (2462)
D/wpa_supplicant( 3563): Limit connection to BSSID f4:ca:e5:96:cb:fa freq=2462 MHz based on scan results (bssid_set=0)
D/wpa_supplicant( 3563): nl80211: Get shared freq for PHY phy0
D/wpa_supplicant( 3563): nl80211: drv phyname phy0
D/wpa_supplicant( 3563): nl80211: drv 0x414106a0 driver 0x41423af0
D/wpa_supplicant( 3563): nl80211: driver phyname phy0
D/wpa_supplicant( 3563): nl80211: driver associated 0 assoc_freq 0
D/wpa_supplicant( 3563): nl80211: driver is_ap_interface nlmode 2 first_bss.freq 0
D/wpa_supplicant( 3563): nl80211: drv 0x414106a0 driver 0x414106a0
D/wpa_supplicant( 3563): nl80211: driver phyname phy0
D/wpa_supplicant( 3563): nl80211: driver associated 0 assoc_freq 0
D/wpa_supplicant( 3563): nl80211: driver is_ap_interface nlmode 2 first_bss.freq 0
D/wpa_supplicant( 3563): nl80211: No shared interface for PHY (phy0) in associated state
D/wpa_supplicant( 3563): drv_flags 0x10240c0, shared_freq 0, assoc_freq 2462
D/wpa_supplicant( 3563): nl80211: Set mode ifindex 8 iftype 2 (STATION)
D/wpa_supplicant( 3563): nl80211: Unsubscribe mgmt frames handle 0x41410968 (mode change)
D/wpa_supplicant( 3563): nl80211: Subscribe to mgmt frames with non-AP handle 0x41410968
D/wpa_supplicant( 3563): nl80211: Register frame type=0xd0 nl_handle=0x41410968
D/wpa_supplicant( 3563): nl80211: Register frame match
D/wpa_supplicant( 3563): 040a
D/wpa_supplicant( 3563): nl80211: Register frame type=0xd0 nl_handle=0x41410968
D/wpa_supplicant( 3563): nl80211: Register frame match
D/wpa_supplicant( 3563): 040b
D/wpa_supplicant( 3563): nl80211: Register frame type=0xd0 nl_handle=0x41410968
D/wpa_supplicant( 3563): nl80211: Register frame match
D/wpa_supplicant( 3563): 040c
D/wpa_supplicant( 3563): nl80211: Register frame type=0xd0 nl_handle=0x41410968
D/wpa_supplicant( 3563): nl80211: Register frame match
D/wpa_supplicant( 3563): 040d
D/wpa_supplicant( 3563): nl80211: Register frame type=0xd0 nl_handle=0x41410968
D/wpa_supplicant( 3563): nl80211: Register frame match
D/wpa_supplicant( 3563): 0409506f9a09
D/wpa_supplicant( 3563): nl80211: Register frame type=0xd0 nl_handle=0x41410968
D/wpa_supplicant( 3563): nl80211: Register frame match
D/wpa_supplicant( 3563): 7f506f9a09
D/wpa_supplicant( 3563): nl80211: Register frame type=0xd0 nl_handle=0x41410968
D/wpa_supplicant( 3563): nl80211: Register frame match
D/wpa_supplicant( 3563): 06
D/wpa_supplicant( 3563): nl80211: Register frame type=0xd0 nl_handle=0x41410968
D/wpa_supplicant( 3563): nl80211: Register frame match
D/wpa_supplicant( 3563): 0a07
D/wpa_supplicant( 3563): nl80211: Connect (ifindex=8)
D/wpa_supplicant( 3563): * bssid=f4:ca:e5:96:cb:fa
D/wpa_supplicant( 3563): * freq=2462
D/wpa_supplicant( 3563): * SSID - hexdump(len=15): 46 72 65 65 57 69 66 69 5f 73 65 63 75 72 65
D/wpa_supplicant( 3563): * IEs
D/wpa_supplicant( 3563): 30140100000fac020100000fac040100000fac010000
D/wpa_supplicant( 3563): * Auth Type 0
D/wpa_supplicant( 3563): * WPA Versions 0x2
D/wpa_supplicant( 3563): * CIPHER 1027076
D/wpa_supplicant( 3563): * GROUP CIPHER 1027074
D/WifiCommon( 1476): [wlan0]GET "CTRL-EVENT-SCAN-RESULTS "
D/WifiCommon( 1476): [wlan0]GET "WPS-AP-AVAILABLE "
D/WifiCommon( 1476): [wlan0]GET "Trying to associate with f4:ca:e5:96:cb:fa (SSID='FreeWifi_secure' freq=2462 MHz)"
D/WifiCommon( 1476): [wlan0]GET "CTRL-EVENT-STATE-CHANGE id=-1 state=5 BSSID=00:00:00:00:00:00 SSID="
D/StateMachine( 1476): handleMessage: E msg.what=147461
D/StateMachine( 1476): processMsg: DisconnectedState
D/WifiStateMachine( 1476): DisconnectedState{ what=147461 when=-1ms target=Handler (com.android.internal.util.StateMachine$SmHandler) {41600490} }
D/StateMachine( 1476): processMsg: ConnectModeState
D/WifiStateMachine( 1476): ConnectModeState{ what=147461 when=-1ms target=Handler (com.android.internal.util.StateMachine$SmHandler) {41600490} }
D/WifiNative-wlan0( 1476): doBoolean: AP_SCAN 1
D/WifiCommon( 1476): [wlan0] SET "AP_SCAN 1"
I/BufferQueue( 106): [StatusBar](this:0x419c99c8,api:1) [release] fps:2.12, dur:1416.64, max:500.02, min:416.66
I/SurfaceTextureClient( 106): [STC::queueBuffer] (this:0x41574710) fps:3.41, dur:1466.59, max:500.03, min:50.05
I/BufferQueue( 106): [FramebufferSurface](this:0x41573c08,api:1) [release] fps:3.41, dur:1466.62, max:500.06, min:50.02
I/BufferQueue( 106): [FramebufferSurface](this:0x41573c08,api:1) [queue] fps:3.41, dur:1466.62, max:500.09, min:50.00
I/SurfaceFlinger( 106): [SurfaceFlinger] fps:3.409171,dur:1466.63,max:500.12,min:49.98
D/wpa_supplicant( 3563): nl80211: Connect request send successfully
D/wpa_supplicant( 3563): wlan0: Setting authentication timeout: 10 sec 0 usec
D/wpa_supplicant( 3563): EAPOL: External notification - EAP success=0
D/wpa_supplicant( 3563): EAPOL: Supplicant port status: Unauthorized
D/wpa_supplicant( 3563): EAPOL: External notification - EAP fail=0
D/wpa_supplicant( 3563): EAPOL: Supplicant port status: Unauthorized
D/wpa_supplicant( 3563): EAPOL: External notification - portControl=Auto
D/wpa_supplicant( 3563): EAPOL: Supplicant port status: Unauthorized
D/wpa_supplicant( 3563): RSN: Ignored PMKID candidate without preauth flag
D/wpa_supplicant( 3563): RSN: Ignored PMKID candidate without preauth flag
D/wpa_supplicant( 3563): RX ctrl_iface - hexdump(len=9): 41 50 5f 53 43 41 4e 20 31
D/wpa_supplicant( 3563): wlan0: Control interface command 'AP_SCAN 1'
D/StateMachine( 1476): processMsg: DriverStartedState
D/WifiStateMachine( 1476): DriverStartedState{ what=147461 when=-80ms target=Handler (com.android.internal.util.StateMachine$SmHandler) {41600490} }
D/StateMachine( 1476): processMsg: SupplicantStartedState
D/WifiStateMachine( 1476): SupplicantStartedState{ what=147461 when=-80ms target=Handler (com.android.internal.util.StateMachine$SmHandler) {41600490} }
D/WifiNative-wlan0( 1476): doString: BSS RANGE=ALL MASK=0x1986
D/WifiCommon( 1476): [wlan0] SET "BSS RANGE=ALL MASK=0x1986"
D/wpa_supplicant( 3563): RX ctrl_iface - hexdump(len=25): 42 53 53 20 52 41 4e 47 45 3d 41 4c 4c 20 4d 41 53 4b 3d 30 78 31 39 38 36
D/wpa_supplicant( 3563): wlan0: Control interface command 'BSS RANGE=ALL MASK=0x1986'
I/wifi ( 1476): bssid=4e:22:a1:19:ee:10
I/wifi ( 1476): freq=2412
I/wifi ( 1476): level=-30
I/wifi ( 1476): tsf=1380452158345046
I/wifi ( 1476): flags=[WPA-PSK-CCMP][ESS]
I/wifi ( 1476): ssid=Freedmb
I/wifi ( 1476): ====
I/wifi ( 1476): bssid=4e:22:a1:19:ee:13
I/wifi ( 1476): freq=2412
I/wifi ( 1476): level=-31
I/wifi ( 1476): tsf=1380452158345061
I/wifi ( 1476): flags=[WPA-EAP-CCMP][ESS]
I/wifi ( 1476): ssid=FreeWifi_secure
I/wifi ( 1476): ====
I/wifi ( 1476): bssid=4e:22:a1:19:ee:11
I/wifi ( 1476): freq=2412
I/wifi ( 1476): level=-31
I/wifi ( 1476): tsf=1380452158345066
I/wifi ( 1476): flags=[WPA2-PSK-CCMP][ESS]
I/wifi ( 1476): ssid=
I/wifi ( 1476): ====
I/wifi ( 1476): bssid=a2:a1:d7:73:ff:fb
I/wifi ( 1476): freq=2462
I/wifi ( 1476): level=-79
I/wifi ( 1476): tsf=1380452158345093
I/wifi ( 1476): flags=[WPA2-EAP-CCMP][ESS]
I/wifi ( 1476): ssid=SFR WiFi Mobile
I/wifi ( 1476): ====
I/wifi ( 1476): bssid=e0:a1:d7:73:ff:f8
I/wifi ( 1476): freq=2462
I/wifi ( 1476): level=-79
I/wifi ( 1476): tsf=1380452158345078
I/wifi ( 1476): flags=[WPA-PSK-TKIP+CCMP][WPA2-PSK-TKIP+CCMP][WPS][ESS]
I/wifi ( 1476): ssid=MICHELET SERVICE
I/wifi ( 1476): ====
I/wifi ( 1476): bssid=f4:ca:e5:e6:01:62
I/wifi ( 1476): freq=2452
I/wifi ( 1476): level=-82
I/wifi ( 1476): tsf=1380452158345071
I/wifi ( 1476): flags=[WPA2-EAP-TKIP+CCMP][ESS]
I/wifi ( 1476): ssid=FreeWifi_secure
I/wifi ( 1476): ====
I/wifi ( 1476): bssid=f4:ca:e5:e6:01:60
I/wifi ( 1476): freq=2452
I/wifi ( 1476): level=-82
I/wifi ( 1476): tsf=1380452158345089
I/wifi ( 1476): flags=[WPA-PSK-CCMP][ESS]
I/wifi ( 1476): ssid=Freebox-46563D
I/wifi ( 1476): ====
I/wifi ( 1476): bssid=f4:ca:e5:96:cb:f8
I/wifi ( 1476): freq=2462
I/wifi ( 1476): level=-81
I/wifi ( 1476): tsf=1380452158345106
I/wifi ( 1476): flags=[WPA-PSK-CCMP][ESS]
I/wifi ( 1476): ssid=Freebox-5D0ACB
I/wifi ( 1476): ====
I/wifi ( 1476): bssid=f4:ca:e5:96:cb:fa
I/wifi ( 1476): freq=2462
I/wifi ( 1476): level=-81
I/wifi ( 1476): tsf=1380452158345097
I/wifi ( 1476): flags=[WPA2-EAP-TKIP+CCMP][ESS]
I/wifi ( 1476): ssid=FreeWifi_secure
I/wifi ( 1476): ====
I/wifi ( 1476): bssid=e0:a1:d7:11:72:68
I/wifi ( 1476): freq=2442
I/wifi ( 1476): level=-92
I/wifi ( 1476): tsf=1380452093371760
I/wifi ( 1476): flags=[WPA-PSK-TKIP+CCMP][WPS][ESS]
I/wifi ( 1476): ssid=NEUF_COLLIER
I/wifi ( 1476): ====
I/wifi ( 1476): bssid=4e:22:a1:19:ee:12
I/wifi ( 1476): freq=2412
I/wifi ( 1476): level=-30
I/wifi ( 1476): tsf=1380452158345055
I/wifi ( 1476): flags=[ESS]
I/wifi ( 1476): ssid=FreeWifi
I/wifi ( 1476): ====
I/wifi ( 1476): bssid=a2:a1:d7:73:ff:f9
I/wifi ( 1476): freq=2462
I/wifi ( 1476): level=-79
I/wifi ( 1476): tsf=1380452158345084
I/wifi ( 1476): flags=[ESS]
I/wifi ( 1476): ssid=SFR WiFi FON
I/wifi ( 1476): ====
I/wifi ( 1476): bssid=f4:ca:e5:e6:01:61
I/wifi ( 1476): freq=2452
I/wifi ( 1476): level=-86
I/wifi ( 1476): tsf=1380452093371773
I/wifi ( 1476): flags=[ESS]
I/wifi ( 1476): ssid=FreeWifi
I/wifi ( 1476): ====
I/wifi ( 1476): bssid=f4:ca:e5:96:cb:f9
I/wifi ( 1476): freq=2462
I/wifi ( 1476): level=-81
I/wifi ( 1476): tsf=1380452158345102
I/wifi ( 1476): flags=[ESS]
I/wifi ( 1476): ssid=FreeWifi
I/wifi ( 1476): ====
V/ActivityManager( 1476): Broadcast: Intent { act=android.net.wifi.SCAN_RESULTS flg=0x8000010 } ordered=false userid=-1
D/StateMachine( 1476): handleMessage: X
D/StateMachine( 1476): handleMessage: E msg.what=147462
D/StateMachine( 1476): processMsg: DisconnectedState
I/WifiService( 1476): checkAndSetNotification, state:CONNECTING
D/DefaultWifiExt( 2750): getApOrder(),return 0
D/DefaultWifiExt( 2750): getApOrder(),return 0
D/DefaultWifiExt( 2750): getApOrder(),return 0
D/DefaultWifiExt( 2750): getApOrder(),return 0
D/DefaultWifiExt( 2750): getApOrder(),return 0
D/DefaultWifiExt( 2750): getApOrder(),return 0
D/DefaultWifiExt( 2750): getApOrder(),return 0
D/DefaultWifiExt( 2750): getApOrder(),return 0
D/DefaultWifiExt( 2750): getApOrder(),return 0
D/WifiStateMachine( 1476): DisconnectedState{ what=147462 when=-94ms obj=android.net.wifi.StateChangeResult@41a88e38 target=Handler (com.android.internal.util.StateMachine$SmHandler) {41600490} }
D/WifiStateMachine( 1476): setDetailed state, old =SCANNING and new state=CONNECTING
V/ActivityManager( 1476): Broadcast sticky: Intent { act=android.net.wifi.STATE_CHANGE flg=0x8000010 (has extras) } ordered=false userid=-1
D/StateMachine( 1476): processMsg: ConnectModeState
D/WifiStateTracker( 1476): New state:CONNECTING, mLastState:CONNECTING
D/WifiWatchdogStateMachine( 1476): Network state change CONNECTING
D/WifiWatchdogStateMachine( 1476): Update current BSSID to null
D/WifiWatchdogStateMachine( 1476): NotConnectedState
D/NetworkControllerGemini( 1730): onReceive, intent action is android.net.wifi.STATE_CHANGE
D/NetworkControllerGemini( 1730): updateWifiState: mWifiLevel = 0 mWifiRssi=0 mWifiConnected is false
D/NetworkControllerGemini( 1730): refreshViews(0), DataConnected=false simColorId = 0
D/TelephonyManagerEx( 1730): isNetworkRoaming
D/NetworkControllerGemini( 1730): refreshViews(0) RoamingresId= 2130837933 simColorId = 0
D/NetworkControllerGemini( 1730): refreshViews(0), dataTypeIconId=0
D/SignalClusterViewGemini( 1730): setShowSimIndicator(0), showSimIndicator=false simIndicatorResource = 0
D/SignalClusterViewGemini( 1730): setDataConnected(0), dataConnected=false
D/SignalClusterViewGemini( 1730): setDataNetType3G(0), dataNetType=Type_3G
D/SignalClusterViewGemini( 1730): apply : mShowSimIndicator = false mSimIndicatorResource = 0 mShowSimIndicatorGemini = false mSimIndicatorResourceGemini = 0
D/SignalClusterViewGemini( 1730): apply, mMobileVisible=true mMobileActivityId=0 mMobileTypeId=0 mMobileStrengthId[0] = 2130837950 mMobileStrengthId[1] = 0
D/SettingsProvider( 1476): call request for 0
V/SettingsProvider( 1476): call(system:gprs_connection_sim_setting) for 0
D/SettingsProvider( 1476): lookupValue table system cache contains Key gprs_connection_sim_setting , value = Bundle[{value=0}]
V/Provider/Settings( 1818): from db cache, name = gprs_connection_sim_setting , value = 0
V/Provider/Settings( 1818): from settings cache , name = gprs_connection_sim_setting , value = 0
D/WifiStateMachine( 1476): ConnectModeState{ what=147462 when=-101ms obj=android.net.wifi.StateChangeResult@41a88e38 target=Handler (com.android.internal.util.StateMachine$SmHandler) {41600490} }
D/StateMachine( 1476): handleMessage: X
D/StateMachine( 1476): handleMessage: E msg.what=131131
D/StateMachine( 1476): processMsg: DisconnectedState
D/WifiStateMachine( 1476): DisconnectedState{ what=131131 when=-12ms target=Handler (com.android.internal.util.StateMachine$SmHandler) {41600490} }
D/StateMachine( 1476): processMsg: ConnectModeState
D/WifiStateMachine( 1476): ConnectModeState{ what=131131 when=-12ms target=Handler (com.android.internal.util.StateMachine$SmHandler) {41600490} }
D/StateMachine( 1476): processMsg: DriverStartedState
D/WifiStateMachine( 1476): DriverStartedState{ what=131131 when=-13ms target=Handler (com.android.internal.util.StateMachine$SmHandler) {41600490} }
D/StateMachine( 1476): processMsg: SupplicantStartedState
D/SignalClusterViewGemini( 1730): isSimInserted(0), SimInserted=true
D/WifiStateMachine( 1476): SupplicantStartedState{ what=131131 when=-13ms target=Handler (com.android.internal.util.StateMachine$SmHandler) {41600490} }
D/SignalClusterViewGemini( 1730): mDataNetType =Type_3G resId= 0 simColorId = 0
D/StateMachine( 1476): handleMessage: X
D/SignalClusterViewGemini( 1730): apply, mMobileVisibleGemini=true mMobileActivityIdGemini=0 mMobileTypeIdGemini=0 mMobileStrengthIdGemini[0] = 2130837960 mMobileStrengthIdGemini[1] = 0
V/ActivityManager( 1476): Broadcast sticky: Intent { act=android.net.wifi.supplicant.STATE_CHANGE flg=0x28000010 (has extras) } ordered=false userid=-1
D/SignalClusterViewGemini( 1730): isSimInserted(1), SimInserted=false
D/SignalClusterViewGemini( 1730): apply, mMobileVisible=true, mWifiVisible=false, mIsAirplaneMode=false
D/NetworkControllerGemini( 1730): refreshViews(1), DataConnected=false simColorId = -1
D/TelephonyManagerEx( 1730): isNetworkRoaming
D/NetworkControllerGemini( 1730): refreshViews(1), dataTypeIconId=0
D/SignalClusterViewGemini( 1730): setShowSimIndicator(1), showSimIndicator=false simIndicatorResource = 0
D/SignalClusterViewGemini( 1730): setDataConnected(1), dataConnected=false
D/SignalClusterViewGemini( 1730): setDataNetType3G(1), dataNetType=null
D/SignalClusterViewGemini( 1730): apply : mShowSimIndicator = false mSimIndicatorResource = 0 mShowSimIndicatorGemini = false mSimIndicatorResourceGemini = 0
D/SignalClusterViewGemini( 1730): apply, mMobileVisible=true mMobileActivityId=0 mMobileTypeId=0 mMobileStrengthId[0] = 2130837950 mMobileStrengthId[1] = 0
D/DefaultWifiExt( 2750): getApOrder(),return 0
D/DefaultWifiExt( 2750): getApOrder(),return 0
D/DefaultWifiExt( 2750): getApOrder(),return 0
D/DefaultWifiExt( 2750): getApOrder(),return 0
D/DefaultWifiExt( 2750): getApOrder(),return 0
D/DefaultWifiExt( 2750): getApOrder(),return 0
D/DefaultWifiExt( 2750): getApOrder(),return 0
D/DefaultWifiExt( 2750): getApOrder(),return 0
D/DefaultWifiExt( 2750): getApOrder(),return 0
D/DefaultWifiExt( 2750): getApOrder(),return 0
D/DefaultWifiExt( 2750): getApOrder(),return 0
D/DefaultWifiExt( 2750): getApOrder(),return 0
D/DefaultWifiExt( 2750): getApOrder(),return 0
D/DefaultWifiExt( 2750): getApOrder(),return 0
D/DefaultWifiExt( 2750): getApOrder(),return 0
D/DefaultWifiExt( 2750): getApOrder(),return 0
D/DefaultWifiExt( 2750): getApOrder(),return 0
D/DefaultWifiExt( 2750): getApOrder(),return 0
D/DefaultWifiExt( 2750): getApOrder(),return 0
D/DefaultWifiExt( 2750): getApOrder(),return 0
D/DefaultWifiExt( 2750): getApOrder(),return 0
D/DefaultWifiExt( 2750): getApOrder(),return 0
D/DefaultWifiExt( 2750): getApOrder(),return 0
D/DefaultWifiExt( 2750): getApOrder(),return 0
D/DefaultWifiExt( 2750): getApOrder(),return 0
D/DefaultWifiExt( 2750): getApOrder(),return 0
D/DefaultWifiExt( 2750): getApOrder(),return 0
D/DefaultWifiExt( 2750): getApOrder(),return 0
D/DefaultWifiExt( 2750): getApOrder(),return 0
D/DefaultWifiExt( 2750): getApOrder(),return 0
D/DefaultWifiExt( 2750): getApOrder(),return 0
D/DefaultWifiExt( 2750): getApOrder(),return 0
D/DefaultWifiExt( 2750): getApOrder(),return 0
D/DefaultWifiExt( 2750): getApOrder(),return 0
D/DefaultWifiExt( 2750): getApOrder(),return 0
D/DefaultWifiExt( 2750): getApOrder(),return 0
D/DefaultWifiExt( 2750): getApOrder(),return 0
D/DefaultWifiExt( 2750): getApOrder(),return 0
D/DefaultWifiExt( 2750): getApOrder(),return 0
D/DefaultWifiExt( 2750): getApOrder(),return 0
D/DefaultWifiExt( 2750): getApOrder(),return 0
D/DefaultWifiExt( 2750): getApOrder(),return 0
D/DefaultWifiExt( 2750): getApOrder(),return 0
D/DefaultWifiExt( 2750): getApOrder(),return 0
D/DefaultWifiExt( 2750): getApOrder(),return 0
D/DefaultWifiExt( 2750): getApOrder(),return 0
D/DefaultWifiExt( 2750): getApOrder(),return 0
D/DefaultWifiExt( 2750): getApOrder(),return 0
D/DefaultWifiExt( 2750): getApOrder(),return 0
D/DefaultWifiExt( 2750): getApOrder(),return 0
D/DefaultWifiExt( 2750): getApOrder(),return 0
D/DefaultWifiExt( 2750): getApOrder(),return 0
D/DefaultWifiExt( 2750): getApOrder(),return 0
D/DefaultWifiExt( 2750): getApOrder(),return 0
D/DefaultWifiExt( 2750): getApOrder(),return 0
D/DefaultWifiExt( 2750): getApOrder(),return 0
D/DefaultWifiExt( 2750): getApOrder(),return 0
D/DefaultWifiExt( 2750): getApOrder(),return 0
D/DefaultWifiExt( 2750): getApOrder(),return 0
D/DefaultWifiExt( 2750): getApOrder(),return 0
D/DefaultWifiExt( 2750): getApOrder(),return 0
D/DefaultWifiExt( 2750): getApOrder(),return 0
D/DefaultWifiExt( 2750): getApOrder(),return 0
D/DefaultWifiExt( 2750): getApOrder(),return 0
D/DefaultWifiExt( 2750): getApOrder(),return 0
D/DefaultWifiExt( 2750): getApOrder(),return 0
D/DefaultWifiExt( 2750): getApOrder(),return 0
D/DefaultWifiExt( 2750): getApOrder(),return 0
D/DefaultWifiExt( 2750): getApOrder(),return 0
D/DefaultWifiExt( 2750): getApOrder(),return 0
D/DefaultWifiExt( 2750): getApOrder(),return 0
D/DefaultWifiExt( 2750): getApOrder(),return 0
D/DefaultWifiExt( 2750): getApOrder(),return 0
D/SignalClusterViewGemini( 1730): isSimInserted(0), SimInserted=true
D/DefaultWifiExt( 2750): getApOrder(),return 0
D/DefaultWifiExt( 2750): getApOrder(),return 0
D/DefaultWifiExt( 2750): getApOrder(),return 0
D/DefaultWifiExt( 2750): getApOrder(),return 0
D/SignalClusterViewGemini( 1730): mDataNetType =Type_3G resId= 0 simColorId = 0
D/DefaultWifiExt( 2750): getApOrder(),return 0
D/DefaultWifiExt( 2750): getApOrder(),return 0
D/DefaultWifiExt( 2750): getApOrder(),return 0
D/DefaultWifiExt( 2750): getApOrder(),return 0
D/DefaultWifiExt( 2750): getApOrder(),return 0
D/SignalClusterViewGemini( 1730): apply, mMobileVisibleGemini=true mMobileActivityIdGemini=0 mMobileTypeIdGemini=0 mMobileStrengthIdGemini[0] = 2130837960 mMobileStrengthIdGemini[1] = 0
D/StateMachine( 1476): handleMessage: E msg.what=131131
D/StateMachine( 1476): processMsg: DisconnectedState
D/WifiStateMachine( 1476): DisconnectedState{ what=131131 when=0 target=Handler (com.android.internal.util.StateMachine$SmHandler) {41600490} }
D/StateMachine( 1476): processMsg: ConnectModeState
D/WifiStateMachine( 1476): ConnectModeState{ what=131131 when=-1ms target=Handler (com.android.internal.util.StateMachine$SmHandler) {41600490} }
D/StateMachine( 1476): processMsg: DriverStartedState
D/WifiStateMachine( 1476): DriverStartedState{ what=131131 when=-1ms target=Handler (com.android.internal.util.StateMachine$SmHandler) {41600490} }
D/StateMachine( 1476): processMsg: SupplicantStartedState
D/WifiStateMachine( 1476): SupplicantStartedState{ what=131131 when=-1ms target=Handler (com.android.internal.util.StateMachine$SmHandler) {41600490} }
D/StateMachine( 1476): handleMessage: X
V/Provider/Settings( 1818): from settings cache , name = data_roaming , value = 1
D/MobileDataStateTracker( 1476): default: getNetworkInfo: updated IsAvailable=false
V/Provider/Settings( 1818): from settings cache , name = data_roaming , value = 1
D/MobileDataStateTracker( 1476): default: getNetworkInfo: updated IsAvailable=false
D/SignalClusterViewGemini( 1730): isSimInserted(1), SimInserted=false
D/SignalClusterViewGemini( 1730): apply, mMobileVisible=true, mWifiVisible=false, mIsAirplaneMode=false
D/DefaultWifiExt( 2750): getApOrder(),return 0
D/DefaultWifiExt( 2750): getApOrder(),return 0
D/DefaultWifiExt( 2750): getApOrder(),return 0
D/DefaultWifiExt( 2750): getApOrder(),return 0
D/DefaultWifiExt( 2750): getApOrder(),return 0
D/DefaultWifiExt( 2750): getApOrder(),return 0
D/DefaultWifiExt( 2750): getApOrder(),return 0
D/DefaultWifiExt( 2750): getApOrder(),return 0
D/DefaultWifiExt( 2750): getApOrder(),return 0
D/DefaultWifiExt( 2750): getApOrder(),return 0
D/DefaultWifiExt( 2750): getApOrder(),return 0
D/DefaultWifiExt( 2750): getApOrder(),return 0
D/DefaultWifiExt( 2750): getApOrder(),return 0
D/DefaultWifiExt( 2750): getApOrder(),return 0
D/DefaultWifiExt( 2750): getApOrder(),return 0
D/DefaultWifiExt( 2750): getApOrder(),return 0
D/DefaultWifiExt( 2750): getApOrder(),return 0
D/DefaultWifiExt( 2750): getApOrder(),return 0
D/DefaultWifiExt( 2750): getApOrder(),return 0
D/DefaultWifiExt( 2750): getApOrder(),return 0
D/DefaultWifiExt( 2750): getApOrder(),return 0
D/DefaultWifiExt( 2750): getApOrder(),return 0
D/DefaultWifiExt( 2750): getApOrder(),return 0
D/DefaultWifiExt( 2750): getApOrder(),return 0
D/DefaultWifiExt( 2750): getApOrder(),return 0
D/DefaultWifiExt( 2750): getApOrder(),return 0
D/DefaultWifiExt( 2750): getApOrder(),return 0
D/DefaultWifiExt( 2750): getApOrder(),return 0
D/DefaultWifiExt( 2750): getApOrder(),return 0
D/DefaultWifiExt( 2750): getApOrder(),return 0
D/DefaultWifiExt( 2750): getApOrder(),return 0
D/DefaultWifiExt( 2750): getApOrder(),return 0
D/DefaultWifiExt( 2750): getApOrder(),return 0
D/DefaultWifiExt( 2750): getApOrder(),return 0
D/DefaultWifiExt( 2750): getApOrder(),return 0
D/DefaultWifiExt( 2750): getApOrder(),return 0
D/DefaultWifiExt( 2750): getApOrder(),return 0
D/DefaultWifiExt( 2750): getApOrder(),return 0
D/DefaultWifiExt( 2750): getApOrder(),return 0
D/DefaultWifiExt( 2750): getApOrder(),return 0
D/DefaultWifiExt( 2750): getApOrder(),return 0
D/DefaultWifiExt( 2750): getApOrder(),return 0
D/DefaultWifiExt( 2750): getApOrder(),return 0
D/DefaultWifiExt( 2750): getApOrder(),return 0
D/DefaultWifiExt( 2750): getApOrder(),return 0
D/DefaultWifiExt( 2750): getApOrder(),return 0
D/DefaultWifiExt( 2750): getApOrder(),return 0
D/DefaultWifiExt( 2750): getApOrder(),return 0
D/DefaultWifiExt( 2750): getApOrder(),return 0
D/DefaultWifiExt( 2750): getApOrder(),return 0
D/DefaultWifiExt( 2750): getApOrder(),return 0
D/DefaultWifiExt( 2750): getApOrder(),return 0
D/DefaultWifiExt( 2750): getApOrder(),return 0
D/DefaultWifiExt( 2750): getApOrder(),return 0
D/DefaultWifiExt( 2750): getApOrder(),return 0
D/DefaultWifiExt( 2750): getApOrder(),return 0
D/DefaultWifiExt( 2750): getApOrder(),return 0
D/DefaultWifiExt( 2750): getApOrder(),return 0
D/DefaultWifiExt( 2750): getApOrder(),return 0
D/DefaultWifiExt( 2750): getApOrder(),return 0
D/DefaultWifiExt( 2750): getApOrder(),return 0
D/DefaultWifiExt( 2750): getApOrder(),return 0
D/DefaultWifiExt( 2750): getApOrder(),return 0
D/DefaultWifiExt( 2750): getApOrder(),return 0
D/DefaultWifiExt( 2750): getApOrder(),return 0
D/DefaultWifiExt( 2750): getApOrder(),return 0
D/DefaultWifiExt( 2750): getApOrder(),return 0
D/DefaultWifiExt( 2750): getApOrder(),return 0
D/DefaultWifiExt( 2750): getApOrder(),return 0
D/DefaultWifiExt( 2750): getApOrder(),return 0
D/DefaultWifiExt( 2750): getApOrder(),return 0
D/DefaultWifiExt( 2750): getApOrder(),return 0
D/DefaultWifiExt( 2750): getApOrder(),return 0
D/StateMachine( 1476): handleMessage: E msg.what=131239
D/StateMachine( 1476): processMsg: DisconnectedState
D/WifiStateMachine( 1476): DisconnectedState{ what=131239 when=-3ms target=Handler (com.android.internal.util.StateMachine$SmHandler) {41600490} }
D/StateMachine( 1476): processMsg: ConnectModeState
D/WifiStateMachine( 1476): ConnectModeState{ what=131239 when=-4ms target=Handler (com.android.internal.util.StateMachine$SmHandler) {41600490} }
D/StateMachine( 1476): processMsg: DriverStartedState
D/WifiStateMachine( 1476): DriverStartedState{ what=131239 when=-4ms target=Handler (com.android.internal.util.StateMachine$SmHandler) {41600490} }
D/StateMachine( 1476): processMsg: SupplicantStartedState
D/WifiStateMachine( 1476): SupplicantStartedState{ what=131239 when=-4ms target=Handler (com.android.internal.util.StateMachine$SmHandler) {41600490} }
D/WifiNative-wlan0( 1476): doString: SIGNAL_POLL
D/WifiCommon( 1476): [wlan0] SET "SIGNAL_POLL"
D/wpa_supplicant( 3563): RX ctrl_iface - hexdump(len=11): 53 49 47 4e 41 4c 5f 50 4f 4c 4c
D/wpa_supplicant( 3563): wlan0: Control interface command 'SIGNAL_POLL'
D/WifiCommon( 1476): [wlan0]SET "SIGNAL_POLL" Failed
I/WifiStateMachine( 1476): fetchRssiNative, newRssi:-1
D/StateMachine( 1476): handleMessage: X
D/StateMachine( 1476): handleMessage: E msg.what=131239
D/StateMachine( 1476): processMsg: DisconnectedState
D/WifiStateMachine( 1476): DisconnectedState{ what=131239 when=0 target=Handler (com.android.internal.util.StateMachine$SmHandler) {41600490} }
D/StateMachine( 1476): processMsg: ConnectModeState
D/WifiStateMachine( 1476): ConnectModeState{ what=131239 when=-1ms target=Handler (com.android.internal.util.StateMachine$SmHandler) {41600490} }
D/StateMachine( 1476): processMsg: DriverStartedState
D/WifiStateMachine( 1476): DriverStartedState{ what=131239 when=-1ms target=Handler (com.android.internal.util.StateMachine$SmHandler) {41600490} }
D/StateMachine( 1476): processMsg: SupplicantStartedState
D/WifiStateMachine( 1476): SupplicantStartedState{ what=131239 when=-1ms target=Handler (com.android.internal.util.StateMachine$SmHandler) {41600490} }
D/WifiNative-wlan0( 1476): doString: SIGNAL_POLL
D/WifiCommon( 1476): [wlan0] SET "SIGNAL_POLL"
D/wpa_supplicant( 3563): RX ctrl_iface - hexdump(len=11): 53 49 47 4e 41 4c 5f 50 4f 4c 4c
D/wpa_supplicant( 3563): wlan0: Control interface command 'SIGNAL_POLL'
D/WifiCommon( 1476): [wlan0]SET "SIGNAL_POLL" Failed
I/WifiStateMachine( 1476): fetchRssiNative, newRssi:-1
D/StateMachine( 1476): handleMessage: X
D/DefaultWifiExt( 2750): getApOrder(),return 0
D/DefaultWifiExt( 2750): getApOrder(),return 0
D/DefaultWifiExt( 2750): getApOrder(),return 0
D/DefaultWifiExt( 2750): getApOrder(),return 0
D/DefaultWifiExt( 2750): getApOrder(),return 0
D/DefaultWifiExt( 2750): getApOrder(),return 0
D/DefaultWifiExt( 2750): getApOrder(),return 0
D/DefaultWifiExt( 2750): getApOrder(),return 0
I/SurfaceTextureClient( 2750): [STC::queueBuffer] (this:0x56e46bc0) fps:1.16, dur:1727.40, max:1606.63, min:120.77
I/BufferQueue( 106): [com.android.settings/com.android.settings.SubSettings](this:0x419dc098,api:1) [queue] fps:1.16, dur:1727.23, max:1606.68, min:120.55
I/BufferQueue( 106): [com.android.settings/com.android.settings.SubSettings](this:0x419dc098,api:1) [release] fps:1.15, dur:1733.30, max:1616.64, min:116.66
D/wpa_supplicant( 3563): RTM_NEWLINK: operstate=0 ifi_flags=0x11003 ([UP][LOWER_UP])
I/Netd ( 103): Get netlink event, ifname: wlan0 action: 4
D/wpa_supplicant( 3563): RTM_NEWLINK, IFLA_IFNAME: Interface 'wlan0' added
W/ThrottleController( 103): updateModemThrottle warning: rx -1, tx -1 !
D/SocketClient( 103): SocketClient msg = Iface linkstate wlan0 up
D/SocketClient( 103): SocketClient sendDatalocked done: 600 Iface linkstate wlan0 up
D/wpa_supplicant( 3563): nl80211: if_removed already cleared - ignore event
D/NetdConnector( 1476): RCV <- {600 Iface linkstate wlan0 up}
D/Tethering( 1476): interfaceLinkStateChanged wlan0, true
D/Tethering( 1476): interfaceStatusChanged wlan0, true
I/Netd ( 103): Get netlink event, ifname: wlan0 action: 4
W/ThrottleController( 103): updateModemThrottle warning: rx -1, tx -1 !
D/SocketClient( 103): SocketClient msg = Iface linkstate wlan0 up
D/SocketClient( 103): SocketClient sendDatalocked done: 600 Iface linkstate wlan0 up
I/Netd ( 103): Get netlink event, ifname: wlan0 action: 4
W/ThrottleController( 103): updateModemThrottle warning: rx -1, tx -1 !
D/SocketClient( 103): SocketClient msg = Iface linkstate wlan0 up
D/SocketClient( 103): SocketClient sendDatalocked done: 600 Iface linkstate wlan0 up
D/wpa_supplicant( 3563): RTM_NEWLINK: operstate=0 ifi_flags=0x11003 ([UP][LOWER_UP])
D/wpa_supplicant( 3563): RTM_NEWLINK, IFLA_IFNAME: Interface 'wlan0' added
D/wpa_supplicant( 3563): nl80211: if_removed already cleared - ignore event
D/wpa_supplicant( 3563): RTM_NEWLINK: operstate=0 ifi_flags=0x11003 ([UP][LOWER_UP])
D/wpa_supplicant( 3563): RTM_NEWLINK, IFLA_IFNAME: Interface 'wlan0' added
D/wpa_supplicant( 3563): nl80211: if_removed already cleared - ignore event
D/NetdConnector( 1476): RCV <- {600 Iface linkstate wlan0 up}
D/wpa_supplicant( 3563): nl80211: Event message available
D/wpa_supplicant( 3563): nl80211: Associated on 2462 MHz
D/wpa_supplicant( 3563): nl80211: Associated with f4:ca:e5:96:cb:fa
D/wpa_supplicant( 3563): nl80211: Operating frequency for the associated BSS from scan results: 2462 MHz
D/wpa_supplicant( 3563): wlan0: Event ASSOC (0) received
D/wpa_supplicant( 3563): wlan0: Association info event
D/wpa_supplicant( 3563): req_ies
D/wpa_supplicant( 3563): 000f46726565576966695f736563757265010882848b962430486c30140100000fac020100000fac040100000fac01000032040c1218602d1a0c1119ff00000000000000000000000000000000000000000000dd09001018020000040000dd1e00904c330c1119ff00000000000000000000000000000000000000000000dd070050f202000100
D/wpa_supplicant( 3563): resp_ies
D/wpa_supplicant( 3563): 010882848b960c12182432043048606c2d1a6c0003ffffff00010000000000000001000000000000000000003d160b000700000000000000000000000000000000000000dd180050f2020101000003a4000027a4000042435e0062322f00
D/wpa_supplicant( 3563): wlan0: freq=2462 MHz
D/wpa_supplicant( 3563): WPA: set own WPA/RSN IE
D/wpa_supplicant( 3563): 30140100000fac020100000fac040100000fac010000
D/wpa_supplicant( 3563): wlan0: State: ASSOCIATING -> ASSOCIATED
D/wpa_supplicant( 3563): wpa_driver_nl80211_set_operstate: operstate 0->0 (DORMANT)
D/wpa_supplicant( 3563): netlink: Operstate: linkmode=-1, operstate=5
D/wpa_supplicant( 3563): CTRL_IFACE monitor send
D/wpa_supplicant( 3563): 2f646174612f6d6973632f776966692f736f636b6574732f7770615f6374726c5f313437362d313400
D/wpa_supplicant( 3563): wlan0: Associated to a new BSS: BSSID=f4:ca:e5:96:cb:fa
E/wpa_supplicant( 3563): Add randomness: count=23 entropy=11
D/wpa_supplicant( 3563): wlan0: No keys have been configured - skip key clearing
I/wpa_supplicant( 3563): wlan0: Associated with f4:ca:e5:96:cb:fa
D/wpa_supplicant( 3563): CTRL_IFACE monitor send
D/wpa_supplicant( 3563): 2f646174612f6d6973632f776966692f736f636b6574732f7770615f6374726c5f313437362d313400
D/wpa_supplicant( 3563): wlan0: WPA: Association event - clear replay counter
D/wpa_supplicant( 3563): wlan0: WPA: Clear old PTK
D/wpa_supplicant( 3563): EAPOL: External notification - portEnabled=0
D/wpa_supplicant( 3563): EAPOL: Supplicant port status: Unauthorized
D/WifiCommon( 1476): [wlan0]GET "CTRL-EVENT-STATE-CHANGE id=0 state=6 BSSID=00:00:00:00:00:00 SSID=FreeWifi_secure"
D/wpa_supplicant( 3563): EAPOL: External notification - portValid=0
D/wpa_supplicant( 3563): EAPOL: Supplicant port status: Unauthorized
D/wpa_supplicant( 3563): EAPOL: External notification - portEnabled=1
D/wpa_supplicant( 3563): EAPOL: SUPP_PAE entering state CONNECTING
D/wpa_supplicant( 3563): EAPOL: enable timer tick
D/wpa_supplicant( 3563): EAPOL: SUPP_BE entering state IDLE
D/wpa_supplicant( 3563): EAP: EAP entering state INITIALIZE
D/wpa_supplicant( 3563): EAP: EAP entering state IDLE
D/wpa_supplicant( 3563): wlan0: Setting authentication timeout: 10 sec 0 usec
D/wpa_supplicant( 3563): wlan0: Cancelling scan request
D/Tethering( 1476): interfaceLinkStateChanged wlan0, true
D/NetdConnector( 1476): RCV <- {600 Iface linkstate wlan0 up}
D/Tethering( 1476): interfaceStatusChanged wlan0, true
D/Tethering( 1476): interfaceLinkStateChanged wlan0, true
D/Tethering( 1476): interfaceStatusChanged wlan0, true
D/WifiCommon( 1476): [wlan0]GET "Associated with f4:ca:e5:96:cb:fa"
D/StateMachine( 1476): handleMessage: E msg.what=147462
D/StateMachine( 1476): processMsg: DisconnectedState
D/WifiStateMachine( 1476): DisconnectedState{ what=147462 when=0 obj=android.net.wifi.StateChangeResult@419178e8 target=Handler (com.android.internal.util.StateMachine$SmHandler) {41600490} }
D/WifiStateMachine( 1476): setDetailed state, old =CONNECTING and new state=CONNECTING
D/StateMachine( 1476): processMsg: ConnectModeState
D/WifiStateMachine( 1476): ConnectModeState{ what=147462 when=0 obj=android.net.wifi.StateChangeResult@419178e8 target=Handler (com.android.internal.util.StateMachine$SmHandler) {41600490} }
D/StateMachine( 1476): handleMessage: X
V/ActivityManager( 1476): Broadcast sticky: Intent { act=android.net.wifi.supplicant.STATE_CHANGE flg=0x28000010 (has extras) } ordered=false userid=-1
D/wpa_supplicant( 3563): wlan0: RX EAPOL from f4:ca:e5:96:cb:fa
D/wpa_supplicant( 3563): wlan0: Setting authentication timeout: 70 sec 0 usec
D/wpa_supplicant( 3563): EAPOL: Received EAP-Packet frame
D/wpa_supplicant( 3563): EAPOL: SUPP_PAE entering state RESTART
D/wpa_supplicant( 3563): EAP: EAP entering state INITIALIZE
D/wpa_supplicant( 3563): EAP: EAP entering state IDLE
D/wpa_supplicant( 3563): EAPOL: SUPP_PAE entering state AUTHENTICATING
D/wpa_supplicant( 3563): EAPOL: SUPP_BE entering state REQUEST
D/wpa_supplicant( 3563): EAPOL: getSuppRsp
D/wpa_supplicant( 3563): EAP: EAP entering state RECEIVED
D/wpa_supplicant( 3563): EAP: Received EAP-Request id=84 method=1 vendor=0 vendorMethod=0
D/wpa_supplicant( 3563): EAP: EAP entering state IDENTITY
I/wpa_supplicant( 3563): wlan0: CTRL-EVENT-EAP-STARTED EAP authentication started
D/wpa_supplicant( 3563): CTRL_IFACE monitor send
D/wpa_supplicant( 3563): 2f646174612f6d6973632f776966692f736f636b6574732f7770615f6374726c5f313437362d313400
D/wpa_supplicant( 3563): EAP: EAP-Request Identity data - hexdump(len=0):
D/wpa_supplicant( 3563): EAP: using real identity - hexdump(len=0): [NULL]
W/wpa_supplicant( 3563): EAP: buildIdentity: identity configuration was not available
D/wpa_supplicant( 3563): EAPOL: EAP parameter needed
I/wpa_supplicant( 3563): wlan0: CTRL-REQ-IDENTITY-0:Identity needed for SSID FreeWifi_secure
D/wpa_supplicant( 3563): CTRL_IFACE monitor send
D/wpa_supplicant( 3563): 2f646174612f6d6973632f776966692f736f636b6574732f7770615f6374726c5f313437362d313400
D/wpa_supplicant( 3563): EAP: EAP entering state SEND_RESPONSE
D/wpa_supplicant( 3563): EAP: EAP entering state IDLE
D/WifiCommon( 1476): [wlan0]GET "CTRL-EVENT-EAP-STARTED EAP authentication started"
D/WifiCommon( 1476): [wlan0]GET "CTRL-REQ-IDENTITY-0:Identity needed for SSID FreeWifi_secure"
D/StateMachine( 1476): handleMessage: E msg.what=131239
D/StateMachine( 1476): processMsg: DisconnectedState
D/WifiStateMachine( 1476): DisconnectedState{ what=131239 when=0 target=Handler (com.android.internal.util.StateMachine$SmHandler) {41600490} }
D/StateMachine( 1476): processMsg: ConnectModeState
D/WifiStateMachine( 1476): ConnectModeState{ what=131239 when=0 target=Handler (com.android.internal.util.StateMachine$SmHandler) {41600490} }
D/StateMachine( 1476): processMsg: DriverStartedState
D/WifiStateMachine( 1476): DriverStartedState{ what=131239 when=0 target=Handler (com.android.internal.util.StateMachine$SmHandler) {41600490} }
D/StateMachine( 1476): processMsg: SupplicantStartedState
D/WifiStateMachine( 1476): SupplicantStartedState{ what=131239 when=-1ms target=Handler (com.android.internal.util.StateMachine$SmHandler) {41600490} }
D/WifiNative-wlan0( 1476): doString: SIGNAL_POLL
D/WifiCommon( 1476): [wlan0] SET "SIGNAL_POLL"
