D/NetdConnector( 1476): RMV <- {200 6 Softap operation succeeded}
D/NetdConnector( 1476): SND -> {7 interface getcfg wlan0}
D/FrameworkListener( 103): dispatchCommand data = (7 interface getcfg wlan0)
D/SocketClient( 103): SocketClient msg = 00:90:4c:11:22:33 0.0.0.0 0 down broadcast multicast
D/SocketClient( 103): SocketClient sendDatalocked done: 213 7 00:90:4c:11:22:33 0.0.0.0 0 down broadcast multicast
D/NetdConnector( 1476): RCV <- {213 7 00:90:4c:11:22:33 0.0.0.0 0 down broadcast multicast}
D/NetdConnector( 1476): RMV <- {213 7 00:90:4c:11:22:33 0.0.0.0 0 down broadcast multicast}
D/IPCThreadState( 1476): [DN #5] BR_CLEAR_DEATH_NOTIFICATION_DONE cookie 0x5bd43fc8
D/IPCThreadState( 1476): [DN #5] BR_CLEAR_DEATH_NOTIFICATION_DONE cookie 0x59e85780
D/IPCThreadState( 1476): [DN #5] BR_CLEAR_DEATH_NOTIFICATION_DONE cookie 0x561dc540
D/IPCThreadState( 1476): [DN #5] BR_CLEAR_DEATH_NOTIFICATION_DONE cookie 0x5c700288
D/IPCThreadState( 1476): [DN #5] BR_CLEAR_DEATH_NOTIFICATION_DONE cookie 0x5be5b798
D/NetdConnector( 1476): SND -> {8 interface setcfg wlan0 0.0.0.0 0 multicast broadcast down}
D/FrameworkListener( 103): dispatchCommand data = (8 interface setcfg wlan0 0.0.0.0 0 multicast broadcast down)
D/CommandListener( 103): Setting iface cfg
D/NetUtils( 103): ifc_set_addr(wlan0, xx) = 0
D/CommandListener( 103): Trying to bring down wlan0
D/NetUtils( 103): ifc_down(wlan0) = 0
I/CommandListener_( 103): DumpRoute ++
I/CommandListener_( 103): Destination Gateway Genmask Flags Metric Ref Use Iface
E/CommandListener_( 103): DumpRoute -- :fscanf I/O Error
D/SocketClient( 103): SocketClient msg = Interface configuration set
D/SocketClient( 103): SocketClient sendDatalocked done: 200 8 Interface configuration set
D/NetdConnector( 1476): RCV <- {200 8 Interface configuration set}
D/NetdConnector( 1476): RMV <- {200 8 Interface configuration set}
D/NetdConnector( 1476): SND -> {9 interface ipv6privacyextensions wlan0 enable}
D/FrameworkListener( 103): dispatchCommand data = (9 interface ipv6privacyextensions wlan0 enable)
D/SocketClient( 103): SocketClient msg = IPv6 privacy extensions changed
D/SocketClient( 103): SocketClient sendDatalocked done: 200 9 IPv6 privacy extensions changed
D/NetdConnector( 1476): RCV <- {200 9 IPv6 privacy extensions changed}
D/NetdConnector( 1476): RMV <- {200 9 IPv6 privacy extensions changed}
D/WifiStateMachine( 1476): Kill any running supplicant
D/WifiCommon( 1476): Stop "p2p_supplicant"
D/WifiCommon( 1476): wifi_start_supplicant [1]
D/WifiCommon( 1476): Start "p2p_supplicant"
D/IPCThreadState( 1476): [DN #5] BR_CLEAR_DEATH_NOTIFICATION_DONE cookie 0x55faa8b8
D/IPCThreadState( 1476): [DN #5] BR_CLEAR_DEATH_NOTIFICATION_DONE cookie 0x5c705140
D/IPCThreadState( 1476): [DN #5] BR_CLEAR_DEATH_NOTIFICATION_DONE cookie 0x5c707620
D/IPCThreadState( 1476): [DN #5] BR_CLEAR_DEATH_NOTIFICATION_DONE cookie 0x5a5df5c0
D/IPCThreadState( 1476): [DN #5] BR_CLEAR_DEATH_NOTIFICATION_DONE cookie 0x5c71e6e0
D/SettingsAppWidgetProvider( 2750): onReceive , action = android.net.wifi.WIFI_STATE_CHANGED
D/SettingsAppWidgetProvider( 2750): onReceive , intent.hasCategory(Intent.CATEGORY_ALTERNATIVE)= false
D/WifiStateMachine( 1476): Supplicant start successful
D/SettingsAppWidgetProvider( 2750): updateWidget()
D/SettingsAppWidgetProvider( 2750): buildUpdate()
D/dalvikvm( 1476): create interp thread : stack size=32KB
D/dalvikvm( 1476): create new thread
D/dalvikvm( 1476): new thread created
D/dalvikvm( 1476): update thread list
D/dalvikvm( 1476): threadid=63: interp stack at 0x5997d000
D/dalvikvm( 1476): threadid=63: created from interp
D/dalvikvm( 1476): start new thread
D/StateMachine( 1476): transitionTo: destState=SupplicantStartingState
D/StateMachine( 1476): handleMessage: new destination call exit
D/StateMachine( 1476): setupTempStateStackWithStatesToEnter: X mTempStateStackCount=1,curStateInfo: state=DefaultState,active=true,parent=null
D/StateMachine( 1476): invokeExitMethods: DriverLoadedState
D/StateMachine( 1476): moveTempStackToStateStack: i=0,j=1
D/StateMachine( 1476): moveTempStackToStateStack: X mStateStackTop=1,startingIndex=1,Top=SupplicantStartingState
D/StateMachine( 1476): invokeEnterMethods: SupplicantStartingState
D/WifiStateMachine( 1476): SupplicantStartingState
D/StateMachine( 1476): handleMessage: X
D/dalvikvm( 1476): threadid=63: notify debugger
D/dalvikvm( 1476): threadid=63 (WifiMo-wlan0): calling run()
D/WifiMonitor( 1476): connectToSupplicant for WifiMo-wlan0, id:124, connectTries:0
D/WifiCommon( 1476): [wlan0]wifi_connect_to_supplicant
D/IPCThreadState( 1476): [DN #5] BR_CLEAR_DEATH_NOTIFICATION_DONE cookie 0x57a06f00
D/SettingsAppWidgetProvider( 2750): PendingIntent , buttonId = 0 pi = PendingIntent{415aac90: android.os.BinderProxy@415aac30}
D/SettingsAppWidgetProvider( 2750): PendingIntent , buttonId = 1 pi = PendingIntent{41652b70: android.os.BinderProxy@41652b00}
D/SettingsAppWidgetProvider( 2750): PendingIntent , buttonId = 2 pi = PendingIntent{4151f640: android.os.BinderProxy@4151f5d0}
D/SettingsAppWidgetProvider( 2750): PendingIntent , buttonId = 3 pi = PendingIntent{41606288: android.os.BinderProxy@41606218}
D/SettingsAppWidgetProvider( 2750): PendingIntent , buttonId = 4 pi = PendingIntent{41558998: android.os.BinderProxy@41558928}
D/SettingsAppWidgetProvider( 2750): updateButtons()
D/wpa_supplicant( 3563): wpa_supplicant v2.0-devel-4.2.2-MTK-MR1-PDK
E/wpa_supplicant( 3563): Add randomness: count=1 entropy=0
D/wpa_supplicant( 3563): random: Added entropy from /data/misc/wifi/entropy.bin (own_pool_ready=2)
D/wpa_supplicant( 3563): random: Trying to read entropy from /dev/random
D/dalvikvm( 1476): GC_EXPLICIT freed 212K (4739), 26% free 13089K/17516K, paused 4ms+9ms, total 101ms
D/IPCThreadState( 1476): [DN #5] BR_CLEAR_DEATH_NOTIFICATION_DONE cookie 0x5cb67970
D/wpa_supplicant( 3563): random: Updated entropy file /data/misc/wifi/entropy.bin (own_pool_ready=2)
I/wpa_supplicant( 3563): Successfully initialized wpa_supplicant
D/wpa_supplicant( 3563): Initializing interface 'wlan0' conf '/data/misc/wifi/wpa_supplicant.conf' driver 'nl80211' ctrl_interface 'N/A' bridge 'N/A'
D/wpa_supplicant( 3563): Configuration file '/data/misc/wifi/wpa_supplicant.conf' -> '/data/misc/wifi/wpa_supplicant.conf'
D/wpa_supplicant( 3563): Reading configuration file '/data/misc/wifi/wpa_supplicant.conf'
D/IPCThreadState( 1476): [DN #5] BR_CLEAR_DEATH_NOTIFICATION_DONE cookie 0x5ca24748
D/wpa_supplicant( 3563): ctrl_interface='/data/misc/wpa_supplicant'
D/wpa_supplicant( 3563): update_config=1
D/wpa_supplicant( 3563): device_name='s8073'
D/wpa_supplicant( 3563): manufacturer='WIKO'
D/wpa_supplicant( 3563): model_name='CINK SLIM'
D/wpa_supplicant( 3563): model_number='CINK SLIM'
D/wpa_supplicant( 3563): serial_number='7C8B97CB5CF35C8E'
D/wpa_supplicant( 3563): config_methods='physical_display virtual_push_button keypad'
D/wpa_supplicant( 3563): ssid - hexdump(len=15): 46 72 65 65 57 69 66 69 5f 73 65 63 75 72 65
D/wpa_supplicant( 3563): Priority group 40
D/wpa_supplicant( 3563): id=0 ssid='FreeWifi_secure'
D/wpa_supplicant( 3563): nl80211: interface wlan0 in phy phy0
I/wpa_supplicant( 3563): rfkill: Cannot open RFKILL control device
D/wpa_supplicant( 3563): nl80211: RFKILL status not available
D/wpa_supplicant( 3563): nl80211: Set mode ifindex 8 iftype 2 (STATION)
D/wpa_supplicant( 3563): nl80211: Subscribe to mgmt frames with non-AP handle 0x41410968
D/wpa_supplicant( 3563): nl80211: Register frame type=0xd0 nl_handle=0x41410968
D/wpa_supplicant( 3563): nl80211: Register frame match
D/wpa_supplicant( 3563): 040a
D/wpa_supplicant( 3563): nl80211: Register frame type=0xd0 nl_handle=0x41410968
D/wpa_supplicant( 3563): nl80211: Register frame match
D/wpa_supplicant( 3563): 040b
D/wpa_supplicant( 3563): nl80211: Register frame type=0xd0 nl_handle=0x41410968
D/wpa_supplicant( 3563): nl80211: Register frame match
D/wpa_supplicant( 3563): 040c
D/wpa_supplicant( 3563): nl80211: Register frame type=0xd0 nl_handle=0x41410968
D/wpa_supplicant( 3563): nl80211: Register frame match
D/wpa_supplicant( 3563): 040d
D/wpa_supplicant( 3563): nl80211: Register frame type=0xd0 nl_handle=0x41410968
D/wpa_supplicant( 3563): nl80211: Register frame match
D/wpa_supplicant( 3563): 0409506f9a09
D/wpa_supplicant( 3563): nl80211: Register frame type=0xd0 nl_handle=0x41410968
D/wpa_supplicant( 3563): nl80211: Register frame match
D/wpa_supplicant( 3563): 7f506f9a09
D/wpa_supplicant( 3563): nl80211: Register frame type=0xd0 nl_handle=0x41410968
D/wpa_supplicant( 3563): nl80211: Register frame match
D/wpa_supplicant( 3563): 06
D/wpa_supplicant( 3563): nl80211: Register frame type=0xd0 nl_handle=0x41410968
D/wpa_supplicant( 3563): nl80211: Register frame match
D/wpa_supplicant( 3563): 0a07
D/IPCThreadState( 1476): [DN #5] BR_CLEAR_DEATH_NOTIFICATION_DONE cookie 0x5c6f6b20
D/IPCThreadState( 1476): [DN #5] BR_CLEAR_DEATH_NOTIFICATION_DONE cookie 0x59c16e90
D/IPCThreadState( 1476): [DN #5] BR_CLEAR_DEATH_NOTIFICATION_DONE cookie 0x57a08080
D/IPCThreadState( 1476): [DN #5] BR_CLEAR_DEATH_NOTIFICATION_DONE cookie 0x5c6f9028
D/IPCThreadState( 1476): [DN #5] BR_CLEAR_DEATH_NOTIFICATION_DONE cookie 0x54ac0130
D/IPCThreadState( 1476): [DN #5] BR_CLEAR_DEATH_NOTIFICATION_DONE cookie 0x59b898a0
D/IPCThreadState( 1476): [DN #5] BR_CLEAR_DEATH_NOTIFICATION_DONE cookie 0x5c70aa80
D/SettingsProvider( 1476): call request for 0
V/SettingsProvider( 1476): call(secure:location_providers_allowed) for 0
D/SettingsProvider( 1476): lookupValue table secure cache contains Key location_providers_allowed , value = Bundle[{value=network}]
V/Provider/Settings( 2750): from db cache, name = location_providers_allowed , value = network
D/SyncManager( 1476): userId=0 auto=true mExt=com.mediatek.op.FwkExtOP02@417948b0
E/FWKEXTOP02( 1476): Enter GetCurrentOP
V/Provider/Settings( 2750): invalidate [system]: current 5 != cached 3
D/SettingsProvider( 1476): call request for 0
V/SettingsProvider( 1476): call(system:screen_brightness_mode) for 0
D/SettingsProvider( 1476): lookupValue table system cache contains Key screen_brightness_mode , value = Bundle[{value=0}]
V/Provider/Settings( 2750): from db cache, name = screen_brightness_mode , value = 0
D/SettingsProvider( 1476): call request for 0
V/SettingsProvider( 1476): call(system:screen_brightness) for 0
D/SettingsProvider( 1476): lookupValue table system cache contains Key screen_brightness , value = Bundle[{value=204}]
V/Provider/Settings( 2750): from db cache, name = screen_brightness , value = 204
D/SettingsAppWidgetProvider( 2750): updateButtons, getBrightnessMode(context) == false ,manual , brightness = 204
D/IPCThreadState( 1476): [DN #5] BR_CLEAR_DEATH_NOTIFICATION_DONE cookie 0x592253f8
D/IPCThreadState( 1476): [DN #5] BR_CLEAR_DEATH_NOTIFICATION_DONE cookie 0x5c706768
D/IPCThreadState( 1476): [DN #5] BR_CLEAR_DEATH_NOTIFICATION_DONE cookie 0x5bd447d0
D/IPCThreadState( 1476): [DN #5] BR_CLEAR_DEATH_NOTIFICATION_DONE cookie 0x5c701ce0
D/IPCThreadState( 1476): [DN #5] BR_CLEAR_DEATH_NOTIFICATION_DONE cookie 0x5600e3f0
D/IPCThreadState( 1476): [DN #5] BR_CLEAR_DEATH_NOTIFICATION_DONE cookie 0x5a8cdb90
D/IPCThreadState( 1476): [DN #5] BR_CLEAR_DEATH_NOTIFICATION_DONE cookie 0x59a992f0
D/IPCThreadState( 1476): [DN #5] BR_CLEAR_DEATH_NOTIFICATION_DONE cookie 0x5a69af48
D/IPCThreadState( 1476): [DN #5] BR_CLEAR_DEATH_NOTIFICATION_DONE cookie 0x59e63bb8
D/IPCThreadState( 1476): [DN #5] BR_CLEAR_DEATH_NOTIFICATION_DONE cookie 0x5d135f98
D/IPCThreadState( 1476): [DN #5] BR_CLEAR_DEATH_NOTIFICATION_DONE cookie 0x5c63ab28
D/IPCThreadState( 1476): [DN #5] BR_CLEAR_DEATH_NOTIFICATION_DONE cookie 0x5d029088
D/IPCThreadState( 1476): [DN #5] BR_CLEAR_DEATH_NOTIFICATION_DONE cookie 0x5c27de10
D/IPCThreadState( 1476): [DN #5] BR_CLEAR_DEATH_NOTIFICATION_DONE cookie 0x592220c8
D/IPCThreadState( 1476): [DN #5] BR_CLEAR_DEATH_NOTIFICATION_DONE cookie 0x5c636a00
I/SurfaceTextureClient( 1730): [STC::queueBuffer] (this:0x55df9fe8) fps:7.76, dur:1031.23, max:463.10, min:16.81
I/BufferQueue( 106): [StatusBar](this:0x419c99c8,api:1) [queue] fps:7.76, dur:1030.92, max:462.69, min:16.86
D/IPCThreadState( 1476): [DN #5] BR_CLEAR_DEATH_NOTIFICATION_DONE cookie 0x5a610f20
I/BufferQueue( 106): [StatusBar](this:0x419c99c8,api:1) [release] fps:7.74, dur:1033.41, max:466.74, min:15.92
I/SurfaceTextureClient( 106): [STC::queueBuffer] (this:0x41574710) fps:7.74, dur:1033.50, max:466.73, min:16.17
I/BufferQueue( 106): [FramebufferSurface](this:0x41573c08,api:1) [release] fps:7.74, dur:1033.51, max:466.69, min:16.18
I/BufferQueue( 106): [FramebufferSurface](this:0x41573c08,api:1) [queue] fps:7.74, dur:1033.52, max:466.66, min:16.19
I/SurfaceFlinger( 106): [SurfaceFlinger] fps:7.740466,dur:1033.53,max:466.66,min:16.19
D/IPCThreadState( 1476): [DN #5] BR_CLEAR_DEATH_NOTIFICATION_DONE cookie 0x5a5dac08
D/IPCThreadState( 1476): [DN #5] BR_CLEAR_DEATH_NOTIFICATION_DONE cookie 0x5bd43f00
D/IPCThreadState( 1476): [DN #5] BR_CLEAR_DEATH_NOTIFICATION_DONE cookie 0x55faa000
D/IPCThreadState( 1476): [DN #5] BR_CLEAR_DEATH_NOTIFICATION_DONE cookie 0x57979c10
D/IPCThreadState( 1476): [DN #5] BR_CLEAR_DEATH_NOTIFICATION_DONE cookie 0x59b864b0
D/NetworkControllerGemini( 1730): PhoneStateListener:onSignalStrengthsChanged, sim1 before.
D/NetworkControllerGemini( 1730): PhoneStateListener:onSignalStrengthsChanged, signalStrength=3
V/ActivityManager( 1476): Broadcast sticky: Intent { act=android.intent.action.SIG_STR flg=0x10 (has extras) } ordered=false userid=-1
D/NetworkControllerGemini( 1730): updateDataNetType(0), DataNetType=3.
D/NetworkControllerGemini( 1730): updateDataNetType(0), simColorId=0
D/TelephonyManagerEx( 1730): isNetworkRoaming
D/Bluetooth HS/HF( 1818): [BT][HFG] [API] mStateReceiver.onReceive(android.intent.action.SIG_STR)
D/Bluetooth HS/HF( 1818): [BT][HFG] [API] mHandler.handleMessage(10)
D/NetworkControllerGemini( 1730): updateDataNetType(0), DataNetType3G=Type_3G tempDataTypeIconId= 2130837873.
D/TelephonyManager( 1980): getDefaultSim is sim1
D/NetworkControllerGemini( 1730): isSimInserted(0), SimInserted=true
D/NetworkControllerGemini( 1730): updateTelephonySignalStrength(0), regState=1
D/NetworkControllerGemini( 1730): updateTelephonySignalStrength(0), hasService=true
D/TelephonyManagerEx( 1730): isNetworkRoaming
D/NetworkControllerGemini( 1730): updateTelephonySignalStrength(0), isRoaming=false, mInetCondition=0
D/NetworkControllerGemini( 1730): updateTelephonySignalStrength(0), simColorId=0
D/NetworkControllerGemini( 1730): updateTelephonySignalStrength(0), tempDataNetType = Type_3G , simColorId=0 tempPhoneSignalIconId[0] = 2130837950 tempPhoneSignalIconId[1] = 0
D/NetworkControllerGemini( 1730): updateTelephonySignalStrength(0) tempSIMCUSignVisible= true
D/NetworkControllerGemini( 1730): updateTelephonySignalStrength(0) mSIMCUSignVisible = true
D/NetworkControllerGemini( 1730): refreshViews(0), DataConnected=false simColorId = 0
D/TelephonyManagerEx( 1730): isNetworkRoaming
D/NetworkControllerGemini( 1730): refreshViews(0), dataTypeIconId=0
D/SignalClusterViewGemini( 1730): setShowSimIndicator(0), showSimIndicator=false simIndicatorResource = 0
D/SignalClusterViewGemini( 1730): setDataConnected(0), dataConnected=false
D/SignalClusterViewGemini( 1730): setDataNetType3G(0), dataNetType=Type_3G
D/SignalClusterViewGemini( 1730): apply : mShowSimIndicator = false mSimIndicatorResource = 0 mShowSimIndicatorGemini = false mSimIndicatorResourceGemini = 0
D/SignalClusterViewGemini( 1730): apply, mMobileVisible=true mMobileActivityId=0 mMobileTypeId=0 mMobileStrengthId[0] = 2130837950 mMobileStrengthId[1] = 0
D/TelephonyManager( 1980): getDefaultSim is sim1
D/SignalClusterViewGemini( 1730): isSimInserted(0), SimInserted=true
D/SignalClusterViewGemini( 1730): mDataNetType =Type_3G resId= 0 simColorId = 0
D/SignalClusterViewGemini( 1730): apply, mMobileVisibleGemini=true mMobileActivityIdGemini=0 mMobileTypeIdGemini=0 mMobileStrengthIdGemini[0] = 2130837960 mMobileStrengthIdGemini[1] = 0
D/SignalClusterViewGemini( 1730): isSimInserted(1), SimInserted=false
D/SignalClusterViewGemini( 1730): apply, mMobileVisible=true, mWifiVisible=false, mIsAirplaneMode=false
D/NetworkControllerGemini( 1730): PhoneStateListener:onSignalStrengthsChanged, sim1 after.
D/IPCThreadState( 1476): [DN #5] BR_CLEAR_DEATH_NOTIFICATION_DONE cookie 0x5c700f00
D/IPCThreadState( 1476): [DN #5] BR_CLEAR_DEATH_NOTIFICATION_DONE cookie 0x5c707748
D/IPCThreadState( 1476): [DN #5] BR_CLEAR_DEATH_NOTIFICATION_DONE cookie 0x5a610ec0
D/IPCThreadState( 1476): [DN #5] BR_CLEAR_DEATH_NOTIFICATION_DONE cookie 0x59e6fb78
D/IPCThreadState( 1476): [DN #5] BR_CLEAR_DEATH_NOTIFICATION_DONE cookie 0x54a1ac70
I/Netd ( 103): Get netlink event, ifname: wlan0 action: 4
W/ThrottleController( 103): updateModemThrottle warning: rx -1, tx -1 !
D/SocketClient( 103): SocketClient msg = Iface linkstate wlan0 up
D/SocketClient( 103): SocketClient sendDatalocked done: 600 Iface linkstate wlan0 up
D/wpa_supplicant( 3563): netlink: Operstate: linkmode=1, operstate=5
D/wpa_supplicant( 3563): nl80211: driver param='(null)'
I/Netd ( 103): Get netlink event, ifname: wlan0 action: 4
W/ThrottleController( 103): updateModemThrottle warning: rx -1, tx -1 !
D/SocketClient( 103): SocketClient msg = Iface linkstate wlan0 up
D/SocketClient( 103): SocketClient sendDatalocked done: 600 Iface linkstate wlan0 up
D/wpa_supplicant( 3563): nl80211: Regulatory information - country=00
D/wpa_supplicant( 3563): nl80211: 2402-2472 @ 40 MHz
D/wpa_supplicant( 3563): nl80211: 2457-2482 @ 20 MHz
D/wpa_supplicant( 3563): nl80211: 2474-2494 @ 20 MHz
D/wpa_supplicant( 3563): nl80211: 5170-5250 @ 40 MHz
D/wpa_supplicant( 3563): nl80211: 5735-5835 @ 40 MHz
D/wpa_supplicant( 3563): nl80211: Added 802.11b mode based on 802.11g information
D/NetdConnector( 1476): RCV <- {600 Iface linkstate wlan0 up}
D/NetdConnector( 1476): RCV <- {600 Iface linkstate wlan0 up}
D/Tethering( 1476): interfaceLinkStateChanged wlan0, true
D/Tethering( 1476): interfaceStatusChanged wlan0, true
D/Tethering( 1476): interfaceLinkStateChanged wlan0, true
D/Tethering( 1476): interfaceStatusChanged wlan0, true
D/IPCThreadState( 1476): [DN #5] BR_CLEAR_DEATH_NOTIFICATION_DONE cookie 0x54a25ba8
D/IPCThreadState( 1476): [DN #5] BR_CLEAR_DEATH_NOTIFICATION_DONE cookie 0x59163290
D/IPCThreadState( 1476): [DN #5] BR_CLEAR_DEATH_NOTIFICATION_DONE cookie 0x54a774d0
D/IPCThreadState( 1476): [DN #5] BR_CLEAR_DEATH_NOTIFICATION_DONE cookie 0x5c71e680
D/IPCThreadState( 1476): [DN #5] BR_CLEAR_DEATH_NOTIFICATION_DONE cookie 0x5c643820
D/IPCThreadState( 1476): [DN #5] BR_CLEAR_DEATH_NOTIFICATION_DONE cookie 0x5c517d58
D/IPCThreadState( 1476): [DN #5] BR_CLEAR_DEATH_NOTIFICATION_DONE cookie 0x59e85780
D/IPCThreadState( 1476): [DN #5] BR_CLEAR_DEATH_NOTIFICATION_DONE cookie 0x5bd43fc8
D/IPCThreadState( 1476): [DN #5] BR_CLEAR_DEATH_NOTIFICATION_DONE cookie 0x5921c1f0
D/wpa_supplicant( 3563): wlan0: Own MAC address: d0:b3:3f:58:f3:0c
D/IPCThreadState( 1476): [DN #5] BR_CLEAR_DEATH_NOTIFICATION_DONE cookie 0x526458a0
D/IPCThreadState( 1476): [DN #5] BR_CLEAR_DEATH_NOTIFICATION_DONE cookie 0x54ac0e10
D/IPCThreadState( 1476): [DN #5] BR_CLEAR_DEATH_NOTIFICATION_DONE cookie 0x5cb679e0
D/IPCThreadState( 1476): [DN #5] BR_CLEAR_DEATH_NOTIFICATION_DONE cookie 0x54a181c0
D/IPCThreadState( 1476): [DN #5] BR_CLEAR_DEATH_NOTIFICATION_DONE cookie 0x5c27ae38
D/IPCThreadState( 1476): [DN #5] BR_CLEAR_DEATH_NOTIFICATION_DONE cookie 0x5c6ff798
D/IPCThreadState( 1476): [DN #5] BR_CLEAR_DEATH_NOTIFICATION_DONE cookie 0x57a07498
D/IPCThreadState( 1476): [DN #5] BR_CLEAR_DEATH_NOTIFICATION_DONE cookie 0x59b825a8
D/wpa_supplicant( 3563): wpa_driver_nl80211_set_key: ifindex=8 alg=0 addr=0x0 key_idx=0 set_tx=0 seq_len=0 key_len=0
D/wpa_supplicant( 3563): wpa_driver_nl80211_set_key: ifindex=8 alg=0 addr=0x0 key_idx=1 set_tx=0 seq_len=0 key_len=0
D/wpa_supplicant( 3563): wpa_driver_nl80211_set_key: ifindex=8 alg=0 addr=0x0 key_idx=2 set_tx=0 seq_len=0 key_len=0
D/wpa_supplicant( 3563): wpa_driver_nl80211_set_key: ifindex=8 alg=0 addr=0x0 key_idx=3 set_tx=0 seq_len=0 key_len=0
D/wpa_supplicant( 3563): wlan0: RSN: flushing PMKID list in the driver
D/wpa_supplicant( 3563): nl80211: Flush PMKIDs
D/wpa_supplicant( 3563): wlan0: Setting scan request: 0 sec 100000 usec
D/wpa_supplicant( 3563): WPS: Set UUID for interface wlan0
D/wpa_supplicant( 3563): WPS: UUID based on MAC address
D/wpa_supplicant( 3563): 30ce3e4cbf5053b09261d4b29cff17c6
D/IPCThreadState( 1476): [DN #5] BR_CLEAR_DEATH_NOTIFICATION_DONE cookie 0x592216c8
D/wpa_supplicant( 3563): EAPOL: SUPP_PAE entering state DISCONNECTED
D/wpa_supplicant( 3563): EAPOL: Supplicant port status: Unauthorized
D/wpa_supplicant( 3563): EAPOL: KEY_RX entering state NO_KEY_RECEIVE
D/wpa_supplicant( 3563): EAPOL: SUPP_BE entering state INITIALIZE
D/wpa_supplicant( 3563): EAP: EAP entering state DISABLED
D/wpa_supplicant( 3563): EAPOL: Supplicant port status: Unauthorized
D/wpa_supplicant( 3563): EAPOL: Supplicant port status: Unauthorized
D/wpa_supplicant( 3563): Using existing control interface directory.
D/wpa_supplicant( 3563): [WAPI]wpa_supplicant_init_wapi ===>
D/wpa_supplicant( 3563): [WAPI]wapi_lib_init => !!!wapi_lib_init!!! in libwapi.so
D/wpa_supplicant( 3563): [WAPI] log testing in ddms
D/wpa_supplicant( 3563): wlan0: Added interface wlan0
D/wpa_supplicant( 3563): wlan0: State: DISCONNECTED -> DISCONNECTED
D/wpa_supplicant( 3563): wpa_driver_nl80211_set_operstate: operstate 0->0 (DORMANT)
D/wpa_supplicant( 3563): netlink: Operstate: linkmode=-1, operstate=5
D/wpa_supplicant( 3563): Initializing interface 'p2p0' conf '/data/misc/wifi/p2p_supplicant.conf' driver 'nl80211' ctrl_interface 'N/A' bridge 'N/A'
D/wpa_supplicant( 3563): Configuration file '/data/misc/wifi/p2p_supplicant.conf' -> '/data/misc/wifi/p2p_supplicant.conf'
D/wpa_supplicant( 3563): Reading configuration file '/data/misc/wifi/p2p_supplicant.conf'
D/wpa_supplicant( 3563): ctrl_interface='/data/misc/wpa_supplicant'
D/wpa_supplicant( 3563): driver_param='use_p2p_group_interface=1'
D/wpa_supplicant( 3563): update_config=1
D/wpa_supplicant( 3563): device_name='Android_cce0'
D/wpa_supplicant( 3563): manufacturer='SIM'
D/wpa_supplicant( 3563): model_name='Mojito'
D/wpa_supplicant( 3563): model_number='123'
D/wpa_supplicant( 3563): config_methods='virtual_push_button physical_display keypad'
D/wpa_supplicant( 3563): p2p_oper_reg_class=81
D/wpa_supplicant( 3563): p2p_oper_channel=1
D/wpa_supplicant( 3563): p2p_ssid_postfix='-Android_cce0'
D/wpa_supplicant( 3563): persistent_reconnect=1
D/wpa_supplicant( 3563): nl80211: interface p2p0 in phy phy0
I/wpa_supplicant( 3563): rfkill: Cannot open RFKILL control device
D/wpa_supplicant( 3563): nl80211: RFKILL status not available
D/wpa_supplicant( 3563): nl80211: Set mode ifindex 7 iftype 2 (STATION)
D/wpa_supplicant( 3563): nl80211: Subscribe to mgmt frames with non-AP handle 0x41423db8
D/wpa_supplicant( 3563): nl80211: Register frame type=0xd0 nl_handle=0x41423db8
D/wpa_supplicant( 3563): nl80211: Register frame match
D/wpa_supplicant( 3563): 040a
D/wpa_supplicant( 3563): nl80211: Register frame type=0xd0 nl_handle=0x41423db8
D/wpa_supplicant( 3563): nl80211: Register frame match
D/wpa_supplicant( 3563): 040b
D/wpa_supplicant( 3563): nl80211: Register frame type=0xd0 nl_handle=0x41423db8
D/wpa_supplicant( 3563): nl80211: Register frame match
D/wpa_supplicant( 3563): 040c
D/wpa_supplicant( 3563): nl80211: Register frame type=0xd0 nl_handle=0x41423db8
D/wpa_supplicant( 3563): nl80211: Register frame match
D/wpa_supplicant( 3563): 040d
D/wpa_supplicant( 3563): nl80211: Register frame type=0xd0 nl_handle=0x41423db8
D/wpa_supplicant( 3563): nl80211: Register frame match
D/wpa_supplicant( 3563): 0409506f9a09
D/wpa_supplicant( 3563): nl80211: Register frame type=0xd0 nl_handle=0x41423db8
D/wpa_supplicant( 3563): nl80211: Register frame match
D/wpa_supplicant( 3563): 7f506f9a09
D/wpa_supplicant( 3563): nl80211: Register frame type=0xd0 nl_handle=0x41423db8
D/wpa_supplicant( 3563): nl80211: Register frame match
D/wpa_supplicant( 3563): 06
D/wpa_supplicant( 3563): nl80211: Register frame type=0xd0 nl_handle=0x41423db8
D/wpa_supplicant( 3563): nl80211: Register frame match
D/wpa_supplicant( 3563): 0a07
D/wpa_supplicant( 3563): netlink: Operstate: linkmode=1, operstate=5
D/wpa_supplicant( 3563): nl80211: driver param='use_p2p_group_interface=1'
D/wpa_supplicant( 3563): nl80211: Use separate P2P group interface
D/wpa_supplicant( 3563): nl80211: Regulatory information - country=00
D/wpa_supplicant( 3563): nl80211: 2402-2472 @ 40 MHz
D/wpa_supplicant( 3563): nl80211: 2457-2482 @ 20 MHz
D/wpa_supplicant( 3563): nl80211: 2474-2494 @ 20 MHz
D/wpa_supplicant( 3563): nl80211: 5170-5250 @ 40 MHz
D/wpa_supplicant( 3563): nl80211: 5735-5835 @ 40 MHz
D/wpa_supplicant( 3563): nl80211: Added 802.11b mode based on 802.11g information
I/Netd ( 103): Get netlink event, ifname: p2p0 action: 4
W/ThrottleController( 103): updateModemThrottle warning: rx -1, tx -1 !
D/SocketClient( 103): SocketClient msg = Iface linkstate p2p0 up
D/SocketClient( 103): SocketClient sendDatalocked done: 600 Iface linkstate p2p0 up
I/Netd ( 103): Get netlink event, ifname: p2p0 action: 4
W/ThrottleController( 103): updateModemThrottle warning: rx -1, tx -1 !
D/SocketClient( 103): SocketClient msg = Iface linkstate p2p0 up
D/SocketClient( 103): SocketClient sendDatalocked done: 600 Iface linkstate p2p0 up
D/NetdConnector( 1476): RCV <- {600 Iface linkstate p2p0 up}
D/NetdConnector( 1476): RCV <- {600 Iface linkstate p2p0 up}
D/Tethering( 1476): interfaceLinkStateChanged p2p0, true
D/Tethering( 1476): interfaceStatusChanged p2p0, true
D/Tethering( 1476): interfaceLinkStateChanged p2p0, true
D/Tethering( 1476): interfaceStatusChanged p2p0, true
D/IPCThreadState( 1476): [DN #5] BR_CLEAR_DEATH_NOTIFICATION_DONE cookie 0x5c63cbe8
D/IPCThreadState( 1476): [DN #5] BR_CLEAR_DEATH_NOTIFICATION_DONE cookie 0x5c63cc40
D/IPCThreadState( 1476): [DN #5] BR_CLEAR_DEATH_NOTIFICATION_DONE cookie 0x5c7076a8
D/wpa_supplicant( 3563): p2p0: Own MAC address: d2:b3:3f:58:f3:0c
D/IPCThreadState( 1476): [DN #5] BR_CLEAR_DEATH_NOTIFICATION_DONE cookie 0x5d029018
D/InputReader( 1476): AP_PROF:AppLaunch_dispatchPtr:Down:298623
I/AP_PROF ( 1476): unable to open /proc/mtprof/status entry
D/PowerManagerService( 1476): userActivityFromNative
D/PowerManagerService( 1476): userActivityNoUpdateLocked: eventTime=298623, event=2, flags=0x0, uid=1000
D/PowerManagerNotifier( 1476): onUserActivity: event=2, uid=1000
D/PowerManagerService( 1476): updateUserActivitySummaryLocked: mWakefulness=Awake, mUserActivitySummary=0x1, nextTimeout=351623 (in 52998 ms)
D/PowerManagerService( 1476): newScreenState = 2
D/PowerManagerDisplayController( 1476): requestPowerState: screenState=2, useProximitySensor=false, screenBrightness=204, screenAutoBrightnessAdjustment=0.0, useAutoBrightness=false, useEcoBrightness=false, blockScreenOn=false, waitForNegativeProximity=false
I/PowerManagerService( 1476): setBrightness mButtonLight 0.
D/PowerManagerService( 1476): updateScreenStateLocked: mDisplayReady=true, newScreenState=2, mWakefulness=1, mWakeLockSummary=0x1, mUserActivitySummary=0x1, mBootCompleted=true
D/PowerManagerService( 1476): handleSandman: canDream=true, mWakefulness=Awake
D/IPCThreadState( 1476): [DN #5] BR_CLEAR_DEATH_NOTIFICATION_DONE cookie 0x5ca2bca8
D/IPCThreadState( 1476): [DN #5] BR_CLEAR_DEATH_NOTIFICATION_DONE cookie 0x5a69de50
D/IPCThreadState( 1476): [DN #5] BR_CLEAR_DEATH_NOTIFICATION_DONE cookie 0x5916bc20
D/IPCThreadState( 1476): [DN #5] BR_CLEAR_DEATH_NOTIFICATION_DONE cookie 0x59e83598
V/ActivityManager( 1476): getTasks: max=1, flags=0, receiver=null
V/ActivityManager( 1476): com.android.launcher/com.android.launcher2.Launcher: task=TaskRecord{41982a80 #2 A com.android.launcher U 0}
V/ActivityManager( 1476): We have pending thumbnails: null
D/wpa_supplicant( 3563): wpa_driver_nl80211_set_key: ifindex=7 alg=0 addr=0x0 key_idx=0 set_tx=0 seq_len=0 key_len=0
D/wpa_supplicant( 3563): wpa_driver_nl80211_set_key: ifindex=7 alg=0 addr=0x0 key_idx=1 set_tx=0 seq_len=0 key_len=0
D/wpa_supplicant( 3563): wpa_driver_nl80211_set_key: ifindex=7 alg=0 addr=0x0 key_idx=2 set_tx=0 seq_len=0 key_len=0
D/wpa_supplicant( 3563): wpa_driver_nl80211_set_key: ifindex=7 alg=0 addr=0x0 key_idx=3 set_tx=0 seq_len=0 key_len=0
D/wpa_supplicant( 3563): p2p0: RSN: flushing PMKID list in the driver
D/wpa_supplicant( 3563): nl80211: Flush PMKIDs
D/wpa_supplicant( 3563): p2p0: State: DISCONNECTED -> INACTIVE
D/wpa_supplicant( 3563): WPS: Set UUID for interface p2p0
D/wpa_supplicant( 3563): WPS: UUID from the first interface
D/wpa_supplicant( 3563): 30ce3e4cbf5053b09261d4b29cff17c6
D/wpa_supplicant( 3563): EAPOL: SUPP_PAE entering state DISCONNECTED
D/wpa_supplicant( 3563): EAPOL: Supplicant port status: Unauthorized
D/wpa_supplicant( 3563): EAPOL: KEY_RX entering state NO_KEY_RECEIVE
D/wpa_supplicant( 3563): EAPOL: SUPP_BE entering state INITIALIZE
D/wpa_supplicant( 3563): EAP: EAP entering state DISABLED
D/wpa_supplicant( 3563): EAPOL: Supplicant port status: Unauthorized
D/wpa_supplicant( 3563): EAPOL: Supplicant port status: Unauthorized
D/wpa_supplicant( 3563): Using existing control interface directory.
D/wpa_supplicant( 3563): P2P: Configured operating channel: 81:1
D/wpa_supplicant( 3563): P2P: Set listen channel by operating channel 1
D/wpa_supplicant( 3563): P2P: Own listen channel: 1
D/wpa_supplicant( 3563): P2P: Add operating class 81
D/wpa_supplicant( 3563): P2P: Channels
D/wpa_supplicant( 3563): 0102030405060708090a0b0c0d
D/wpa_supplicant( 3563): P2P: Single channel concurrency support
D/IPCThreadState( 1476): [DN #5] BR_CLEAR_DEATH_NOTIFICATION_DONE cookie 0x54a0cb88
D/wpa_supplicant( 3563): p2p0: Added interface p2p0
D/wpa_supplicant( 3563): p2p0: State: INACTIVE -> DISCONNECTED
D/wpa_supplicant( 3563): wpa_driver_nl80211_set_operstate: operstate 0->0 (DORMANT)
D/wpa_supplicant( 3563): netlink: Operstate: linkmode=-1, operstate=5
D/wpa_supplicant( 3563): WFD: Wi-Fi Display enabled
D/wpa_supplicant( 3563): WFD: Update WFD IE
D/wpa_supplicant( 3563): WFD: WFD IE for Beacon
D/wpa_supplicant( 3563): 0102030405060708090a0b0c0d
D/wpa_supplicant( 3563): WFD: WFD IE for (Re)Association Request
D/wpa_supplicant( 3563): 0102030405060708090a0b0c0d
D/wpa_supplicant( 3563): WFD: WFD IE for GO Negotiation
D/wpa_supplicant( 3563): 0102030405060708090a0b0c0d
D/wpa_supplicant( 3563): WFD: WFD IE for Provision Discovery Request
D/wpa_supplicant( 3563): 0102030405060708090a0b0c0d
D/wpa_supplicant( 3563): WFD: WFD IE for Probe Request
D/wpa_supplicant( 3563): 0102030405060708090a0b0c0d
D/wpa_supplicant( 3563): WFD: WFD IE for Probe Response
D/wpa_supplicant( 3563): 0102030405060708090a0b0c0d
D/wpa_supplicant( 3563): WFD: WFD IE for P2P Invitation
D/wpa_supplicant( 3563): 0102030405060708090a0b0c0d
D/wpa_supplicant( 3563): WFD: WFD IE for Provision Discovery Response
D/wpa_supplicant( 3563): 0102030405060708090a0b0c0d
D/wpa_supplicant( 3563): WFD: wpas_wfd_data_process 1 wfd_dev_info 0x0 wfd_ctrl_port 0
D/wpa_supplicant( 3563): WFD: wpas_wfd_data_update wfd_en 1 wfd_dev_info 0x0 wfd_ctrl_port 0 wfd_state 0x0
D/wpa_supplicant( 3563): nl80211: Test Mode buflen = 464
D/wpa_supplicant( 3563): wlan0: State: DISCONNECTED -> SCANNING
D/wpa_supplicant( 3563): wlan0: Starting AP scan for wildcard SSID
D/wpa_supplicant( 3563): WPS: Building WPS IE for Probe Request
D/wpa_supplicant( 3563): WPS: * Version (hardcoded 0x10)
D/wpa_supplicant( 3563): WPS: * Request Type
D/wpa_supplicant( 3563): WPS: * Config Methods (4388)
D/wpa_supplicant( 3563): WPS: * UUID-E
D/wpa_supplicant( 3563): WPS: * Primary Device Type
D/wpa_supplicant( 3563): WPS: * RF Bands (1)
D/wpa_supplicant( 3563): WPS: * Association State
D/wpa_supplicant( 3563): WPS: * Configuration Error (0)
D/wpa_supplicant( 3563): WPS: * Device Password ID (0)
D/wpa_supplicant( 3563): WPS: * Manufacturer
D/wpa_supplicant( 3563): WPS: * Model Name
D/wpa_supplicant( 3563): WPS: * Model Number
D/wpa_supplicant( 3563): WPS: * Device Name
D/wpa_supplicant( 3563): WPS: * Version2 (0x20)
D/wpa_supplicant( 3563): P2P: * P2P IE header
D/wpa_supplicant( 3563): P2P: * Capability dev=25 group=00
D/wpa_supplicant( 3563): P2P: * Listen Channel: Regulatory Class 81 Channel 1
D/wpa_supplicant( 3563): Scan requested (ret=0) - scan timeout 10 seconds
D/wpa_supplicant( 3563): random: Got 16/20 bytes from /dev/random
D/wpa_supplicant( 3563): RTM_NEWLINK: operstate=0 ifi_flags=0x11043 ([UP][RUNNING][LOWER_UP])
D/wpa_supplicant( 3563): RTM_NEWLINK, IFLA_IFNAME: Interface 'wlan0' added
D/wpa_supplicant( 3563): nl80211: if_removed already cleared - ignore event
D/wpa_supplicant( 3563): RTM_NEWLINK: operstate=0 ifi_flags=0x11003 ([UP][LOWER_UP])
D/wpa_supplicant( 3563): RTM_NEWLINK, IFLA_IFNAME: Interface 'wlan0' added
D/wpa_supplicant( 3563): nl80211: if_removed already cleared - ignore event
D/wpa_supplicant( 3563): RTM_NEWLINK: operstate=0 ifi_flags=0x11043 ([UP][RUNNING][LOWER_UP])
D/wpa_supplicant( 3563): RTM_NEWLINK, IFLA_IFNAME: Interface 'p2p0' added
D/wpa_supplicant( 3563): nl80211: if_removed already cleared - ignore event
D/wpa_supplicant( 3563): RTM_NEWLINK: operstate=0 ifi_flags=0x11003 ([UP][LOWER_UP])
D/wpa_supplicant( 3563): RTM_NEWLINK, IFLA_IFNAME: Interface 'p2p0' added
D/wpa_supplicant( 3563): nl80211: if_removed already cleared - ignore event
D/wpa_supplicant( 3563): CTRL_IFACE monitor attached
D/wpa_supplicant( 3563): 2f646174612f6d6973632f776966692f736f636b6574732f7770615f6374726c5f313437362d313400
D/wpa_supplicant( 3563): nl80211: Event message available
D/wpa_supplicant( 3563): nl80211: Scan trigger
D/StateMachine( 1476): handleMessage: E msg.what=147457
D/StateMachine( 1476): processMsg: SupplicantStartingState
D/WifiStateMachine( 1476): SupplicantStartingState{ what=147457 when=-1ms target=Handler (com.android.internal.util.StateMachine$SmHandler) {41600490} }
D/WifiStateMachine( 1476): Supplicant connection established
D/WifiStateMachine( 1476): setWifiState: enabled
V/ActivityManager( 1476): Broadcast sticky: Intent { act=android.net.wifi.WIFI_STATE_CHANGED flg=0x8000010 (has extras) } ordered=false userid=-1
D/WifiNative-wlan0( 1476): doString: DRIVER MACADDR
D/WifiCommon( 1476): [wlan0] SET "DRIVER MACADDR"
D/wpa_supplicant( 3563): RX ctrl_iface - hexdump(len=14): 44 52 49 56 45 52 20 4d 41 43 41 44 44 52
D/wpa_supplicant( 3563): wlan0: Control interface command 'DRIVER MACADDR'
D/wpa_supplicant( 3563): Macaddr = d0:b3:3f:58:f3:0c
D/BluetoothA2dpService( 1476): Receive WifiManager.WIFI_STATE_CHANGED_ACTION.
D/BluetoothA2dpService( 1476): Wifi is on.
I/BluetoothA2dpService.cpp( 1476): [A2DP][JNI] decA2dpThroughput4WifiOnNative
D/SettingsAppWidgetProvider( 2750): onReceive , action = android.net.wifi.WIFI_STATE_CHANGED
D/SettingsAppWidgetProvider( 2750): onReceive , intent.hasCategory(Intent.CATEGORY_ALTERNATIVE)= false
D/SettingsAppWidgetProvider( 2750): updateWidget()
D/SettingsAppWidgetProvider( 2750): buildUpdate()
D/WifiNative-wlan0( 1476): doString: LIST_NETWORKS
D/WifiCommon( 1476): [wlan0] SET "LIST_NETWORKS"
D/wpa_supplicant( 3563): RX ctrl_iface - hexdump(len=13): 4c 49 53 54 5f 4e 45 54 57 4f 52 4b 53
D/wpa_supplicant( 3563): wlan0: Control interface command 'LIST_NETWORKS'
I/ ( 1476): [A2DP] A2DPHDL_SendMessage size: 32
E/ ( 1476): btmtk_a2dp_send_msg_2_audio_module@2130:[A2DP] data send msg to a2dp data fail : Socket operation on non-socket, 88
D/SettingsAppWidgetProvider( 2750): PendingIntent , buttonId = 0 pi = PendingIntent{4150e548: android.os.BinderProxy@415aac30}
D/NetworkControllerGemini( 1730): onReceive, intent action is android.net.wifi.WIFI_STATE_CHANGED
D/NetworkControllerGemini( 1730): updateWifiState: mWifiLevel = 0 mWifiRssi=0 mWifiConnected is false
D/NetworkControllerGemini( 1730): refreshViews(0), DataConnected=false simColorId = 0
D/TelephonyManagerEx( 1730): isNetworkRoaming
D/NetworkControllerGemini( 1730): refreshViews(0), dataTypeIconId=0
D/NetworkControllerGemini( 1730): refreshViews(0), set parameters to signal cluster view.
D/NetworkControllerGemini( 1730): refreshViews(0), tempPhoneSignalIconId.0 = 2130837950 tempPhoneSignalIconId.1 = 0 tempMobileActivityIconId= 0 tempDataTypeIconId= 0
D/SignalClusterViewGemini( 1730): setMobileDataIndicators(0), visible=true, strengthIcon[0] ~ [1] 2130837950 ~ 0
D/SignalClusterViewGemini( 1730): setShowSimIndicator(0), showSimIndicator=false simIndicatorResource = 0
D/SignalClusterViewGemini( 1730): setDataConnected(0), dataConnected=false
D/SignalClusterViewGemini( 1730): setDataNetType3G(0), dataNetType=Type_3G
D/SignalClusterViewGemini( 1730): apply : mShowSimIndicator = false mSimIndicatorResource = 0 mShowSimIndicatorGemini = false mSimIndicatorResourceGemini = 0
D/SignalClusterViewGemini( 1730): apply, mMobileVisible=true mMobileActivityId=0 mMobileTypeId=0 mMobileStrengthId[0] = 2130837950 mMobileStrengthId[1] = 0
D/SettingsAppWidgetProvider( 2750): PendingIntent , buttonId = 1 pi = PendingIntent{414e6e80: android.os.BinderProxy@41652b00}
D/SignalClusterViewGemini( 1730): isSimInserted(0), SimInserted=true
D/SignalClusterViewGemini( 1730): mDataNetType =Type_3G resId= 0 simColorId = 0
D/SignalClusterViewGemini( 1730): apply, mMobileVisibleGemini=true mMobileActivityIdGemini=0 mMobileTypeIdGemini=0 mMobileStrengthIdGemini[0] = 2130837960 mMobileStrengthIdGemini[1] = 0
D/SignalClusterViewGemini( 1730): isSimInserted(1), SimInserted=false
D/SignalClusterViewGemini( 1730): apply, mMobileVisible=true, mWifiVisible=false, mIsAirplaneMode=false
D/SettingsAppWidgetProvider( 2750): PendingIntent , buttonId = 2 pi = PendingIntent{415bde40: android.os.BinderProxy@4151f5d0}
D/NetworkControllerGemini( 1730): refreshViews(1), DataConnected=false simColorId = -1
D/TelephonyManagerEx( 1730): isNetworkRoaming
D/NetworkControllerGemini( 1730): refreshViews(1), dataTypeIconId=0
D/SignalClusterViewGemini( 1730): setShowSimIndicator(1), showSimIndicator=false simIndicatorResource = 0
D/SignalClusterViewGemini( 1730): setDataConnected(1), dataConnected=false
D/SignalClusterViewGemini( 1730): setDataNetType3G(1), dataNetType=null
D/SignalClusterViewGemini( 1730): apply : mShowSimIndicator = false mSimIndicatorResource = 0 mShowSimIndicatorGemini = false mSimIndicatorResourceGemini = 0
D/SignalClusterViewGemini( 1730): apply, mMobileVisible=true mMobileActivityId=0 mMobileTypeId=0 mMobileStrengthId[0] = 2130837950 mMobileStrengthId[1] = 0
D/SettingsAppWidgetProvider( 2750): PendingIntent , buttonId = 3 pi = PendingIntent{415b2758: android.os.BinderProxy@41606218}
D/SignalClusterViewGemini( 1730): isSimInserted(0), SimInserted=true
D/SignalClusterViewGemini( 1730): mDataNetType =Type_3G resId= 0 simColorId = 0
D/SignalClusterViewGemini( 1730): apply, mMobileVisibleGemini=true mMobileActivityIdGemini=0 mMobileTypeIdGemini=0 mMobileStrengthIdGemini[0] = 2130837960 mMobileStrengthIdGemini[1] = 0
D/InputReader( 1476): AP_PROF:AppLaunch_dispatchPtr:Up:298727
D/SettingsAppWidgetProvider( 2750): PendingIntent , buttonId = 4 pi = PendingIntent{414bf3d0: android.os.BinderProxy@41558928}
D/SignalClusterViewGemini( 1730): isSimInserted(1), SimInserted=false
D/SettingsAppWidgetProvider( 2750): updateButtons()
D/WifiNative-wlan0( 1476): doString: GET_NETWORK 0 ssid
D/WifiCommon( 1476): [wlan0] SET "GET_NETWORK 0 ssid"
D/wpa_supplicant( 3563): RX ctrl_iface - hexdump(len=18): 47 45 54 5f 4e 45 54 57 4f 52 4b 20 30 20 73 73 69 64
D/wpa_supplicant( 3563): wlan0: Control interface command 'GET_NETWORK 0 ssid'
D/wpa_supplicant( 3563): CTRL_IFACE: GET_NETWORK id=0 name='ssid'
D/SignalClusterViewGemini( 1730): apply, mMobileVisible=true, mWifiVisible=false, mIsAirplaneMode=false
D/WifiNative-wlan0( 1476): doString: GET_NETWORK 0 bssid
D/WifiCommon( 1476): [wlan0] SET "GET_NETWORK 0 bssid"
D/wpa_supplicant( 3563): RX ctrl_iface - hexdump(len=19): 47 45 54 5f 4e 45 54 57 4f 52 4b 20 30 20 62 73 73 69 64
D/wpa_supplicant( 3563): wlan0: Control interface command 'GET_NETWORK 0 bssid'
D/wpa_supplicant( 3563): CTRL_IFACE: GET_NETWORK id=0 name='bssid'
D/wpa_supplicant( 3563): CTRL_IFACE: Failed to get network variable 'bssid'
D/WifiCommon( 1476): [wlan0]SET "GET_NETWORK 0 bssid" Failed
D/WifiNative-wlan0( 1476): doString: GET_NETWORK 0 priority
D/WifiCommon( 1476): [wlan0] SET "GET_NETWORK 0 priority"
D/wpa_supplicant( 3563): RX ctrl_iface - hexdump(len=22): 47 45 54 5f 4e 45 54 57 4f 52 4b 20 30 20 70 72 69 6f 72 69 74 79
D/wpa_supplicant( 3563): wlan0: Control interface command 'GET_NETWORK 0 priority'
D/wpa_supplicant( 3563): CTRL_IFACE: GET_NETWORK id=0 name='priority'
D/WifiNative-wlan0( 1476): doString: GET_NETWORK 0 scan_ssid
D/WifiCommon( 1476): [wlan0] SET "GET_NETWORK 0 scan_ssid"
D/wpa_supplicant( 3563): RX ctrl_iface - hexdump(len=23): 47 45 54 5f 4e 45 54 57 4f 52 4b 20 30 20 73 63 61 6e 5f 73 73 69 64
D/wpa_supplicant( 3563): wlan0: Control interface command 'GET_NETWORK 0 scan_ssid'
D/wpa_supplicant( 3563): CTRL_IFACE: GET_NETWORK id=0 name='scan_ssid'
V/Provider/Settings( 2750): from settings cache , name = location_providers_allowed , value = network
D/SyncManager( 1476): userId=0 auto=true mExt=com.mediatek.op.FwkExtOP02@417948b0
E/FWKEXTOP02( 1476): Enter GetCurrentOP
D/WifiNative-wlan0( 1476): doString: GET_NETWORK 0 wep_tx_keyidx
D/WifiCommon( 1476): [wlan0] SET "GET_NETWORK 0 wep_tx_keyidx"
D/wpa_supplicant( 3563): RX ctrl_iface - hexdump(len=27): 47 45 54 5f 4e 45 54 57 4f 52 4b 20 30 20 77 65 70 5f 74 78 5f 6b 65 79 69 64 78
D/wpa_supplicant( 3563): wlan0: Control interface command 'GET_NETWORK 0 wep_tx_keyidx'
D/wpa_supplicant( 3563): CTRL_IFACE: GET_NETWORK id=0 name='wep_tx_keyidx'
D/WifiNative-wlan0( 1476): doString: GET_NETWORK 0 wep_key0
V/Provider/Settings( 2750): from settings cache , name = screen_brightness_mode , value = 0
D/WifiCommon( 1476): [wlan0] SET "GET_NETWORK 0 wep_key0"
D/wpa_supplicant( 3563): RX ctrl_iface - hexdump(len=22): 47 45 54 5f 4e 45 54 57 4f 52 4b 20 30 20 77 65 70 5f 6b 65 79 30
D/wpa_supplicant( 3563): wlan0: Control interface command 'GET_NETWORK 0 wep_key0'
D/wpa_supplicant( 3563): CTRL_IFACE: GET_NETWORK id=0 name='wep_key0'
D/wpa_supplicant( 3563): CTRL_IFACE: Failed to get network variable 'wep_key0'
D/WifiCommon( 1476): [wlan0]SET "GET_NETWORK 0 wep_key0" Failed
D/WifiNative-wlan0( 1476): doString: GET_NETWORK 0 wep_key1
D/WifiCommon( 1476): [wlan0] SET "GET_NETWORK 0 wep_key1"
D/wpa_supplicant( 3563): RX ctrl_iface - hexdump(len=22): 47 45 54 5f 4e 45 54 57 4f 52 4b 20 30 20 77 65 70 5f 6b 65 79 31
D/wpa_supplicant( 3563): wlan0: Control interface command 'GET_NETWORK 0 wep_key1'
D/wpa_supplicant( 3563): CTRL_IFACE: GET_NETWORK id=0 name='wep_key1'
D/wpa_supplicant( 3563): CTRL_IFACE: Failed to get network variable 'wep_key1'
D/WifiCommon( 1476): [wlan0]SET "GET_NETWORK 0 wep_key1" Failed
D/WifiNative-wlan0( 1476): doString: GET_NETWORK 0 wep_key2
D/WifiCommon( 1476): [wlan0] SET "GET_NETWORK 0 wep_key2"
D/wpa_supplicant( 3563): RX ctrl_iface - hexdump(len=22): 47 45 54 5f 4e 45 54 57 4f 52 4b 20 30 20 77 65 70 5f 6b 65 79 32
D/wpa_supplicant( 3563): wlan0: Control interface command 'GET_NETWORK 0 wep_key2'
D/wpa_supplicant( 3563): CTRL_IFACE: GET_NETWORK id=0 name='wep_key2'
D/wpa_supplicant( 3563): CTRL_IFACE: Failed to get network variable 'wep_key2'
D/WifiCommon( 1476): [wlan0]SET "GET_NETWORK 0 wep_key2" Failed
D/WifiNative-wlan0( 1476): doString: GET_NETWORK 0 wep_key3
D/WifiCommon( 1476): [wlan0] SET "GET_NETWORK 0 wep_key3"
D/wpa_supplicant( 3563): RX ctrl_iface - hexdump(len=22): 47 45 54 5f 4e 45 54 57 4f 52 4b 20 30 20 77 65 70 5f 6b 65 79 33
D/wpa_supplicant( 3563): wlan0: Control interface command 'GET_NETWORK 0 wep_key3'
D/wpa_supplicant( 3563): CTRL_IFACE: GET_NETWORK id=0 name='wep_key3'
D/wpa_supplicant( 3563): CTRL_IFACE: Failed to get network variable 'wep_key3'
D/WifiCommon( 1476): [wlan0]SET "GET_NETWORK 0 wep_key3" Failed
D/WifiNative-wlan0( 1476): doString: GET_NETWORK 0 psk
D/WifiCommon( 1476): [wlan0] SET "GET_NETWORK 0 psk"
D/wpa_supplicant( 3563): RX ctrl_iface - hexdump(len=17): 47 45 54 5f 4e 45 54 57 4f 52 4b 20 30 20 70 73 6b
D/wpa_supplicant( 3563): wlan0: Control interface command 'GET_NETWORK 0 psk'
D/wpa_supplicant( 3563): CTRL_IFACE: GET_NETWORK id=0 name='psk'
D/wpa_supplicant( 3563): CTRL_IFACE: Failed to get network variable 'psk'
D/WifiCommon( 1476): [wlan0]SET "GET_NETWORK 0 psk" Failed
D/WifiNative-wlan0( 1476): doString: GET_NETWORK 0 proto
D/WifiCommon( 1476): [wlan0] SET "GET_NETWORK 0 proto"
D/wpa_supplicant( 3563): RX ctrl_iface - hexdump(len=19): 47 45 54 5f 4e 45 54 57 4f 52 4b 20 30 20 70 72 6f 74 6f
D/wpa_supplicant( 3563): wlan0: Control interface command 'GET_NETWORK 0 proto'
D/wpa_supplicant( 3563): CTRL_IFACE: GET_NETWORK id=0 name='proto'
D/WifiNative-wlan0( 1476): doString: GET_NETWORK 0 key_mgmt
D/WifiCommon( 1476): [wlan0] SET "GET_NETWORK 0 key_mgmt"
D/wpa_supplicant( 3563): RX ctrl_iface - hexdump(len=22): 47 45 54 5f 4e 45 54 57 4f 52 4b 20 30 20 6b 65 79 5f 6d 67 6d 74
D/wpa_supplicant( 3563): wlan0: Control interface command 'GET_NETWORK 0 key_mgmt'
D/wpa_supplicant( 3563): CTRL_IFACE: GET_NETWORK id=0 name='key_mgmt'
D/WifiNative-wlan0( 1476): doString: GET_NETWORK 0 auth_alg
D/WifiCommon( 1476): [wlan0] SET "GET_NETWORK 0 auth_alg"
D/wpa_supplicant( 3563): RX ctrl_iface - hexdump(len=22): 47 45 54 5f 4e 45 54 57 4f 52 4b 20 30 20 61 75 74 68 5f 61 6c 67
D/wpa_supplicant( 3563): wlan0: Control interface command 'GET_NETWORK 0 auth_alg'
D/wpa_supplicant( 3563): CTRL_IFACE: GET_NETWORK id=0 name='auth_alg'
V/Provider/Settings( 2750): from settings cache , name = screen_brightness , value = 204
D/SettingsAppWidgetProvider( 2750): updateButtons, getBrightnessMode(context) == false ,manual , brightness = 204
D/WifiNative-wlan0( 1476): doString: GET_NETWORK 0 pairwise
D/WifiCommon( 1476): [wlan0] SET "GET_NETWORK 0 pairwise"
D/wpa_supplicant( 3563): RX ctrl_iface - hexdump(len=22): 47 45 54 5f 4e 45 54 57 4f 52 4b 20 30 20 70 61 69 72 77 69 73 65
D/wpa_supplicant( 3563): wlan0: Control interface command 'GET_NETWORK 0 pairwise'
D/wpa_supplicant( 3563): CTRL_IFACE: GET_NETWORK id=0 name='pairwise'
D/WifiNative-wlan0( 1476): doString: GET_NETWORK 0 group
D/WifiCommon( 1476): [wlan0] SET "GET_NETWORK 0 group"
D/wpa_supplicant( 3563): RX ctrl_iface - hexdump(len=19): 47 45 54 5f 4e 45 54 57 4f 52 4b 20 30 20 67 72 6f 75 70
D/wpa_supplicant( 3563): wlan0: Control interface command 'GET_NETWORK 0 group'
D/wpa_supplicant( 3563): CTRL_IFACE: GET_NETWORK id=0 name='group'
D/WifiNative-wlan0( 1476): doString: GET_NETWORK 0 eap
D/WifiCommon( 1476): [wlan0] SET "GET_NETWORK 0 eap"
D/wpa_supplicant( 3563): RX ctrl_iface - hexdump(len=17): 47 45 54 5f 4e 45 54 57 4f 52 4b 20 30 20 65 61 70
D/wpa_supplicant( 3563): wlan0: Control interface command 'GET_NETWORK 0 eap'
D/wpa_supplicant( 3563): CTRL_IFACE: GET_NETWORK id=0 name='eap'
D/QuickSettingsConnectionModel( 1730): onReceive called, action is android.net.wifi.WIFI_STATE_CHANGED
V/StateTracker( 1730): setCurrentState: newState is 1
D/WifiNative-wlan0( 1476): doString: GET_NETWORK 0 phase2
D/WifiCommon( 1476): [wlan0] SET "GET_NETWORK 0 phase2"
D/wpa_supplicant( 3563): RX ctrl_iface - hexdump(len=20): 47 45 54 5f 4e 45 54 57 4f 52 4b 20 30 20 70 68 61 73 65 32
D/wpa_supplicant( 3563): wlan0: Control interface command 'GET_NETWORK 0 phase2'
D/wpa_supplicant( 3563): CTRL_IFACE: GET_NETWORK id=0 name='phase2'
D/wpa_supplicant( 3563): CTRL_IFACE: Failed to get network variable 'phase2'
D/WifiCommon( 1476): [wlan0]SET "GET_NETWORK 0 phase2" Failed
D/WifiNative-wlan0( 1476): doString: GET_NETWORK 0 identity
D/WifiCommon( 1476): [wlan0] SET "GET_NETWORK 0 identity"
D/wpa_supplicant( 3563): RX ctrl_iface - hexdump(len=22): 47 45 54 5f 4e 45 54 57 4f 52 4b 20 30 20 69 64 65 6e 74 69 74 79
D/wpa_supplicant( 3563): wlan0: Control interface command 'GET_NETWORK 0 identity'
D/wpa_supplicant( 3563): CTRL_IFACE: GET_NETWORK id=0 name='identity'
D/wpa_supplicant( 3563): CTRL_IFACE: Failed to get network variable 'identity'
D/WifiCommon( 1476): [wlan0]SET "GET_NETWORK 0 identity" Failed
D/WifiNative-wlan0( 1476): doString: GET_NETWORK 0 anonymous_identity
D/WifiCommon( 1476): [wlan0] SET "GET_NETWORK 0 anonymous_identity"
D/wpa_supplicant( 3563): RX ctrl_iface - hexdump(len=32): 47 45 54 5f 4e 45 54 57 4f 52 4b 20 30 20 61 6e 6f 6e 79 6d 6f 75 73 5f 69 64 65 6e 74 69 74 79
D/wpa_supplicant( 3563): wlan0: Control interface command 'GET_NETWORK 0 anonymous_identity'
D/wpa_supplicant( 3563): CTRL_IFACE: GET_NETWORK id=0 name='anonymous_identity'
D/wpa_supplicant( 3563): CTRL_IFACE: Failed to get network variable 'anonymous_identity'
D/WifiCommon( 1476): [wlan0]SET "GET_NETWORK 0 anonymous_identity" Failed
D/WifiNative-wlan0( 1476): doString: GET_NETWORK 0 password
D/WifiCommon( 1476): [wlan0] SET "GET_NETWORK 0 password"
D/wpa_supplicant( 3563): RX ctrl_iface - hexdump(len=22): 47 45 54 5f 4e 45 54 57 4f 52 4b 20 30 20 70 61 73 73 77 6f 72 64
D/wpa_supplicant( 3563): wlan0: Control interface command 'GET_NETWORK 0 password'
D/wpa_supplicant( 3563): CTRL_IFACE: GET_NETWORK id=0 name='password'
D/wpa_supplicant( 3563): CTRL_IFACE: Failed to get network variable 'password'
D/WifiCommon( 1476): [wlan0]SET "GET_NETWORK 0 password" Failed
D/WifiNative-wlan0( 1476): doString: GET_NETWORK 0 client_cert
D/WifiCommon( 1476): [wlan0] SET "GET_NETWORK 0 client_cert"
D/wpa_supplicant( 3563): RX ctrl_iface - hexdump(len=25): 47 45 54 5f 4e 45 54 57 4f 52 4b 20 30 20 63 6c 69 65 6e 74 5f 63 65 72 74
D/wpa_supplicant( 3563): wlan0: Control interface command 'GET_NETWORK 0 client_cert'
D/wpa_supplicant( 3563): CTRL_IFACE: GET_NETWORK id=0 name='client_cert'
D/wpa_supplicant( 3563): CTRL_IFACE: Failed to get network variable 'client_cert'
D/WifiCommon( 1476): [wlan0]SET "GET_NETWORK 0 client_cert" Failed
D/WifiNative-wlan0( 1476): doString: GET_NETWORK 0 engine
D/WifiCommon( 1476): [wlan0] SET "GET_NETWORK 0 engine"
